538
CXUS53 KUNR 010945
CF6UNR
PRELIMINARY LOCAL CLIMATOLOGICAL DATA (WS FORM: F-6)
STATION: EAST RAPID CITY SD
MONTH: JULY
YEAR: 2020
LATITUDE: 44 4 N
LONGITUDE: 103 13 W
TEMPERATURE IN F: :PCPN: SNOW: WIND :SUNSHINE: SKY :PK WND
================================================================================
1 2 3 4 5 6A 6B 7 8 9 10 11 12 13 14 15 16 17 18
12Z AVG MX 2MIN
DY MAX MIN AVG DEP HDD CDD WTR SNW DPTH SPD SPD DIR MIN PSBL S-S WX SPD DR
================================================================================
1 88 53 71 1 0 6 0.00 0.0 0 6.9 17 180 M M M 30 220
2 92 64 78 7 0 13 0.01 0.0 0 8.8 20 160 M M M 3 35 160
3 96 63 80 9 0 15 0.01 0.0 0 8.9 21 180 M M M 3 31 180
4 91 64 78 7 0 13 T 0.0 0 9.4 30 330 M M M 3 43 330
5 88 59 74 3 0 9 0.87 0.0 0 8.5 31 30 M M M 3 53 210
6 86 59 73 1 0 8 0.21 0.0 0 7.6 31 330 M M M 35 40 330
7 93 63 78 6 0 13 T 0.0 0 8.1 33 360 M M M 3 49 360
8 83 65 74 2 0 9 0.00 0.0 0 9.9 22 10 M M M 29 10
9 80 62 71 -1 0 6 0.16 0.0 0 7.2 15 290 M M M 3 22 290
10 84 62 73 1 0 8 0.15 0.0 0 8.3 43 330 M M M 35 54 330
11 83 61 72 -1 0 7 0.00 0.0 0 6.6 17 320 M M M 25 320
12 90 59 75 2 0 10 0.00 0.0 0 8.3 18 130 M M M 26 140
13 84 56 70 -3 0 5 T 0.0 0 13.9 33 320 M M M 49 310
14 74 53 64 -9 1 0 0.48 0.0 0 5.5 15 140 M M M 35 21 120
15 85 60 73 0 0 8 0.00 0.0 0 6.9 18 110 M M M 26 110
16 86 66 76 2 0 11 T 0.0 0 7.4 15 110 M M M 3 21 10
17 96 62 79 5 0 14 0.00 0.0 0 6.5 20 350 M M M 29 360
18 83 67 75 1 0 10 0.00 0.0 0 12.4 32 330 M M M 44 330
19 80 58 69 -5 0 4 0.17 0.0 0 6.5 20 140 M M M 3 29 140
20 80 62 71 -3 0 6 0.46 0.0 0 6.4 18 10 M M M 3 25 360
21 81 59 70 -4 0 5 0.00 0.0 0 6.4 15 120 M M M 21 120
22 93 60 77 3 0 12 0.00 0.0 0 7.3 21 130 M M M 26 140
23 98 67 83 9 0 18 0.00 0.0 0 8.0 22 190 M M M 30 220
24 85 69 77 3 0 12 T 0.0 0 6.2 14 300 M M M 20 280
25 92 64 78 4 0 13 0.00 0.0 0 8.8 23 10 M M M 35 10
26 83 64 74 0 0 9 0.00 0.0 0 6.6 17 350 M M M 24 360
27 89 64 77 3 0 12 0.00 0.0 0 5.2 13 20 M M M 17 10
28 87 63 75 1 0 10 0.40 0.0 0 6.5 20 180 M M M 3 30 160
29 69 63 66 -8 0 1 0.42 0.0 0 5.0 13 40 M M M 20 50
30 82 63 73 -1 0 8 0.01 0.0 0 5.2 20 320 M M M 31 320
31 88 66 77 3 0 12 0.00 0.0 0 8.3 39 10 M M M 51 10
================================================================================
SM 2669 1920 1 287 3.35 0.0 237.5 M M
================================================================================
AV 86.1 61.9 7.7 FASTST M M 1 MAX(MPH)
MISC ----> # 43 330 # 54 330
================================================================================
NOTES:
# LAST OF SEVERAL OCCURRENCES
COLUMN 17 PEAK WIND IN M.P.H.
PRELIMINARY LOCAL CLIMATOLOGICAL DATA (WS FORM: F-6) , PAGE 2
STATION: EAST RAPID CITY SD
MONTH: JULY
YEAR: 2020
LATITUDE: 44 4 N
LONGITUDE: 103 13 W
[TEMPERATURE DATA] [PRECIPITATION DATA] SYMBOLS USED IN COLUMN 16
AVERAGE MONTHLY: 74.0 TOTAL FOR MONTH: 3.35 1 = FOG OR MIST
DPTR FM NORMAL: 1.0 DPTR FM NORMAL: 0.85 2 = FOG REDUCING VISIBILITY
HIGHEST: 98 ON 23 GRTST 24HR 0.87 ON 5- 5 TO 1/4 MILE OR LESS
LOWEST: 53 ON 14, 1 3 = THUNDER
SNOW, ICE PELLETS, HAIL 4 = ICE PELLETS
TOTAL MONTH: 0.0 INCH 5 = HAIL
GRTST 24HR 0.0 6 = FREEZING RAIN OR DRIZZLE
GRTST DEPTH: 0 7 = DUSTSTORM OR SANDSTORM:
VSBY 1/2 MILE OR LESS
8 = SMOKE OR HAZE
[NO. OF DAYS WITH] [WEATHER - DAYS WITH] 9 = BLOWING SNOW
X = TORNADO
MAX 32 OR BELOW: 0 0.01 INCH OR MORE: 12
MAX 90 OR ABOVE: 9 0.10 INCH OR MORE: 9
MIN 32 OR BELOW: 0 0.50 INCH OR MORE: 1
MIN 0 OR BELOW: 0 1.00 INCH OR MORE: 0
[HDD (BASE 65) ]
TOTAL THIS MO. 1 CLEAR (SCALE 0-3) 0
DPTR FM NORMAL -11 PTCLDY (SCALE 4-7) 0
TOTAL FM JUL 1 1 CLOUDY (SCALE 8-10) 0
DPTR FM NORMAL -11
[CDD (BASE 65) ]
TOTAL THIS MO. 287
DPTR FM NORMAL 27 [PRESSURE DATA]
TOTAL FM JAN 1 449 HIGHEST SLP M ON M
DPTR FM NORMAL 80 LOWEST SLP 29.28 ON 7
[REMARKS]
#FINAL-07-20#