000
CXUS43 KLOT 011334
CLMVPZ
CLIMATE REPORT
NATIONAL WEATHER SERVICE CHICAGO IL
834 AM CDT SAT JUL 01 2023
...................................
...THE VALPARAISO IN CLIMATE SUMMARY FOR THE MONTH OF JUNE 2023...
CLIMATE NORMAL PERIOD: 1991 TO 2020
CLIMATE RECORD PERIOD: 1998 TO 2023
WEATHER OBSERVED NORMAL DEPART LAST YEAR`S
VALUE DATE(S) VALUE FROM VALUE DATE(S)
NORMAL
................................................................
TEMPERATURE (F)
RECORD
HIGH 100 06/28/2012
LOW 38 06/02/2003
06/06/1998
HIGHEST 91 06/02 98 06/21
LOWEST 48 06/09 48 06/04
06/17
AVG. MAXIMUM 79.8 82.2 -2.4 82.5
AVG. MINIMUM 56.9 60.5 -3.6 59.1
MEAN 68.3 71.4 -3.1 70.8
DAYS MAX >= 90 2 3.9 -1.9 7
DAYS MAX <= 32 0 0.0 0.0 0
DAYS MIN <= 32 0 0.0 0.0 0
DAYS MIN <= 0 0 0.0 0.0 0
PRECIPITATION (INCHES)
RECORD
MAXIMUM 8.23 2014
MINIMUM 0.25 2016
TOTALS 2.95 3.86 -0.91 2.35
DAILY AVG. 0.10 0.13 -0.03 0.08
DAYS >= .01 7 11.8 -4.8 8
DAYS >= .10 4 6.1 -2.1 5
DAYS >= .50 3 2.6 0.4 3
DAYS >= 1.00 2 1.1 0.9 0
GREATEST
24 HR. TOTAL 1.26 06/13 TO 06/13 0.74
DEGREE DAYS
HEATING TOTAL 33 23 10 15
SINCE 7/1 5600 5733 -133 MM
COOLING TOTAL 143 213 -70 195
SINCE 1/1 205 297 -92 MM
................................................................
WIND (MPH)
AVERAGE WIND SPEED 6.7
HIGHEST WIND SPEED/DIRECTION 31/310 DATE 06/25
HIGHEST GUST SPEED/DIRECTION 48/320 DATE 06/25
AVERAGE RH (PERCENT) 65
WEATHER CONDITIONS. NUMBER OF DAYS WITH
THUNDERSTORM 3 MIXED PRECIP 0
HEAVY RAIN 2 RAIN 2
LIGHT RAIN 7 FREEZING RAIN 0
LT FREEZING RAIN 0 HAIL 0
HEAVY SNOW 0 SNOW 0
LIGHT SNOW 0 SLEET 0
FOG 14 FOG W/VIS <= 1/4 MILE 1
HAZE 18
- INDICATES NEGATIVE NUMBERS.
R INDICATES RECORD WAS SET OR TIED.
MM INDICATES DATA IS MISSING.
T INDICATES TRACE AMOUNT.
$$