000
CXUS53 KLBF 010735
CLMVTN
CLIMATE REPORT
NATIONAL WEATHER SERVICE NORTH PLATTE NE
235 AM CDT THU JUN 01 2023
...................................
...THE VALENTINE CLIMATE SUMMARY FOR THE MONTH OF MAY 2023...
CLIMATE NORMAL PERIOD 1991 TO 2020
CLIMATE RECORD PERIOD 1885 TO 2023
WEATHER OBSERVED NORMAL DEPART LAST YEAR`S
VALUE DATE(S) VALUE FROM VALUE DATE(S)
NORMAL
................................................................
TEMPERATURE (F)
RECORD
HIGH 102 05/29/1934
LOW 17 05/01/1909
HIGHEST 87 05/29 90 -3 95 05/27
LOWEST 26 05/01 28 -2 28 05/22
05/02
AVG. MAXIMUM 76.1 72.0 4.1 73.4
AVG. MINIMUM 48.9 44.2 4.7 44.5
MEAN 62.5 58.1 4.4 58.9
DAYS MAX >= 90 0 1.5 -1.5 2
DAYS MAX <= 32 0 0.0 0.0 0
DAYS MIN <= 32 2 3.4 -1.4 3
DAYS MIN <= 0 0 0.0 0.0 0
PRECIPITATION (INCHES)
RECORD
MAXIMUM 8.96 1962
MINIMUM 0.17 1894
TOTALS 3.67 3.52 0.15 2.54
DAILY AVG. 0.12 0.11 0.01 0.08
DAYS >= .01 12 11.8 0.2 12
DAYS >= .10 8 7.0 1.0 5
DAYS >= .50 3 2.2 0.8 2
DAYS >= 1.00 0 0.8 -0.8 0
GREATEST
24 HR. TOTAL 0.94 05/11 TO 05/12 1.10 05/29 TO 05/30
SNOWFALL (INCHES)
RECORDS
TOTAL 13.4 1892
TOTALS 0.0 0.1 -0.1 0.0
SINCE 7/1 65.8 34.2 31.6 MM
SNOWDEPTH AVG. 0 0
DAYS >= 1.0 0 0.1 -0.1 0
GREATEST
SNOW DEPTH 0 0 MM
24 HR TOTAL MM
DEGREE DAYS
HEATING TOTAL 116 250 -134 216
SINCE 7/1 7338 6644 694 MM
COOLING TOTAL 47 36 11 34
SINCE 1/1 58 39 19 MM
................................................................
WIND (MPH)
AVERAGE WIND SPEED 10.0
HIGHEST WIND SPEED/DIRECTION 47/140 DATE 05/11
HIGHEST GUST SPEED/DIRECTION 62/150 DATE 05/11
SKY COVER
POSSIBLE SUNSHINE (PERCENT) MM
AVERAGE SKY COVER 0.31
NUMBER OF DAYS FAIR 20
NUMBER OF DAYS PC 8
NUMBER OF DAYS CLOUDY 3
AVERAGE RH (PERCENT) 63
WEATHER CONDITIONS. NUMBER OF DAYS WITH
THUNDERSTORM 9 MIXED PRECIP 0
HEAVY RAIN 3 RAIN 6
LIGHT RAIN 13 FREEZING RAIN 0
LT FREEZING RAIN 0 HAIL 0
HEAVY SNOW 0 SNOW 0
LIGHT SNOW 0 SLEET 0
FOG 16 FOG W/VIS <= 1/4 MILE 2
HAZE 6
- INDICATES NEGATIVE NUMBERS.
R INDICATES RECORD WAS SET OR TIED.
MM INDICATES DATA IS MISSING.
T INDICATES TRACE AMOUNT.
$$