000
CXUS56 KLOX 011655
CF6WJF
PRELIMINARY LOCAL CLIMATOLOGICAL DATA (WS FORM: F-6)
STATION: LANCASTER FOX FIELD CA
MONTH: MARCH
YEAR: 2020
LATITUDE: 34 43 N
LONGITUDE: 118 13 W
TEMPERATURE IN F: :PCPN: SNOW: WIND :SUNSHINE: SKY :PK WND
================================================================================
1 2 3 4 5 6A 6B 7 8 9 10 11 12 13 14 15 16 17 18
12Z AVG MX 2MIN
DY MAX MIN AVG DEP HDD CDD WTR SNW DPTH SPD SPD DIR MIN PSBL S-S WX SPD DR
================================================================================
1 58 41 50 -1 15 0 0.01 M 0 15.0 29 230 M M 3 34 220
2 63 34 49 -2 16 0 0.00 0.0 0 14.2 32 40 M M 5 37 40
3 72 28 50 -1 15 0 0.00 0.0 0 5.2 14 300 M M 0 18 70
4 79 33 56 5 9 0 0.00 0.0 0 3.8 17 250 M M 0 21 240
5 77 33 55 3 10 0 0.00 0.0 0 4.3 9 280 M M 0 14 110
6 77 36 57 5 8 0 0.00 0.0 0 8.7 22 250 M M 0 28 250
7 59 45 52 0 13 0 0.00 0.0 0 14.0 26 220 M M 1 34 240
8 60 32 46 -6 19 0 0.00 0.0 0 13.1 23 230 M M 1 29 240
9 64 39 52 0 13 0 0.00 0.0 0 5.8 17 270 M M 1 20 270
10 57 45 51 -1 14 0 1.14 M 0 8.5 25 30 M M 8 13 30 30
11 66 46 56 4 9 0 0.00 0.0 0 5.4 9 290 M M 6 12 12 350
12 55 43 49 -4 16 0 0.94 M 0 4.9 14 170 M M 8 1 17 180
13 57 45 51 -2 14 0 0.40 M 0 15.0 29 240 M M 6 1 36 230
14 53 47 50 -3 15 0 0.03 M 0 12.7 21 260 M M 10 1 26 270
15 56 44 50 -3 15 0 T M 0 12.2 22 230 M M 8 28 230
16 57 41 49 -4 16 0 0.10 M 0 8.3 24 210 M M 9 1 33 210
17 51 33 42 -11 23 0 T M 0 9.9 23 220 M M 3 27 220
18 57 30 44 -10 21 0 0.00 0.0 0 10.1 25 280 M M 0 29 270
19 53 38 46 -8 19 0 T M 0 12.4 23 230 M M 4 28 230
20 56 38 47 -7 18 0 0.00 0.0 0 4.3 9 60 M M 7 12 60
21 59 45 52 -2 13 0 T M 0 6.5 15 250 M M 8 19 250
22 63 37 50 -4 15 0 0.52 M 0 5.2 17 260 M M 5 1 21 250
23 61 46 54 0 11 0 0.01 M 0 14.9 22 250 M M 7 1 28 240
24 59 46 53 -1 12 0 0.00 0.0 0 17.4 24 220 M M 4 33 240
25 59 40 50 -4 15 0 0.02 M 0 16.2 30 250 M M 7 8 37 310
26 54 36 45 -10 20 0 0.00 0.0 0 17.0 26 280 M M 1 33 280
27 57 36 47 -8 18 0 0.00 0.0 0 15.3 29 280 M M 1 34 270
28 62 36 49 -6 16 0 0.00 0.0 0 8.9 22 270 M M 0 26 280
29 61 44 53 -2 12 0 0.00 0.0 0 19.1 30 280 M M 2 36 280
30 73 36 55 0 10 0 0.00 0.0 0 11.2 28 280 M M 0 32 280
31 73 47 60 5 5 0 0.00 0.0 0 12.8 28 270 M M 0 33 280
================================================================================
SM 1908 1220 445 0 3.17 0.0 332.3 M 115
================================================================================
AV 61.6 39.4 10.7 FASTST M M 4 MAX(MPH)
MISC ----> # 32 40 # 37 40
================================================================================
NOTES:
# LAST OF SEVERAL OCCURRENCES
COLUMN 17 PEAK WIND IN M.P.H.
PRELIMINARY LOCAL CLIMATOLOGICAL DATA (WS FORM: F-6) , PAGE 2
STATION: LANCASTER FOX FIELD CA
MONTH: MARCH
YEAR: 2020
LATITUDE: 34 43 N
LONGITUDE: 118 13 W
[TEMPERATURE DATA] [PRECIPITATION DATA] SYMBOLS USED IN COLUMN 16
AVERAGE MONTHLY: 50.5 TOTAL FOR MONTH: 3.17 1 = FOG OR MIST
DPTR FM NORMAL: -2.7 DPTR FM NORMAL: 2.03 2 = FOG REDUCING VISIBILITY
HIGHEST: 79 ON 4 GRTST 24HR 1.14 ON 10-10 TO 1/4 MILE OR LESS
LOWEST: 28 ON 3 3 = THUNDER
SNOW, ICE PELLETS, HAIL 4 = ICE PELLETS
TOTAL MONTH: 0.0 INCH 5 = HAIL
GRTST 24HR 0.0 6 = FREEZING RAIN OR DRIZZLE
GRTST DEPTH: 0 7 = DUSTSTORM OR SANDSTORM:
VSBY 1/2 MILE OR LESS
8 = SMOKE OR HAZE
[NO. OF DAYS WITH] [WEATHER - DAYS WITH] 9 = BLOWING SNOW
X = TORNADO
MAX 32 OR BELOW: 0 0.01 INCH OR MORE: 9
MAX 90 OR ABOVE: 0 0.10 INCH OR MORE: 5
MIN 32 OR BELOW: 3 0.50 INCH OR MORE: 3
MIN 0 OR BELOW: 0 1.00 INCH OR MORE: 1
[HDD (BASE 65) ]
TOTAL THIS MO. 445 CLEAR (SCALE 0-3) 15
DPTR FM NORMAL 77 PTCLDY (SCALE 4-7) 13
TOTAL FM JUL 1 2716 CLOUDY (SCALE 8-10) 3
DPTR FM NORMAL 55
[CDD (BASE 65) ]
TOTAL THIS MO. 0
DPTR FM NORMAL -2 [PRESSURE DATA]
TOTAL FM JAN 1 0 HIGHEST SLP 30.26 ON 30
DPTR FM NORMAL -2 LOWEST SLP 29.74 ON 18
[REMARKS]
#FINAL-03-20#