000
CXUS56 KLKN 011310
CF6WMC
PRELIMINARY LOCAL CLIMATOLOGICAL DATA (WS FORM: F-6)
STATION: WINNEMUCCA AIRPORT NV
MONTH: FEBRUARY
YEAR: 2022
LATITUDE: 40 54 N
LONGITUDE: 117 48 W
TEMPERATURE IN F: :PCPN: SNOW: WIND :SUNSHINE: SKY :PK WND
================================================================================
1 2 3 4 5 6A 6B 7 8 9 10 11 12 13 14 15 16 17 18
12Z AVG MX 2MIN
DY MAX MIN AVG DEP HDD CDD WTR SNW DPTH SPD SPD DIR MIN PSBL S-S WX SPD DR
================================================================================
1 38 12 25 -9 40 0 0.00 0.0 0 4.9 12 340 M M 1 17 350
2 36 16 26 -8 39 0 0.00 0.0 0 7.0 17 350 M M 6 24 10
3 44 18 31 -4 34 0 0.00 0.0 0 5.6 14 40 M M 3 18 10
4 50 17 34 -1 31 0 0.00 0.0 0 6.3 13 180 M M 0 18 180
5 54 12 33 -2 32 0 0.00 0.0 0 3.0 9 150 M M 0 12 360
6 54 12 33 -2 32 0 0.00 0.0 0 5.9 17 10 M M 0 23 10
7 58 15 37 2 28 0 0.00 0.0 0 4.5 14 290 M M 0 18 300
8 60 15 38 3 27 0 0.00 0.0 0 3.3 12 30 M M 0 13 30
9 60 19 40 4 25 0 0.00 0.0 0 4.3 15 40 M M 0 20 30
10 62 21 42 6 23 0 0.00 0.0 0 4.3 10 160 M M 0 13 280
11 62 17 40 4 25 0 0.00 0.0 0 5.7 13 30 M M 0 17 50
12 61 19 40 4 25 0 0.00 0.0 0 7.3 14 40 M M 0 17 40
13 65 17 41 5 24 0 0.00 0.0 0 4.4 15 180 M M 0 19 180
14 65 30 48 12 17 0 T 0.0 0 12.7 29 340 M M 3 8 42 340
15 45 21 33 -4 32 0 0.06 1.3 1 11.2 31 340 M M 7 1 43 340
16 46 15 31 -6 34 0 T T T 6.6 22 350 M M 5 28 350
17 49 12 31 -6 34 0 0.00 0.0 0 3.9 10 290 M M 0 16 240
18 58 14 36 -1 29 0 0.00 0.0 0 3.8 9 140 M M 0 13 140
19 61 16 39 2 26 0 0.00 0.0 0 6.2 18 240 M M 0 23 230
20 58 31 45 7 20 0 0.00 0.0 0 12.2 30 360 M M 4 40 360
21 39 26 33 -5 32 0 T T 0 7.8 17 280 M M 9 1 26 270
22 32 14 23 -15 42 0 0.18 3.9 1 9.4 20 30 M M 9 12 27 30
23 28 8 18 -20 47 0 T T 3 7.7 18 350 M M 4 8 24 320
24 37 5 21 -17 44 0 0.00 0.0 1 7.8 17 170 M M 4 23 330
25 35 6 21 -18 44 0 0.00 0.0 1 6.5 14 40 M M 0 17 40
26 43 13 28 -11 37 0 0.00 0.0 T 8.7 14 40 M M 0 21 60
27 58 22 40 1 25 0 0.00 0.0 T 5.6 16 170 M M 3 23 150
28 65 21 43 3 22 0 0.00 0.0 M 6.3 16 170 M M 0 21 180
================================================================================
SM 1423 464 870 0 0.24 5.2 182.9 M 58
================================================================================
AV 50.8 16.6 6.5 FASTST M M 2 MAX(MPH)
MISC ----> 31 340 43 340
================================================================================
NOTES:
# LAST OF SEVERAL OCCURRENCES
COLUMN 17 PEAK WIND IN M.P.H.
PRELIMINARY LOCAL CLIMATOLOGICAL DATA (WS FORM: F-6) , PAGE 2
STATION: WINNEMUCCA AIRPORT NV
MONTH: FEBRUARY
YEAR: 2022
LATITUDE: 40 54 N
LONGITUDE: 117 48 W
[TEMPERATURE DATA] [PRECIPITATION DATA] SYMBOLS USED IN COLUMN 16
AVERAGE MONTHLY: 33.7 TOTAL FOR MONTH: 0.24 1 = FOG OR MIST
DPTR FM NORMAL: -2.9 DPTR FM NORMAL: -0.47 2 = FOG REDUCING VISIBILITY
HIGHEST: 65 ON 28,14 GRTST 24HR 0.19 ON 21-22 TO 1/4 MILE OR LESS
LOWEST: 5 ON 24 3 = THUNDER
SNOW, ICE PELLETS, HAIL 4 = ICE PELLETS
TOTAL MONTH: 5.2 INCHES 5 = HAIL
GRTST 24HR 3.9 ON 22-22 6 = FREEZING RAIN OR DRIZZLE
GRTST DEPTH: 3 ON 23 7 = DUSTSTORM OR SANDSTORM:
VSBY 1/2 MILE OR LESS
8 = SMOKE OR HAZE
[NO. OF DAYS WITH] [WEATHER - DAYS WITH] 9 = BLOWING SNOW
X = TORNADO
MAX 32 OR BELOW: 2 0.01 INCH OR MORE: 2
MAX 90 OR ABOVE: 0 0.10 INCH OR MORE: 1
MIN 32 OR BELOW: 28 0.50 INCH OR MORE: 0
MIN 0 OR BELOW: 0 1.00 INCH OR MORE: 0
[HDD (BASE 65) ]
TOTAL THIS MO. 870 CLEAR (SCALE 0-3) 19
DPTR FM NORMAL 76 PTCLDY (SCALE 4-7) 7
TOTAL FM JUL 1 4171 CLOUDY (SCALE 8-10) 2
DPTR FM NORMAL -130
[CDD (BASE 65) ]
TOTAL THIS MO. 0
DPTR FM NORMAL 0 [PRESSURE DATA]
TOTAL FM JAN 1 0 HIGHEST SLP 30.64 ON 4
DPTR FM NORMAL 0 LOWEST SLP 29.65 ON 20
[REMARKS]
#FINAL-02-22#