000
CXUS56 KLKN 231214
CF6WMC
PRELIMINARY LOCAL CLIMATOLOGICAL DATA (WS FORM: F-6)
STATION: WINNEMUCCA AIRPORT NV
MONTH: JULY
YEAR: 2020
LATITUDE: 40 54 N
LONGITUDE: 117 48 W
TEMPERATURE IN F: :PCPN: SNOW: WIND :SUNSHINE: SKY :PK WND
================================================================================
1 2 3 4 5 6A 6B 7 8 9 10 11 12 13 14 15 16 17 18
12Z AVG MX 2MIN
DY MAX MIN AVG DEP HDD CDD WTR SNW DPTH SPD SPD DIR MIN PSBL S-S WX SPD DR
================================================================================
1 85 42 64 -6 1 0 0.00 0.0 0 8.4 20 300 M M 0 26 280
2 88 42 65 -5 0 0 0.00 0.0 0 5.1 16 50 M M 0 21 60
3 92 45 69 -1 0 4 0.00 0.0 0 9.1 23 240 M M 0 35 260
4 92 48 70 0 0 5 0.00 0.0 0 9.7 22 260 M M 0 32 270
5 93 46 70 -1 0 5 0.00 0.0 0 6.1 25 260 M M 0 32 260
6 96 49 73 2 0 8 0.00 0.0 0 8.0 23 260 M M 0 8 29 260
7 88 54 71 0 0 6 0.00 0.0 0 7.5 21 270 M M 0 26 280
8 90 47 69 -3 0 4 0.00 0.0 0 6.7 21 60 M M 0 28 50
9 94 49 72 0 0 7 0.00 0.0 0 9.2 22 260 M M 0 29 240
10 96 53 75 3 0 10 0.00 0.0 0 6.3 18 250 M M 0 24 250
11 101 48 75 3 0 10 0.00 0.0 0 8.5 22 270 M M 0 36 260
12 99 51 75 3 0 10 0.00 0.0 0 9.0 25 250 M M 0 33 250
13 95 53 74 1 0 9 0.00 0.0 0 9.4 23 40 M M 0 30 30
14 94 57 76 3 0 11 0.00 0.0 0 10.3 17 50 M M 0 25 20
15 96 57 77 4 0 12 0.00 0.0 0 7.6 16 40 M M 0 22 40
16 100 51 76 3 0 11 0.00 0.0 0 7.3 18 40 M M 0 22 40
17 102 56 79 6 0 14 0.00 0.0 0 7.7 22 240 M M 0 30 230
18 100 57 79 6 0 14 0.00 0.0 0 7.2 18 300 M M 0 22 290
19 101 58 80 7 0 15 0.00 0.0 0 6.5 18 330 M M 0 25 320
20 102 66 84 10 0 19 0.00 0.0 0 7.9 16 340 M M 0 23 340
21 101 62 82 8 0 17 T 0.0 0 6.5 24 140 M M 1 38 33 170
22 97 62 80 6 0 15 0.14 0.0 0 8.7 31 10 M M 2 38 38 10
23 92 54 73 -1 0 8 0.04 0.0 0 6.3 24 360 M M 1 3 31 360
24 95 52 74 0 0 9 0.00 0.0 0 6.0 16 270 M M 0 22 280
25 96 52 74 0 0 9 0.00 0.0 0 7.8 23 60 M M 0 27 60
26 98 65 82 8 0 17 0.01 0.0 0 10.1 25 20 M M 1 3 33 30
27 97 64 81 7 0 16 T 0.0 0 8.6 29 250 M M 0 36 250
28 97 53 75 1 0 10 0.00 0.0 M 6.2 22 260 M M 0 27 240
29 103 54 79 5 0 14 0.00 0.0 0 6.9 18 250 M M 0 24 210
30 105 49 77 4 0 12 0.00 0.0 0 7.7 24 260 M M 1 36 240
31 102 50 76 3 0 11 0.00 0.0 0 4.7 14 250 M M 0 22 220
================================================================================
SM 2987 1646 1 312 0.19 0.0 237.0 M 6
================================================================================
AV 96.4 53.1 7.6 FASTST M M 0 MAX(MPH)
MISC ----> # 31 10 # 38 10
================================================================================
NOTES:
# LAST OF SEVERAL OCCURRENCES
COLUMN 17 PEAK WIND IN M.P.H.
PRELIMINARY LOCAL CLIMATOLOGICAL DATA (WS FORM: F-6) , PAGE 2
STATION: WINNEMUCCA AIRPORT NV
MONTH: JULY
YEAR: 2020
LATITUDE: 40 54 N
LONGITUDE: 117 48 W
[TEMPERATURE DATA] [PRECIPITATION DATA] SYMBOLS USED IN COLUMN 16
AVERAGE MONTHLY: 74.7 TOTAL FOR MONTH: 0.19 1 = FOG OR MIST
DPTR FM NORMAL: 2.2 DPTR FM NORMAL: -0.06 2 = FOG REDUCING VISIBILITY
HIGHEST: 105 ON 30 GRTST 24HR 0.14 ON 22-22 TO 1/4 MILE OR LESS
LOWEST: 42 ON 2, 1 3 = THUNDER
SNOW, ICE PELLETS, HAIL 4 = ICE PELLETS
TOTAL MONTH: 0.0 INCH 5 = HAIL
GRTST 24HR 0.0 6 = FREEZING RAIN OR DRIZZLE
GRTST DEPTH: 0 7 = DUSTSTORM OR SANDSTORM:
VSBY 1/2 MILE OR LESS
8 = SMOKE OR HAZE
[NO. OF DAYS WITH] [WEATHER - DAYS WITH] 9 = BLOWING SNOW
X = TORNADO
MAX 32 OR BELOW: 0 0.01 INCH OR MORE: 3
MAX 90 OR ABOVE: 28 0.10 INCH OR MORE: 1
MIN 32 OR BELOW: 0 0.50 INCH OR MORE: 0
MIN 0 OR BELOW: 0 1.00 INCH OR MORE: 0
[HDD (BASE 65) ]
TOTAL THIS MO. 1 CLEAR (SCALE 0-3) 31
DPTR FM NORMAL -9 PTCLDY (SCALE 4-7) 0
TOTAL FM JUL 1 1 CLOUDY (SCALE 8-10) 0
DPTR FM NORMAL -9
[CDD (BASE 65) ]
TOTAL THIS MO. 312
DPTR FM NORMAL 69 [PRESSURE DATA]
TOTAL FM JAN 1 496 HIGHEST SLP 30.06 ON 10
DPTR FM NORMAL 163 LOWEST SLP 29.63 ON 22
[REMARKS]
#FINAL-07-20#