000
CXUS55 KLKN 022334
CLMWMC
CLIMATE REPORT
NATIONAL WEATHER SERVICE ELKO, NV
434 PM PDT THU NOV 02 2023
...................................
...THE WINNEMUCCA AIRPORT NV CLIMATE SUMMARY FOR THE MONTH OF OCTOBER 2023...
CLIMATE NORMAL PERIOD 1991 TO 2020
CLIMATE RECORD PERIOD 1877 TO 2023
WEATHER OBSERVED NORMAL DEPART LAST YEAR`S
VALUE DATE(S) VALUE FROM VALUE DATE(S)
NORMAL
................................................................
TEMPERATURE (F)
RECORD
HIGH 94 10/01/2010
LOW -2 10/31/2002
HIGHEST 84 10/08 84 0 85 10/06
10/19
10/07
10/09
LOWEST 7 10/29 15 -8 18 10/28
AVG. MAXIMUM 68.5 68.7 -0.2 73.3
AVG. MINIMUM 32.7 30.1 2.6 29.6
MEAN 50.6 49.4 1.2 51.5
DAYS MAX >= 90 0 0.2 -0.2 0
DAYS MAX <= 32 0 0.0 0.0 0
DAYS MIN <= 32 7 20.3 -13.3 19
DAYS MIN <= 0 0 0.1 -0.1 0
PRECIPITATION (INCHES)
RECORD
MAXIMUM 2.93 2021
MINIMUM 0.00 1880
TOTALS 0.40 0.66 -0.26 0.12
DAILY AVG. 0.01 0.02 -0.01 0.00
DAYS >= .01 4 4.3 -0.3 1
DAYS >= .10 1 1.9 -0.9 1
DAYS >= .50 0 0.1 -0.1 0
DAYS >= 1.00 0 0.1 -0.1 0
GREATEST
24 HR. TOTAL 0.95 09/30 TO 10/01 0.12
SNOWFALL (INCHES)
RECORDS
TOTAL 10.0 1899
TOTALS 0.0 0.5 -0.5 0.2
SINCE 7/1 0.0 0.5 -0.5 MM
SNOWDEPTH AVG. 0 0
DAYS >= TRACE 0 0.4 -0.4 1
DAYS >= 1.0 0 0.2 -0.2 0
DAYS >= 1.0 0 0
GREATEST
SNOW DEPTH 0 0
24 HR TOTAL MM MM
DEGREE DAYS
HEATING TOTAL 439 484 -45 411
SINCE 7/1 574 636 -62 MM
COOLING TOTAL 0 1 -1 0
SINCE 1/1 678 683 -5 MM
................................................................
WIND (MPH)
AVERAGE WIND SPEED 5.8
HIGHEST WIND SPEED/DIRECTION 31/230 DATE 10/25
HIGHEST GUST SPEED/DIRECTION 43/240 DATE 10/25
AVERAGE RH (PERCENT) 53
WEATHER CONDITIONS. NUMBER OF DAYS WITH
THUNDERSTORM 1 MIXED PRECIP 0
HEAVY RAIN 0 RAIN 0
LIGHT RAIN 7 FREEZING RAIN 0
LT FREEZING RAIN 0 HAIL 0
HEAVY SNOW 0 SNOW 0
LIGHT SNOW 0 SLEET 0
FOG 3 FOG W/VIS <= 1/4 MILE 0
HAZE 2
- INDICATES NEGATIVE NUMBERS.
R INDICATES RECORD WAS SET OR TIED.
MM INDICATES DATA IS MISSING.
T INDICATES TRACE AMOUNT.
&&
=====================================================================
...A RECORD MAXIMUM TEMPERATURE OF 84 WAS SET ON THE 19TH...
...A RECORD MINIMUM TEMPERATURE OF 7 WAS SET ON THE 30TH...
THE AVERAGE TEMPERATURE IN WINNEMUCCA DURING OCTOBER 2023 WAS 50.6
DEGREES, WHICH IS 1.2 DEGREES ABOVE THE NORMAL OF 49.4 DEGREES. THE
TOTAL PRECIPITATION WAS 0.4 INCHES, WHICH IS 0.26 INCHES BELOW THE
NORMAL OF 0.66 INCHES AND 61 PERCENT OF NORMAL PRECIPITATION. THE
PERIOD OF RECORD FOR THE WINNEMUCCA AREA BEGAN IN 1877 AND THE
CLIMATOLOGICAL NORMAL IS FROM 1991-2020.
$$
LM