000
CXUS56 KMTR 010900
CF6WVI
PRELIMINARY LOCAL CLIMATOLOGICAL DATA (WS FORM: F-6)
STATION: WATSONVILLE AIRPORT
MONTH: JUNE
YEAR: 2021
LATITUDE: 36 55 N
LONGITUDE: 121 47 W
TEMPERATURE IN F: :PCPN: SNOW: WIND :SUNSHINE: SKY :PK WND
================================================================================
1 2 3 4 5 6A 6B 7 8 9 10 11 12 13 14 15 16 17 18
12Z AVG MX 2MIN
DY MAX MIN AVG DEP HDD CDD WTR SNW DPTH SPD SPD DIR MIN PSBL S-S WX SPD DR
================================================================================
1 70 51 61 1 4 0 0.00 M M 5.5 12 230 M M 7 12 17 270
2 69 51 60 0 5 0 0.00 M M 5.7 12 220 M M 7 1 17 210
3 66 52 59 -1 6 0 0.00 M M 4.0 12 260 M M 8 1 15 210
4 68 52 60 0 5 0 0.00 M M 5.2 12 160 M M 6 1 16 190
5 68 52 60 0 5 0 0.00 M M 4.8 10 160 M M 6 1 15 190
6 64 52 58 -2 7 0 T M M 6.4 13 230 M M 7 1 16 250
7 75 47 61 1 4 0 0.00 M M 5.4 17 260 M M 4 21 270
8 67 45 56 -5 9 0 0.00 M M 7.1 21 270 M M 1 27 260
9 67 45 56 -5 9 0 0.00 M M 7.8 23 260 M M 0 35 260
10 71 44 58 -3 7 0 0.00 M M 5.9 16 270 M M 0 20 240
11 77 44 61 0 4 0 0.00 M M 5.2 14 240 M M 0 17 230
12 82 53 68 7 0 3 0.00 M M 4.5 14 140 M M 0 17 150
13 76 54 65 4 0 0 0.00 M M 4.8 15 230 M M 3 18 19 230
14 82 53 68 7 0 3 0.00 M M 4.6 10 160 M M 2 1 M M
15 83 50 67 6 0 2 0.00 M M 4.6 12 190 M M 0 14 200
16 96 50 73 12 0 8 0.00 M M 3.5 12 160 M M 0 16 150
17 92 52 72 11 0 7 0.00 M M 4.3 15 160 M M 0 19 160
18 78 52 65 4 0 0 0.00 M M 4.7 14 230 M M 0 18 18 240
19 70 52 61 -1 4 0 0.00 M M 5.3 12 250 M M 5 12 M M
20 67 54 61 -1 4 0 0.00 M M 6.5 12 250 M M 6 1 M M
21 66 55 61 -1 4 0 0.00 M M 7.9 17 270 M M 10 1 22 270
22 72 58 65 3 0 0 0.00 M M 6.8 17 260 M M 8 23 260
23 72 57 65 3 0 0 0.00 M M 5.7 18 270 M M 6 24 270
24 73 55 64 2 1 0 0.00 M M 5.8 17 260 M M 5 23 260
25 72 58 65 3 0 0 0.00 M M 5.3 14 220 M M 7 17 230
26 77 55 66 4 0 1 0.00 M M 4.9 12 150 M M 5 1 15 210
27 76 57 67 5 0 2 0.00 M M 5.3 13 150 M M 6 1 15 210
28 76 56 66 4 0 1 0.00 M M 4.4 12 140 M M 4 1 17 150
29 78 54 66 4 0 1 0.00 M M 4.8 12 160 M M 2 12 15 200
30 69 57 63 1 2 0 0.00 M M 6.2 15 250 M M 10 1 18 260
================================================================================
SM 2219 1567 80 28 T M 162.9 M 125
================================================================================
AV 74.0 52.2 5.4 FASTST M M 4 MAX(MPH)
MISC ----> 23 260 35 260
================================================================================
NOTES:
# LAST OF SEVERAL OCCURRENCES
COLUMN 17 PEAK WIND IN M.P.H.
PRELIMINARY LOCAL CLIMATOLOGICAL DATA (WS FORM: F-6) , PAGE 2
STATION: WATSONVILLE AIRPORT
MONTH: JUNE
YEAR: 2021
LATITUDE: 36 55 N
LONGITUDE: 121 47 W
[TEMPERATURE DATA] [PRECIPITATION DATA] SYMBOLS USED IN COLUMN 16
AVERAGE MONTHLY: 63.1 TOTAL FOR MONTH: T 1 = FOG OR MIST
DPTR FM NORMAL: 2.0 DPTR FM NORMAL: -0.18 2 = FOG REDUCING VISIBILITY
HIGHEST: 96 ON 16 GRTST 24HR T ON 6- 6 TO 1/4 MILE OR LESS
LOWEST: 44 ON 11,10 3 = THUNDER
SNOW, ICE PELLETS, HAIL 4 = ICE PELLETS
TOTAL MONTH: M 5 = HAIL
GRTST 24HR M ON M 6 = FREEZING RAIN OR DRIZZLE
GRTST DEPTH: M ON M 7 = DUSTSTORM OR SANDSTORM:
VSBY 1/2 MILE OR LESS
8 = SMOKE OR HAZE
[NO. OF DAYS WITH] [WEATHER - DAYS WITH] 9 = BLOWING SNOW
X = TORNADO
MAX 32 OR BELOW: 0 0.01 INCH OR MORE: 0
MAX 90 OR ABOVE: 2 0.10 INCH OR MORE: 0
MIN 32 OR BELOW: 0 0.50 INCH OR MORE: 0
MIN 0 OR BELOW: 0 1.00 INCH OR MORE: 0
[HDD (BASE 65) ]
TOTAL THIS MO. 80 CLEAR (SCALE 0-3) 12
DPTR FM NORMAL -47 PTCLDY (SCALE 4-7) 16
TOTAL FM JUL 1 2701 CLOUDY (SCALE 8-10) 2
DPTR FM NORMAL -260
[CDD (BASE 65) ]
TOTAL THIS MO. 28
DPTR FM NORMAL 17 [PRESSURE DATA]
TOTAL FM JAN 1 28 HIGHEST SLP M ON M
DPTR FM NORMAL 6 LOWEST SLP 29.74 ON 17
[REMARKS]
#FINAL-06-21#