000
CXUS54 KFWD 010830
CF6XBP
PRELIMINARY LOCAL CLIMATOLOGICAL DATA (WS FORM: F-6)
STATION: BRIDGEPORT
MONTH: JANUARY
YEAR: 2023
LATITUDE: 33 10 N
LONGITUDE: 96 30 W
TEMPERATURE IN F: :PCPN: SNOW: WIND :SUNSHINE: SKY :PK WND
================================================================================
1 2 3 4 5 6A 6B 7 8 9 10 11 12 13 14 15 16 17 18
12Z AVG MX 2MIN
DY MAX MIN AVG DEP HDD CDD WTR SNW DPTH SPD SPD DIR MIN PSBL S-S WX SPD DR
================================================================================
1 79 52 66 24 0 1 0.00 M M 7.2 13 220 M M 0 17 220
2 77 51 64 22 1 0 0.00 M M 6.9 20 190 M M 5 1 26 180
3 65 34 50 8 15 0 0.00 M M 6.0 15 270 M M 1 23 280
4 57 28 43 1 22 0 0.00 M M 1.4 6 350 M M 0 M M
5 60 30 45 3 20 0 0.00 M M 2.0 5 280 M M 0 M M
6 73 33 53 11 12 0 0.00 M M 7.1 18 190 M M 0 23 190
7 65 43 54 12 11 0 0.00 M M 6.5 12 320 M M 0 17 340
8 61 31 46 4 19 0 0.00 M M 1.9 5 150 M M 0 M M
9 72 30 51 9 14 0 0.00 M M 3.8 12 210 M M 0 20 210
10 83 37 60 18 5 0 0.00 M M 6.2 14 250 M M 0 21 250
11 85 55 70 28 0 5 0.00 M M 9.3 16 290 M M 0 26 290
12 62 36 49 7 16 0 0.00 M M 11.9 23 320 M M 0 36 320
13 58 27 43 1 22 0 0.00 M M 1.6 6 90 M M 0 M M
14 64 26 45 3 20 0 0.00 M M 7.8 17 190 M M 0 24 180
15 69 45 57 15 8 0 0.00 M M 13.1 20 190 M M 0 26 200
16 75 57 66 24 0 1 0.00 M M 9.4 17 200 M M 0 29 210
17 74 48 61 19 4 0 0.00 M M 5.1 9 180 M M 0 M M
18 68 51 60 18 5 0 0.00 M M 8.8 15 250 M M 3 28 250
19 59 33 46 4 19 0 0.00 M M 4.8 14 320 M M 0 20 320
20 60 31 46 4 19 0 0.00 M M 4.4 10 120 M M 4 16 120
21 67 44 56 14 9 0 T M M 7.6 13 310 M M 4 25 310
22 53 27 40 -3 25 0 0.00 M M 7.8 15 320 M M 0 21 310
23 53 22 38 -5 27 0 0.00 M M 4.0 10 90 M M 3 16 100
24 46 M M M M M 0.83 M M 8.8 13 330 M M 10 20 120
25 46 35 41 -2 24 0 0.00 M M 8.7 13 320 M M 6 20 320
26 53 30 42 -1 23 0 0.00 M M 6.5 10 300 M M 0 18 320
27 62 32 47 4 18 0 0.00 M M 9.3 14 220 M M 0 25 240
28 70 44 57 14 8 0 0.00 M M 9.5 15 210 M M 3 22 200
29 55 27 41 -2 24 0 0.00 M M 9.4 17 340 M M 8 1 23 340
30 27 23 25 -18 40 0 0.01 M M 10.7 14 10 M M 10 16 22 360
31 28 24 26 -17 39 0 T M M 9.4 12 360 M M 7 146 18 340
================================================================================
SM 1926 1086 469 7 0.84 M 216.9 M 64
================================================================================
AV 62.1 36.2 7.0 FASTST M M 2 MAX(MPH)
MISC ----> 23 320 36 320
================================================================================
NOTES:
# LAST OF SEVERAL OCCURRENCES
COLUMN 17 PEAK WIND IN M.P.H.
PRELIMINARY LOCAL CLIMATOLOGICAL DATA (WS FORM: F-6) , PAGE 2
STATION: BRIDGEPORT
MONTH: JANUARY
YEAR: 2023
LATITUDE: 33 10 N
LONGITUDE: 96 30 W
[TEMPERATURE DATA] [PRECIPITATION DATA] SYMBOLS USED IN COLUMN 16
AVERAGE MONTHLY: 49.2 TOTAL FOR MONTH: 0.84 1 = FOG OR MIST
DPTR FM NORMAL: 6.9 DPTR FM NORMAL: -0.71 2 = FOG REDUCING VISIBILITY
HIGHEST: 85 ON 11 GRTST 24HR 1.51 ON 24-24 TO 1/4 MILE OR LESS
LOWEST: 22 ON 23 3 = THUNDER
SNOW, ICE PELLETS, HAIL 4 = ICE PELLETS
TOTAL MONTH: M 5 = HAIL
GRTST 24HR M ON M 6 = FREEZING RAIN OR DRIZZLE
GRTST DEPTH: M ON M 7 = DUSTSTORM OR SANDSTORM:
VSBY 1/2 MILE OR LESS
8 = SMOKE OR HAZE
[NO. OF DAYS WITH] [WEATHER - DAYS WITH] 9 = BLOWING SNOW
X = TORNADO
MAX 32 OR BELOW: 2 0.01 INCH OR MORE: 2
MAX 90 OR ABOVE: 0 0.10 INCH OR MORE: 1
MIN 32 OR BELOW: 14 0.50 INCH OR MORE: 1
MIN 0 OR BELOW: 0 1.00 INCH OR MORE: 0
[HDD (BASE 65) ]
TOTAL THIS MO. 469 CLEAR (SCALE 0-3) 21
DPTR FM NORMAL -235 PTCLDY (SCALE 4-7) 8
TOTAL FM JUL 1 1513 CLOUDY (SCALE 8-10) 2
DPTR FM NORMAL -364
[CDD (BASE 65) ]
TOTAL THIS MO. 7
DPTR FM NORMAL 7 [PRESSURE DATA]
TOTAL FM JAN 1 7 HIGHEST SLP M ON M
DPTR FM NORMAL 7 LOWEST SLP M ON M
[REMARKS]
#FINAL-01-23#