000
CXUS54 KTSA 010850
CF6XNA
PRELIMINARY LOCAL CLIMATOLOGICAL DATA (WS FORM: F-6)
STATION: HIGHFILL ARKANSAS
MONTH: OCTOBER
YEAR: 2022
LATITUDE: 36 16 N
LONGITUDE: 94 19 W
TEMPERATURE IN F: :PCPN: SNOW: WIND :SUNSHINE: SKY :PK WND
================================================================================
1 2 3 4 5 6A 6B 7 8 9 10 11 12 13 14 15 16 17 18
12Z AVG MX 2MIN
DY MAX MIN AVG DEP HDD CDD WTR SNW DPTH SPD SPD DIR MIN PSBL S-S WX SPD DR
================================================================================
1 80 45 63 -2 2 0 0.00 0.0 M 2.7 13 70 M M 0 18 50
2 82 46 64 0 1 0 0.00 0.0 M 4.6 13 90 M M 0 26 80
3 83 50 67 3 0 2 0.00 0.0 M 2.7 10 90 M M 0 15 10
4 83 51 67 3 0 2 0.00 0.0 M 2.2 9 120 M M 0 15 130
5 85 48 67 4 0 2 0.00 0.0 M 4.3 13 260 M M 1 8 19 260
6 84 51 68 5 0 3 0.00 0.0 M 3.6 17 350 M M 1 23 350
7 76 49 63 1 2 0 0.00 0.0 M 8.7 17 10 M M 0 24 10
8 71 44 58 -4 7 0 0.00 0.0 M 4.5 10 350 M M 2 15 70
9 77 46 62 0 3 0 0.00 0.0 M 4.2 17 270 M M 4 24 270
10 78 53 66 5 0 1 T 0.0 M 6.2 17 250 M M 4 23 240
11 79 65 72 11 0 7 T 0.0 M 11.2 26 190 M M 5 38 190
12 78 54 66 5 0 1 0.61 0.0 M 9.3 20 310 M M 2 13 27 330
13 71 43 57 -3 8 0 0.00 0.0 M 8.5 21 300 M M 1 8 31 290
14 82 39 61 1 4 0 T 0.0 M 9.1 25 250 M M 1 38 240
15 84 52 68 8 0 3 0.20 0.0 M 4.0 18 340 M M 2 3 28 330
16 73 49 61 2 4 0 0.08 0.0 M 6.7 15 330 M M 2 13 22 340
17 58 36 47 -12 18 0 0.00 0.0 M 10.2 21 340 M M 0 8 32 10
18 49 28 39 -20 26 0 0.00 0.0 M 8.8 20 360 M M 0 25 350
19 57 23 40 -18 25 0 0.00 0.0 M 2.8 10 300 M M 0 20 330
20 75 33 54 -4 11 0 0.00 0.0 M 4.6 13 190 M M 0 18 190
21 82 38 60 2 5 0 0.00 0.0 M 7.6 18 180 M M 0 24 190
22 80 64 72 15 0 7 0.00 0.0 M 18.5 32 180 M M 0 44 170
23 82 67 75 18 0 10 0.00 0.0 M 21.8 31 160 M M 0 41 180
24 71 57 64 7 1 0 2.25 0.0 M 12.7 24 170 M M 8 1 33 180
25 57 44 51 -5 14 0 1.39 0.0 M 12.1 26 360 M M 6 13 38 330
26 67 36 52 -4 13 0 0.00 0.0 M 3.5 10 100 M M 0 8 17 10
27 68 40 54 -2 11 0 0.00 0.0 M 7.2 18 130 M M 0 23 120
28 71 46 59 4 6 0 T 0.0 M 6.4 17 40 M M 1 35 60
29 64 54 59 4 6 0 0.18 0.0 M 9.1 20 80 M M 6 1 28 80
30 59 54 57 2 8 0 0.01 0.0 M 5.5 12 350 M M 10 1 14 10
31 72 47 60 6 5 0 0.00 0.0 M 5.1 13 260 M M 4 12 17 270
================================================================================
SM 2278 1452 180 38 4.72 0.0 228.4 M 60
================================================================================
AV 73.5 46.8 7.4 FASTST M M 2 MAX(MPH)
MISC ----> 32 180 44 170
================================================================================
NOTES:
# LAST OF SEVERAL OCCURRENCES
COLUMN 17 PEAK WIND IN M.P.H.
PRELIMINARY LOCAL CLIMATOLOGICAL DATA (WS FORM: F-6) , PAGE 2
STATION: HIGHFILL ARKANSAS
MONTH: OCTOBER
YEAR: 2022
LATITUDE: 36 16 N
LONGITUDE: 94 19 W
[TEMPERATURE DATA] [PRECIPITATION DATA] SYMBOLS USED IN COLUMN 16
AVERAGE MONTHLY: 60.2 TOTAL FOR MONTH: 4.72 1 = FOG OR MIST
DPTR FM NORMAL: 0.8 DPTR FM NORMAL: 0.72 2 = FOG REDUCING VISIBILITY
HIGHEST: 85 ON 5 GRTST 24HR 3.32 ON 24-25 TO 1/4 MILE OR LESS
LOWEST: 23 ON 19 3 = THUNDER
SNOW, ICE PELLETS, HAIL 4 = ICE PELLETS
TOTAL MONTH: 0.0 INCH 5 = HAIL
GRTST 24HR 0.0 6 = FREEZING RAIN OR DRIZZLE
GRTST DEPTH: M ON M 7 = DUSTSTORM OR SANDSTORM:
VSBY 1/2 MILE OR LESS
8 = SMOKE OR HAZE
[NO. OF DAYS WITH] [WEATHER - DAYS WITH] 9 = BLOWING SNOW
X = TORNADO
MAX 32 OR BELOW: 0 0.01 INCH OR MORE: 7
MAX 90 OR ABOVE: 0 0.10 INCH OR MORE: 5
MIN 32 OR BELOW: 2 0.50 INCH OR MORE: 3
MIN 0 OR BELOW: 0 1.00 INCH OR MORE: 2
[HDD (BASE 65) ]
TOTAL THIS MO. 180 CLEAR (SCALE 0-3) 23
DPTR FM NORMAL -34 PTCLDY (SCALE 4-7) 7
TOTAL FM JUL 1 189 CLOUDY (SCALE 8-10) 1
DPTR FM NORMAL -57
[CDD (BASE 65) ]
TOTAL THIS MO. 38
DPTR FM NORMAL -2 [PRESSURE DATA]
TOTAL FM JAN 1 1899 HIGHEST SLP M ON M
DPTR FM NORMAL 343 LOWEST SLP 29.53 ON 25
[REMARKS]
#FINAL-10-22#