000
CXUS54 KTSA 311127
CF6XNA
PRELIMINARY LOCAL CLIMATOLOGICAL DATA (WS FORM: F-6)
STATION: HIGHFILL ARKANSAS
MONTH: JULY
YEAR: 2022
LATITUDE: 36 16 N
LONGITUDE: 94 19 W
TEMPERATURE IN F: :PCPN: SNOW: WIND :SUNSHINE: SKY :PK WND
================================================================================
1 2 3 4 5 6A 6B 7 8 9 10 11 12 13 14 15 16 17 18
12Z AVG MX 2MIN
DY MAX MIN AVG DEP HDD CDD WTR SNW DPTH SPD SPD DIR MIN PSBL S-S WX SPD DR
================================================================================
1 95 66 81 3 0 16 0.00 0.0 M 3.8 12 230 M M 1 17 180
2 95 71 83 5 0 18 0.10 0.0 M 4.7 15 360 M M 3 13 20 340
3 96 72 84 6 0 19 0.33 0.0 M 4.1 28 360 M M 3 138 32 350
4 98 72 85 6 0 20 0.00 0.0 M 6.8 16 190 M M 1 1 24 240
5 99 74 87 8 0 22 0.00 0.0 M 8.3 18 180 M M 0 26 190
6 101 73 87 8 0 22 0.00 0.0 M 7.6 17 180 M M 0 27 220
7 99 73 86 7 0 21 0.00 0.0 M 6.7 16 190 M M 0 21 190
8 102 78 90 11 0 25 0.00 0.0 M 7.9 17 240 M M 2 3 25 230
9 93 73 83 4 0 18 0.00 0.0 M 9.1 18 330 M M 2 24 340
10 94 69 82 3 0 17 0.00 0.0 M 5.8 15 70 M M 1 26 60
11 99 66 83 4 0 18 0.00 0.0 M 3.9 13 220 M M 0 17 220
12 92 70 81 2 0 16 0.00 0.0 M 7.5 18 30 M M 1 24 20
13 97 65 81 2 0 16 0.00 0.0 M 5.5 13 10 M M 0 24 100
14 100 66 83 3 0 18 0.00 0.0 M 5.1 15 130 M M 0 26 80
15 99 74 87 7 0 22 0.00 0.0 M 7.3 18 160 M M 0 23 180
16 100 75 88 8 0 23 T 0.0 M 7.1 17 170 M M 0 23 260
17 100 78 89 9 0 24 T 0.0 M 7.5 16 230 M M 2 3 23 240
18 99 73 86 6 0 21 0.00 0.0 M 6.2 14 40 M M 1 26 50
19 105 75 90 10 0 25 0.00 0.0 M 5.5 15 220 M M 0 22 230
20 107 77 92 12 0 27 T 0.0 M 9.1 21 230 M M 0 31 240
21 100 71 86 6 0 21 T 0.0 M 6.0 17 220 M M 0 26 220
22 99 66 83 3 0 18 0.00 0.0 M 5.6 15 190 M M 0 21 230
23 99 71 85 5 0 20 0.00 0.0 M 8.3 18 190 M M 0 29 160
24 102 75 89 9 0 24 0.00 0.0 M 7.3 18 200 M M 1 24 190
25 102 72 87 7 0 22 0.00 0.0 M 6.3 17 180 M M 0 25 190
26 105 79 92 12 0 27 0.00 0.0 M 9.9 18 240 M M 0 29 250
27 101 75 88 8 0 23 1.15 0.0 M 7.1 28 360 M M 3 13 42 300
28 90 71 81 1 0 16 0.50 0.0 M 4.9 20 300 M M 4 13 27 310
29 82 71 77 -3 0 12 0.17 0.0 M 3.4 13 40 M M 5 13 22 220
30 83 70 77 -3 0 12 2.74 0.0 M 4.8 14 140 M M 6 138 20 120
31 85 73 79 -1 0 14 0.07 0.0 M 7.7 15 170 M M 5 13 19 180
================================================================================
SM 3018 2234 0 617 5.06 0.0 200.8 M 41
================================================================================
AV 97.4 72.1 6.5 FASTST M M 1 MAX(MPH)
MISC ----> # 28 360 42 300
================================================================================
NOTES:
# LAST OF SEVERAL OCCURRENCES
COLUMN 17 PEAK WIND IN M.P.H.
PRELIMINARY LOCAL CLIMATOLOGICAL DATA (WS FORM: F-6) , PAGE 2
STATION: HIGHFILL ARKANSAS
MONTH: JULY
YEAR: 2022
LATITUDE: 36 16 N
LONGITUDE: 94 19 W
[TEMPERATURE DATA] [PRECIPITATION DATA] SYMBOLS USED IN COLUMN 16
AVERAGE MONTHLY: 84.7 TOTAL FOR MONTH: 5.06 1 = FOG OR MIST
DPTR FM NORMAL: 5.3 DPTR FM NORMAL: 0.89 2 = FOG REDUCING VISIBILITY
HIGHEST: 107 ON 20 GRTST 24HR 2.76 ON 29-30 TO 1/4 MILE OR LESS
LOWEST: 65 ON 13 3 = THUNDER
SNOW, ICE PELLETS, HAIL 4 = ICE PELLETS
TOTAL MONTH: 0.0 INCH 5 = HAIL
GRTST 24HR 0.0 6 = FREEZING RAIN OR DRIZZLE
GRTST DEPTH: M ON M 7 = DUSTSTORM OR SANDSTORM:
VSBY 1/2 MILE OR LESS
8 = SMOKE OR HAZE
[NO. OF DAYS WITH] [WEATHER - DAYS WITH] 9 = BLOWING SNOW
X = TORNADO
MAX 32 OR BELOW: 0 0.01 INCH OR MORE: 7
MAX 90 OR ABOVE: 28 0.10 INCH OR MORE: 6
MIN 32 OR BELOW: 0 0.50 INCH OR MORE: 3
MIN 0 OR BELOW: 0 1.00 INCH OR MORE: 2
[HDD (BASE 65) ]
TOTAL THIS MO. 0 CLEAR (SCALE 0-3) 26
DPTR FM NORMAL 0 PTCLDY (SCALE 4-7) 5
TOTAL FM JUL 1 0 CLOUDY (SCALE 8-10) 0
DPTR FM NORMAL 0
[CDD (BASE 65) ]
TOTAL THIS MO. 617
DPTR FM NORMAL 171 [PRESSURE DATA]
TOTAL FM JAN 1 1191 HIGHEST SLP M ON M
DPTR FM NORMAL 293 LOWEST SLP 29.72 ON 19
[REMARKS]
#FINAL-07-22#