000
CXUS54 KTSA 311127
CF6XNA
PRELIMINARY LOCAL CLIMATOLOGICAL DATA (WS FORM: F-6)
STATION: HIGHFILL ARKANSAS
MONTH: JUNE
YEAR: 2022
LATITUDE: 36 16 N
LONGITUDE: 94 19 W
TEMPERATURE IN F: :PCPN: SNOW: WIND :SUNSHINE: SKY :PK WND
================================================================================
1 2 3 4 5 6A 6B 7 8 9 10 11 12 13 14 15 16 17 18
12Z AVG MX 2MIN
DY MAX MIN AVG DEP HDD CDD WTR SNW DPTH SPD SPD DIR MIN PSBL S-S WX SPD DR
================================================================================
1 85 67 76 5 0 11 T 0.0 M 9.3 20 70 M M 3 31 80
2 78 60 69 -2 0 4 0.00 0.0 M 7.7 14 20 M M 5 26 30
3 80 55 68 -4 0 3 0.00 0.0 M 5.2 14 60 M M 1 23 80
4 81 52 67 -5 0 2 0.00 0.0 M 4.3 15 130 M M 0 19 130
5 76 60 68 -4 0 3 0.07 0.0 M 5.7 20 140 M M 3 13 24 130
6 82 64 73 1 0 8 0.38 0.0 M 7.9 22 300 M M 5 13 33 300
7 84 64 74 1 0 9 0.00 0.0 M 4.0 9 160 M M 2 1 12 140
8 74 61 68 -5 0 3 1.25 0.0 M 5.6 22 120 M M 6 13 30 120
9 83 57 70 -3 0 5 0.00 0.0 M 2.7 10 160 M M 3 12 15 70
10 85 66 76 2 0 11 0.16 0.0 M 6.4 36 140 M M 3 13 43 150
11 90 66 78 4 0 13 0.00 0.0 M 6.3 16 190 M M 0 22 190
12 95 76 86 12 0 21 0.00 0.0 M 10.9 18 180 M M 0 26 210
13 93 78 86 12 0 21 0.00 0.0 M 11.8 20 210 M M 0 27 200
14 90 76 83 8 0 18 0.00 0.0 M 13.1 23 190 M M 0 33 200
15 89 75 82 7 0 17 0.00 0.0 M 13.1 25 200 M M 1 36 200
16 90 75 83 8 0 18 0.00 0.0 M 7.0 17 240 M M 1 23 260
17 94 68 81 5 0 16 0.00 0.0 M 2.2 8 210 M M 1 12 12 180
18 94 71 83 7 0 18 0.01 0.0 M 3.3 12 180 M M 1 3 16 170
19 91 69 80 4 0 15 0.00 0.0 M 5.7 13 140 M M 0 18 90
20 91 58 75 -1 0 10 0.00 0.0 M 4.9 14 190 M M 0 18 180
21 95 64 80 4 0 15 0.00 0.0 M 4.8 14 240 M M 0 19 220
22 93 69 81 4 0 16 0.00 0.0 M 3.5 10 10 M M 0 1 16 40
23 95 69 82 5 0 17 0.00 0.0 M 4.2 17 80 M M 1 1 27 70
24 96 68 82 5 0 17 0.00 0.0 M 7.1 17 180 M M 0 23 170
25 97 77 87 10 0 22 0.00 0.0 M 8.4 16 180 M M 0 24 200
26 87 70 79 2 0 14 0.00 0.0 M 11.2 22 350 M M 3 29 10
27 87 64 76 -2 0 11 0.00 0.0 M 8.2 17 70 M M 2 29 70
28 86 62 74 -4 0 9 0.01 0.0 M 3.9 10 70 M M 1 18 70
29 91 56 74 -4 0 9 0.00 0.0 M 3.2 12 100 M M 0 22 60
30 92 56 74 -4 0 9 0.00 0.0 M 4.5 17 190 M M 0 22 180
================================================================================
SM 2644 1973 0 365 1.88 0.0 196.1 M 42
================================================================================
AV 88.1 65.8 6.5 FASTST M M 1 MAX(MPH)
MISC ----> 36 140 43 150
================================================================================
NOTES:
# LAST OF SEVERAL OCCURRENCES
COLUMN 17 PEAK WIND IN M.P.H.
PRELIMINARY LOCAL CLIMATOLOGICAL DATA (WS FORM: F-6) , PAGE 2
STATION: HIGHFILL ARKANSAS
MONTH: JUNE
YEAR: 2022
LATITUDE: 36 16 N
LONGITUDE: 94 19 W
[TEMPERATURE DATA] [PRECIPITATION DATA] SYMBOLS USED IN COLUMN 16
AVERAGE MONTHLY: 77.0 TOTAL FOR MONTH: 1.88 1 = FOG OR MIST
DPTR FM NORMAL: 2.0 DPTR FM NORMAL: -2.41 2 = FOG REDUCING VISIBILITY
HIGHEST: 97 ON 25 GRTST 24HR 1.25 ON 8- 8 TO 1/4 MILE OR LESS
LOWEST: 52 ON 4 3 = THUNDER
SNOW, ICE PELLETS, HAIL 4 = ICE PELLETS
TOTAL MONTH: 0.0 INCH 5 = HAIL
GRTST 24HR 0.0 6 = FREEZING RAIN OR DRIZZLE
GRTST DEPTH: M ON M 7 = DUSTSTORM OR SANDSTORM:
VSBY 1/2 MILE OR LESS
8 = SMOKE OR HAZE
[NO. OF DAYS WITH] [WEATHER - DAYS WITH] 9 = BLOWING SNOW
X = TORNADO
MAX 32 OR BELOW: 0 0.01 INCH OR MORE: 6
MAX 90 OR ABOVE: 16 0.10 INCH OR MORE: 3
MIN 32 OR BELOW: 0 0.50 INCH OR MORE: 1
MIN 0 OR BELOW: 0 1.00 INCH OR MORE: 1
[HDD (BASE 65) ]
TOTAL THIS MO. 0 CLEAR (SCALE 0-3) 23
DPTR FM NORMAL -4 PTCLDY (SCALE 4-7) 7
TOTAL FM JUL 1 3517 CLOUDY (SCALE 8-10) 0
DPTR FM NORMAL -337
[CDD (BASE 65) ]
TOTAL THIS MO. 365
DPTR FM NORMAL 63 [PRESSURE DATA]
TOTAL FM JAN 1 574 HIGHEST SLP M ON M
DPTR FM NORMAL 122 LOWEST SLP 29.60 ON 6
[REMARKS]
#FINAL-06-22#