000
CXUS54 KTSA 010950
CF6XNA
PRELIMINARY LOCAL CLIMATOLOGICAL DATA (WS FORM: F-6)
STATION: HIGHFILL ARKANSAS
MONTH: JANUARY
YEAR: 2022
LATITUDE: 36 16 N
LONGITUDE: 94 19 W
TEMPERATURE IN F: :PCPN: SNOW: WIND :SUNSHINE: SKY :PK WND
================================================================================
1 2 3 4 5 6A 6B 7 8 9 10 11 12 13 14 15 16 17 18
12Z AVG MX 2MIN
DY MAX MIN AVG DEP HDD CDD WTR SNW DPTH SPD SPD DIR MIN PSBL S-S WX SPD DR
================================================================================
1 57 16 37 0 28 0 0.72 M M 10.2 21 350 M M 10 1 28 320
2 26 14 20 -17 45 0 T M M 8.5 18 340 M M 6 1 26 330
3 43 15 29 -8 36 0 0.00 0.0 M 5.4 12 190 M M 0 16 180
4 49 25 37 0 28 0 0.00 0.0 M 14.5 30 180 M M 0 43 190
5 43 27 35 -2 30 0 0.00 0.0 M 9.2 17 20 M M 0 23 10
6 28 16 22 -15 43 0 T M M 12.0 20 10 M M 8 25 20
7 40 15 28 -9 37 0 0.00 0.0 M 8.1 21 160 M M 2 27 160
8 M 32 M M M M T 0.0 M 13.8 24 180 M M 10 18 35 200
9 M M M M M M 0.03 0.0 M 13.0 24 40 M M 4 18 33 40
10 50 20 35 -2 30 0 0.00 0.0 M 3.1 15 240 M M 0 8 19 250
11 56 23 40 3 25 0 0.00 0.0 M 7.0 20 210 M M 0 28 200
12 56 38 47 10 18 0 0.00 0.0 M 8.2 15 220 M M 0 20 220
13 62 32 47 10 18 0 0.00 0.0 M 6.9 18 330 M M 0 27 330
14 57 33 45 8 20 0 0.02 0.0 M 5.8 15 130 M M 2 22 130
15 45 24 35 -2 30 0 0.30 M M 15.4 24 350 M M 10 1 36 310
16 30 22 26 -11 39 0 0.00 0.0 M 7.6 17 360 M M 9 1 24 350
17 49 21 35 -2 30 0 0.00 0.0 M 5.0 10 220 M M 0 1 15 230
18 60 31 46 9 19 0 0.00 0.0 M 8.6 23 180 M M 0 32 210
19 48 18 33 -4 32 0 0.01 M M 14.4 28 10 M M 6 1 36 10
20 25 12 19 -18 46 0 0.00 0.0 M 13.5 22 20 M M 1 31 10
21 32 10 21 -16 44 0 0.00 0.0 M 3.4 8 90 M M 0 14 110
22 45 16 31 -6 34 0 0.00 0.0 M 5.0 13 260 M M 0 8 17 250
23 54 26 40 3 25 0 0.00 M M 7.2 13 290 M M 0 8 20 250
24 64 32 48 11 17 0 T M M 9.8 24 10 M M 0 36 10
25 38 22 30 -7 35 0 0.00 0.0 M 11.8 18 60 M M 3 24 50
26 39 18 29 -8 36 0 0.00 0.0 M 4.3 13 50 M M 8 18 20
27 42 28 35 -3 30 0 0.00 0.0 M 5.1 14 260 M M 8 17 270
28 40 20 30 -8 35 0 T M M 7.7 21 340 M M 4 28 310
29 56 19 38 0 27 0 0.00 M M 8.0 20 210 M M 0 28 220
30 57 31 44 6 21 0 0.00 0.0 M 4.1 10 30 M M 0 16 50
31 66 24 45 7 20 0 0.00 0.0 M 7.4 20 190 M M 0 27 200
================================================================================
SM 1357 680 878 0 1.08 0.0 264.0 M 91
================================================================================
AV 46.8 22.7 8.5 FASTST M M 3 MAX(MPH)
MISC ----> 30 180 43 190
================================================================================
NOTES:
# LAST OF SEVERAL OCCURRENCES
COLUMN 17 PEAK WIND IN M.P.H.
PRELIMINARY LOCAL CLIMATOLOGICAL DATA (WS FORM: F-6) , PAGE 2
STATION: HIGHFILL ARKANSAS
MONTH: JANUARY
YEAR: 2022
LATITUDE: 36 16 N
LONGITUDE: 94 19 W
[TEMPERATURE DATA] [PRECIPITATION DATA] SYMBOLS USED IN COLUMN 16
AVERAGE MONTHLY: 34.7 TOTAL FOR MONTH: 1.08 1 = FOG OR MIST
DPTR FM NORMAL: -2.4 DPTR FM NORMAL: -1.43 2 = FOG REDUCING VISIBILITY
HIGHEST: 66 ON 31 GRTST 24HR 1.39 ON 31- 1 TO 1/4 MILE OR LESS
LOWEST: 10 ON 21 3 = THUNDER
SNOW, ICE PELLETS, HAIL 4 = ICE PELLETS
TOTAL MONTH: 0.0 INCH 5 = HAIL
GRTST 24HR 0.0 6 = FREEZING RAIN OR DRIZZLE
GRTST DEPTH: M ON M 7 = DUSTSTORM OR SANDSTORM:
VSBY 1/2 MILE OR LESS
8 = SMOKE OR HAZE
[NO. OF DAYS WITH] [WEATHER - DAYS WITH] 9 = BLOWING SNOW
X = TORNADO
MAX 32 OR BELOW: 5 0.01 INCH OR MORE: 5
MAX 90 OR ABOVE: 0 0.10 INCH OR MORE: 2
MIN 32 OR BELOW: 28 0.50 INCH OR MORE: 1
MIN 0 OR BELOW: 0 1.00 INCH OR MORE: 0
[HDD (BASE 65) ]
TOTAL THIS MO. 878 CLEAR (SCALE 0-3) 20
DPTR FM NORMAL 13 PTCLDY (SCALE 4-7) 6
TOTAL FM JUL 1 1954 CLOUDY (SCALE 8-10) 5
DPTR FM NORMAL -440
[CDD (BASE 65) ]
TOTAL THIS MO. 0
DPTR FM NORMAL 0 [PRESSURE DATA]
TOTAL FM JAN 1 0 HIGHEST SLP M ON M
DPTR FM NORMAL 0 LOWEST SLP 29.58 ON 1
[REMARKS]
#FINAL-01-22#