000
CXUS54 KTSA 011149
CF6XNA
PRELIMINARY LOCAL CLIMATOLOGICAL DATA (WS FORM: F-6)
STATION: HIGHFILL ARKANSAS
MONTH: AUGUST
YEAR: 2021
LATITUDE: 36 16 N
LONGITUDE: 94 19 W
TEMPERATURE IN F: :PCPN: SNOW: WIND :SUNSHINE: SKY :PK WND
================================================================================
1 2 3 4 5 6A 6B 7 8 9 10 11 12 13 14 15 16 17 18
12Z AVG MX 2MIN
DY MAX MIN AVG DEP HDD CDD WTR SNW DPTH SPD SPD DIR MIN PSBL S-S WX SPD DR
================================================================================
1 86 70 78 -2 0 13 0.32 0.0 M 7.5 16 20 M M 4 138 23 90
2 87 65 76 -4 0 11 0.00 0.0 M 6.2 15 30 M M 2 18 22 10
3 86 63 75 -5 0 10 0.00 0.0 M 5.1 12 350 M M 2 18 23 360
4 88 64 76 -4 0 11 T 0.0 M 3.3 12 110 M M 3 1 24 70
5 83 66 75 -5 0 10 0.00 0.0 M 4.6 14 220 M M 2 18 20 220
6 88 64 76 -4 0 11 0.00 0.0 M 6.1 15 180 M M 1 1 20 220
7 91 67 79 -1 0 14 0.00 0.0 M 8.8 18 180 M M 0 18 24 180
8 91 74 83 3 0 18 0.00 0.0 M 11.0 20 170 M M 4 26 180
9 92 76 84 4 0 19 0.00 0.0 M 11.6 21 190 M M 1 27 180
10 95 76 86 6 0 21 0.00 0.0 M 10.9 21 180 M M 0 28 200
11 96 75 86 6 0 21 0.00 0.0 M 10.8 20 200 M M 0 30 170
12 97 74 86 7 0 21 T 0.0 M 9.4 20 220 M M 1 3 27 230
13 95 69 82 3 0 17 1.52 0.0 M 5.6 24 170 M M 3 13 39 160
14 88 70 79 0 0 14 T 0.0 M 3.9 12 10 M M 2 15 10
15 88 68 78 -1 0 13 0.00 0.0 M 4.3 12 80 M M 2 16 110
16 89 69 79 0 0 14 T 0.0 M 4.0 21 150 M M 0 24 150
17 83 69 76 -3 0 11 0.46 0.0 M 4.7 21 140 M M 3 1 26 150
18 83 69 76 -3 0 11 0.56 0.0 M 4.6 18 230 M M 4 13 27 230
19 88 69 79 0 0 14 0.01 0.0 M 5.8 16 170 M M 4 1 20 170
20 90 73 82 4 0 17 T 0.0 M 9.3 18 170 M M 2 24 180
21 85 71 78 0 0 13 0.12 0.0 M 5.3 23 350 M M 3 13 31 360
22 93 72 83 5 0 18 0.00 0.0 M 3.1 12 220 M M 1 15 200
23 93 72 83 5 0 18 0.00 0.0 M 5.8 14 170 M M 0 20 180
24 93 70 82 4 0 17 0.00 0.0 M 6.3 15 190 M M 0 20 190
25 95 68 82 4 0 17 0.00 0.0 M 3.1 10 150 M M 0 17 90
26 95 70 83 6 0 18 T 0.0 M 2.5 12 170 M M 1 3 16 110
27 93 70 82 5 0 17 0.00 0.0 M 5.8 14 180 M M 0 19 160
28 89 69 79 2 0 14 0.00 0.0 M 6.2 20 150 M M 1 26 150
29 88 70 79 3 0 14 0.00 0.0 M 4.2 18 100 M M 2 26 110
30 92 71 82 6 0 17 0.00 0.0 M 5.0 13 60 M M 1 19 90
31 92 65 79 3 0 14 0.00 0.0 M 2.6 14 260 M M 0 20 270
================================================================================
SM 2792 2158 0 468 2.99 0.0 187.4 M 49
================================================================================
AV 90.1 69.6 6.0 FASTST M M 2 MAX(MPH)
MISC ----> 24 170 39 160
================================================================================
NOTES:
# LAST OF SEVERAL OCCURRENCES
COLUMN 17 PEAK WIND IN M.P.H.
PRELIMINARY LOCAL CLIMATOLOGICAL DATA (WS FORM: F-6) , PAGE 2
STATION: HIGHFILL ARKANSAS
MONTH: AUGUST
YEAR: 2021
LATITUDE: 36 16 N
LONGITUDE: 94 19 W
[TEMPERATURE DATA] [PRECIPITATION DATA] SYMBOLS USED IN COLUMN 16
AVERAGE MONTHLY: 79.8 TOTAL FOR MONTH: 2.99 1 = FOG OR MIST
DPTR FM NORMAL: 1.2 DPTR FM NORMAL: -0.35 2 = FOG REDUCING VISIBILITY
HIGHEST: 97 ON 12 GRTST 24HR 1.52 ON 12-13 TO 1/4 MILE OR LESS
LOWEST: 63 ON 3 3 = THUNDER
SNOW, ICE PELLETS, HAIL 4 = ICE PELLETS
TOTAL MONTH: 0.0 INCH 5 = HAIL
GRTST 24HR 0.0 6 = FREEZING RAIN OR DRIZZLE
GRTST DEPTH: M ON M 7 = DUSTSTORM OR SANDSTORM:
VSBY 1/2 MILE OR LESS
8 = SMOKE OR HAZE
[NO. OF DAYS WITH] [WEATHER - DAYS WITH] 9 = BLOWING SNOW
X = TORNADO
MAX 32 OR BELOW: 0 0.01 INCH OR MORE: 6
MAX 90 OR ABOVE: 16 0.10 INCH OR MORE: 5
MIN 32 OR BELOW: 0 0.50 INCH OR MORE: 2
MIN 0 OR BELOW: 0 1.00 INCH OR MORE: 1
[HDD (BASE 65) ]
TOTAL THIS MO. 0 CLEAR (SCALE 0-3) 25
DPTR FM NORMAL 0 PTCLDY (SCALE 4-7) 6
TOTAL FM JUL 1 0 CLOUDY (SCALE 8-10) 0
DPTR FM NORMAL 0
[CDD (BASE 65) ]
TOTAL THIS MO. 468
DPTR FM NORMAL 46 [PRESSURE DATA]
TOTAL FM JAN 1 1308 HIGHEST SLP M ON M
DPTR FM NORMAL -12 LOWEST SLP 29.70 ON 31
[REMARKS]
#FINAL-08-21#