000
CXUS54 KTSA 010850
CF6XNA
PRELIMINARY LOCAL CLIMATOLOGICAL DATA (WS FORM: F-6)
STATION: HIGHFILL ARKANSAS
MONTH: APRIL
YEAR: 2021
LATITUDE: 36 16 N
LONGITUDE: 94 19 W
TEMPERATURE IN F: :PCPN: SNOW: WIND :SUNSHINE: SKY :PK WND
================================================================================
1 2 3 4 5 6A 6B 7 8 9 10 11 12 13 14 15 16 17 18
12Z AVG MX 2MIN
DY MAX MIN AVG DEP HDD CDD WTR SNW DPTH SPD SPD DIR MIN PSBL S-S WX SPD DR
================================================================================
1 57 29 43 -9 22 0 0.00 0.0 M 6.3 18 360 M M 0 27 330
2 64 33 49 -3 16 0 0.00 0.0 M 9.5 17 190 M M 0 22 180
3 68 41 55 3 10 0 0.00 0.0 M 9.2 17 190 M M 3 24 160
4 73 44 59 6 6 0 0.00 0.0 M 6.8 15 190 M M 0 20 190
5 75 49 62 9 3 0 0.00 0.0 M 9.6 20 180 M M 4 29 190
6 73 57 65 12 0 0 T 0.0 M 15.0 24 160 M M 4 38 190
7 66 48 57 3 8 0 0.00 0.0 M 16.8 22 180 M M 8 33 180
8 71 45 58 4 7 0 0.00 0.0 M 13.8 28 260 M M 4 41 260
9 81 53 67 13 0 2 0.42 0.0 M 10.2 33 300 M M 2 13 52 310
10 59 43 51 -3 14 0 0.00 0.0 M 11.0 21 260 M M 7 1 27 260
11 76 39 58 3 7 0 0.00 0.0 M 7.6 17 220 M M 0 24 240
12 72 47 60 5 5 0 0.09 0.0 M 10.1 20 10 M M 4 3 26 10
13 66 48 57 1 8 0 0.27 0.0 M 12.0 21 60 M M 8 13 29 50
14 65 47 56 0 9 0 0.54 0.0 M 8.1 15 30 M M 8 1 20 50
15 62 46 54 -2 11 0 T 0.0 M 7.1 14 30 M M 3 26 60
16 53 47 50 -6 15 0 0.16 0.0 M 5.6 15 120 M M 10 1 20 70
17 51 42 47 -10 18 0 0.07 0.0 M 7.1 16 340 M M 9 1 21 340
18 61 38 50 -7 15 0 0.00 0.0 M 6.1 17 300 M M 6 25 300
19 70 35 53 -4 12 0 0.00 0.0 M 6.0 15 220 M M 0 22 240
20 49 28 39 -19 26 0 0.18 0.0 M 10.7 22 360 M M 5 12 29 360
21 56 26 41 -17 24 0 0.00 0.0 M 6.6 16 310 M M 1 25 320
22 62 31 47 -11 18 0 T 0.0 M 5.3 16 180 M M 3 24 180
23 68 47 58 -1 7 0 0.53 0.0 M 9.1 23 150 M M 10 13 29 160
24 66 46 56 -3 9 0 0.60 0.0 M 8.1 21 10 M M 6 1 29 360
25 74 39 57 -2 8 0 0.00 0.0 M 9.9 23 160 M M 0 1 30 160
26 83 59 71 11 0 6 0.00 0.0 M 15.5 25 180 M M 0 36 200
27 74 64 69 9 0 4 T 0.0 M 12.3 24 190 M M 4 1 32 200
28 71 64 68 8 0 3 5.20 0.0 M 7.7 20 190 M M 9 13 29 180
29 74 52 63 3 2 0 0.00 0.0 M 9.0 18 350 M M 6 1 24 330
30 80 46 63 2 2 0 0.00 0.0 M 1.7 9 200 M M 0 12 210
================================================================================
SM 2020 1333 282 15 8.06 0.0 273.8 M 124
================================================================================
AV 67.3 44.4 9.1 FASTST M M 4 MAX(MPH)
MISC ----> 33 300 52 310
================================================================================
NOTES:
# LAST OF SEVERAL OCCURRENCES
COLUMN 17 PEAK WIND IN M.P.H.
PRELIMINARY LOCAL CLIMATOLOGICAL DATA (WS FORM: F-6) , PAGE 2
STATION: HIGHFILL ARKANSAS
MONTH: APRIL
YEAR: 2021
LATITUDE: 36 16 N
LONGITUDE: 94 19 W
[TEMPERATURE DATA] [PRECIPITATION DATA] SYMBOLS USED IN COLUMN 16
AVERAGE MONTHLY: 55.9 TOTAL FOR MONTH: 8.06 1 = FOG OR MIST
DPTR FM NORMAL: -0.4 DPTR FM NORMAL: 3.62 2 = FOG REDUCING VISIBILITY
HIGHEST: 83 ON 26 GRTST 24HR 5.20 ON 27-28 TO 1/4 MILE OR LESS
LOWEST: 26 ON 21 3 = THUNDER
SNOW, ICE PELLETS, HAIL 4 = ICE PELLETS
TOTAL MONTH: 0.0 INCH 5 = HAIL
GRTST 24HR 0.0 6 = FREEZING RAIN OR DRIZZLE
GRTST DEPTH: M ON M 7 = DUSTSTORM OR SANDSTORM:
VSBY 1/2 MILE OR LESS
8 = SMOKE OR HAZE
[NO. OF DAYS WITH] [WEATHER - DAYS WITH] 9 = BLOWING SNOW
X = TORNADO
MAX 32 OR BELOW: 0 0.01 INCH OR MORE: 10
MAX 90 OR ABOVE: 0 0.10 INCH OR MORE: 8
MIN 32 OR BELOW: 4 0.50 INCH OR MORE: 4
MIN 0 OR BELOW: 0 1.00 INCH OR MORE: 1
[HDD (BASE 65) ]
TOTAL THIS MO. 282 CLEAR (SCALE 0-3) 11
DPTR FM NORMAL 2 PTCLDY (SCALE 4-7) 13
TOTAL FM JUL 1 3951 CLOUDY (SCALE 8-10) 6
DPTR FM NORMAL -273
[CDD (BASE 65) ]
TOTAL THIS MO. 15
DPTR FM NORMAL -3 [PRESSURE DATA]
TOTAL FM JAN 1 15 HIGHEST SLP M ON M
DPTR FM NORMAL -6 LOWEST SLP 29.53 ON 9
[REMARKS]
#FINAL-04-21#