000
CXUS54 KTSA 011153
CF6XNA
PRELIMINARY LOCAL CLIMATOLOGICAL DATA (WS FORM: F-6)
STATION: HIGHFILL ARKANSAS
MONTH: MARCH
YEAR: 2021
LATITUDE: 36 16 N
LONGITUDE: 94 19 W
TEMPERATURE IN F: :PCPN: SNOW: WIND :SUNSHINE: SKY :PK WND
================================================================================
1 2 3 4 5 6A 6B 7 8 9 10 11 12 13 14 15 16 17 18
12Z AVG MX 2MIN
DY MAX MIN AVG DEP HDD CDD WTR SNW DPTH SPD SPD DIR MIN PSBL S-S WX SPD DR
================================================================================
1 58 30 44 0 21 0 0.00 0.0 M 7.0 17 20 M M 0 23 20
2 58 26 42 -2 23 0 0.00 0.0 M 4.7 16 200 M M 0 24 270
3 66 33 50 6 15 0 0.00 0.0 M 6.7 17 220 M M 0 23 220
4 71 33 52 8 13 0 0.00 0.0 M 4.2 15 140 M M 0 8 23 170
5 56 35 46 1 19 0 0.13 0.0 M 8.7 15 60 M M 6 8 22 80
6 61 29 45 0 20 0 0.00 0.0 M 2.4 8 200 M M 0 11 230
7 65 32 49 4 16 0 0.00 0.0 M 6.8 20 190 M M 0 8 27 180
8 66 34 50 4 15 0 0.00 0.0 M 9.4 20 170 M M 0 8 27 200
9 69 51 60 14 5 0 0.00 0.0 M 16.1 31 190 M M 5 44 180
10 69 60 65 19 0 0 0.00 0.0 M 19.7 33 200 M M 7 49 170
11 70 52 61 15 4 0 0.11 0.0 M 11.5 25 190 M M 9 13 36 190
12 66 50 58 11 7 0 0.50 0.0 M 6.9 16 70 M M 10 13 24 80
13 68 48 58 11 7 0 0.82 0.0 M 10.4 20 130 M M 7 13 25 140
14 65 44 55 8 10 0 0.96 0.0 M 9.2 22 130 M M 9 13 27 140
15 68 41 55 7 10 0 T 0.0 M 9.4 28 240 M M 1 1 41 220
16 74 38 56 8 9 0 0.00 0.0 M 7.7 18 160 M M 0 21 160
17 73 39 56 8 9 0 0.76 0.0 M 11.6 26 200 M M 6 135 38 190
18 43 34 39 -9 26 0 0.02 0.0 M 15.2 23 320 M M 10 1 35 310
19 61 37 49 0 16 0 0.00 0.0 M 10.0 21 30 M M 1 32 10
20 63 35 49 0 16 0 0.00 0.0 M 6.9 14 140 M M 0 8 19 140
21 67 38 53 4 12 0 0.00 M M 12.6 24 160 M M 0 8 33 170
22 62 46 54 5 11 0 0.21 0.0 M 12.4 26 170 M M 4 8 34 170
23 55 51 53 3 12 0 0.24 0.0 M 14.4 21 190 M M 8 18 37 190
24 62 39 51 1 14 0 0.06 0.0 M 7.4 15 350 M M 2 1 20 280
25 54 37 46 -4 19 0 0.84 0.0 M 7.3 22 70 M M 7 12 30 70
26 71 34 53 3 12 0 0.00 0.0 M 7.0 18 160 M M 3 12 22 190
27 79 47 63 12 2 0 0.10 0.0 M 10.8 24 340 M M 3 3 33 330
28 61 40 51 0 14 0 0.00 0.0 M 9.0 20 360 M M 0 27 360
29 70 39 55 4 10 0 0.00 0.0 M 13.6 22 170 M M 0 33 160
30 70 51 61 10 4 0 T 0.0 M 14.6 26 190 M M 6 37 180
31 59 39 49 -3 16 0 T 0.0 M 12.3 23 360 M M 3 33 340
================================================================================
SM 2000 1242 387 0 4.75 0.0 305.9 M 107
================================================================================
AV 64.5 40.1 9.9 FASTST M M 3 MAX(MPH)
MISC ----> 33 200 49 170
================================================================================
NOTES:
# LAST OF SEVERAL OCCURRENCES
COLUMN 17 PEAK WIND IN M.P.H.
PRELIMINARY LOCAL CLIMATOLOGICAL DATA (WS FORM: F-6) , PAGE 2
STATION: HIGHFILL ARKANSAS
MONTH: MARCH
YEAR: 2021
LATITUDE: 36 16 N
LONGITUDE: 94 19 W
[TEMPERATURE DATA] [PRECIPITATION DATA] SYMBOLS USED IN COLUMN 16
AVERAGE MONTHLY: 52.3 TOTAL FOR MONTH: 4.75 1 = FOG OR MIST
DPTR FM NORMAL: 4.5 DPTR FM NORMAL: 0.65 2 = FOG REDUCING VISIBILITY
HIGHEST: 79 ON 27 GRTST 24HR 1.32 ON 12-13 TO 1/4 MILE OR LESS
LOWEST: 26 ON 2 3 = THUNDER
SNOW, ICE PELLETS, HAIL 4 = ICE PELLETS
TOTAL MONTH: 0.0 INCH 5 = HAIL
GRTST 24HR 0.0 6 = FREEZING RAIN OR DRIZZLE
GRTST DEPTH: M ON M 7 = DUSTSTORM OR SANDSTORM:
VSBY 1/2 MILE OR LESS
8 = SMOKE OR HAZE
[NO. OF DAYS WITH] [WEATHER - DAYS WITH] 9 = BLOWING SNOW
X = TORNADO
MAX 32 OR BELOW: 0 0.01 INCH OR MORE: 12
MAX 90 OR ABOVE: 0 0.10 INCH OR MORE: 10
MIN 32 OR BELOW: 4 0.50 INCH OR MORE: 5
MIN 0 OR BELOW: 0 1.00 INCH OR MORE: 0
[HDD (BASE 65) ]
TOTAL THIS MO. 387 CLEAR (SCALE 0-3) 18
DPTR FM NORMAL -151 PTCLDY (SCALE 4-7) 8
TOTAL FM JUL 1 3669 CLOUDY (SCALE 8-10) 5
DPTR FM NORMAL -274
[CDD (BASE 65) ]
TOTAL THIS MO. 0
DPTR FM NORMAL -3 [PRESSURE DATA]
TOTAL FM JAN 1 0 HIGHEST SLP M ON M
DPTR FM NORMAL -3 LOWEST SLP 29.43 ON 17
[REMARKS]
#FINAL-03-21#