257
CXUS54 KTSA 010950
CF6XNA
PRELIMINARY LOCAL CLIMATOLOGICAL DATA (WS FORM: F-6)
STATION: HIGHFILL ARKANSAS
MONTH: JANUARY
YEAR: 2021
LATITUDE: 36 16 N
LONGITUDE: 94 19 W
TEMPERATURE IN F: :PCPN: SNOW: WIND :SUNSHINE: SKY :PK WND
================================================================================
1 2 3 4 5 6A 6B 7 8 9 10 11 12 13 14 15 16 17 18
12Z AVG MX 2MIN
DY MAX MIN AVG DEP HDD CDD WTR SNW DPTH SPD SPD DIR MIN PSBL S-S WX SPD DR
================================================================================
1 38 32 35 0 30 0 0.43 0.0 M 9.2 31 50 M M 10 1 41 50
2 36 31 34 -1 31 0 T M M 5.5 15 300 M M 10 18 20 300
3 57 26 42 7 23 0 0.00 0.0 M 4.3 13 150 M M 0 1 21 110
4 56 27 42 7 23 0 0.00 0.0 M 5.8 20 300 M M 1 1 30 290
5 58 25 42 7 23 0 0.00 0.0 M 5.2 14 160 M M 0 18 17 170
6 44 36 40 5 25 0 0.59 0.0 M 10.1 20 130 M M 9 1 27 140
7 39 33 36 1 29 0 0.16 M M 9.9 15 30 M M 10 1 22 50
8 39 28 34 -1 31 0 0.00 0.0 M 9.8 15 360 M M 10 23 10
9 41 22 32 -3 33 0 0.00 0.0 M 5.0 15 20 M M 1 19 350
10 35 21 28 -7 37 0 0.00 0.0 M 4.9 14 20 M M 1 17 20
11 37 23 30 -5 35 0 0.00 0.0 M 5.1 13 10 M M 4 17 40
12 49 20 35 0 30 0 0.00 0.0 M 7.6 15 240 M M 0 20 230
13 52 23 38 3 27 0 0.00 0.0 M 8.7 20 200 M M 0 28 220
14 52 33 43 8 22 0 0.00 0.0 M 12.5 33 330 M M 3 46 330
15 40 32 36 1 29 0 T M M 16.8 28 290 M M 8 40 310
16 43 30 37 2 28 0 T M M 8.6 17 240 M M 7 24 280
17 49 24 37 2 28 0 T M M 8.1 22 270 M M 2 29 250
18 55 26 41 6 24 0 0.00 0.0 M 7.7 20 200 M M 4 30 230
19 49 28 39 4 26 0 0.00 0.0 M 6.8 14 310 M M 1 20 330
20 48 24 36 1 29 0 0.02 0.0 M 8.1 22 200 M M 5 1 32 200
21 53 37 45 10 20 0 0.00 0.0 M 2.9 12 220 M M 5 1 18 230
22 51 32 42 7 23 0 0.00 0.0 M 9.5 20 70 M M 0 24 70
23 45 29 37 2 28 0 0.01 0.0 M 9.4 16 160 M M 6 20 160
24 51 40 46 11 19 0 0.10 0.0 M 6.3 14 350 M M 10 138 20 70
25 59 40 50 15 15 0 1.65 M M 10.3 24 310 M M 9 13 36 300
26 41 32 37 2 28 0 0.00 0.0 M 8.2 17 260 M M 10 23 260
27 34 29 32 -3 33 0 0.01 M M 8.9 16 350 M M 10 1 22 320
28 45 28 37 2 28 0 0.00 0.0 M 6.4 12 150 M M 5 16 160
29 53 28 41 6 24 0 0.00 0.0 M 11.2 20 180 M M 1 25 170
30 59 41 50 15 15 0 0.36 0.0 M 13.7 28 250 M M 8 1 41 250
31 41 34 38 2 27 0 T M M 14.2 21 340 M M 10 18 31 300
================================================================================
SM 1449 914 823 0 3.33 0.0 260.7 M 160
================================================================================
AV 46.7 29.5 8.4 FASTST M M 5 MAX(MPH)
MISC ----> 33 330 46 330
================================================================================
NOTES:
# LAST OF SEVERAL OCCURRENCES
COLUMN 17 PEAK WIND IN M.P.H.
PRELIMINARY LOCAL CLIMATOLOGICAL DATA (WS FORM: F-6) , PAGE 2
STATION: HIGHFILL ARKANSAS
MONTH: JANUARY
YEAR: 2021
LATITUDE: 36 16 N
LONGITUDE: 94 19 W
[TEMPERATURE DATA] [PRECIPITATION DATA] SYMBOLS USED IN COLUMN 16
AVERAGE MONTHLY: 38.1 TOTAL FOR MONTH: 3.33 1 = FOG OR MIST
DPTR FM NORMAL: 3.2 DPTR FM NORMAL: 0.79 2 = FOG REDUCING VISIBILITY
HIGHEST: 59 ON 25,30 GRTST 24HR 1.65 ON 25-25 TO 1/4 MILE OR LESS
LOWEST: 20 ON 12 3 = THUNDER
SNOW, ICE PELLETS, HAIL 4 = ICE PELLETS
TOTAL MONTH: 0.0 INCH 5 = HAIL
GRTST 24HR 0.0 6 = FREEZING RAIN OR DRIZZLE
GRTST DEPTH: M ON M 7 = DUSTSTORM OR SANDSTORM:
VSBY 1/2 MILE OR LESS
8 = SMOKE OR HAZE
[NO. OF DAYS WITH] [WEATHER - DAYS WITH] 9 = BLOWING SNOW
X = TORNADO
MAX 32 OR BELOW: 0 0.01 INCH OR MORE: 9
MAX 90 OR ABOVE: 0 0.10 INCH OR MORE: 6
MIN 32 OR BELOW: 23 0.50 INCH OR MORE: 2
MIN 0 OR BELOW: 0 1.00 INCH OR MORE: 1
[HDD (BASE 65) ]
TOTAL THIS MO. 823 CLEAR (SCALE 0-3) 12
DPTR FM NORMAL -110 PTCLDY (SCALE 4-7) 9
TOTAL FM JUL 1 2320 CLOUDY (SCALE 8-10) 10
DPTR FM NORMAL -358
[CDD (BASE 65) ]
TOTAL THIS MO. 0
DPTR FM NORMAL 0 [PRESSURE DATA]
TOTAL FM JAN 1 0 HIGHEST SLP M ON M
DPTR FM NORMAL 0 LOWEST SLP 29.47 ON 30
[REMARKS]
#FINAL-01-21#