000
CXUS54 KTSA 010950
CF6XNA
PRELIMINARY LOCAL CLIMATOLOGICAL DATA (WS FORM: F-6)
STATION: HIGHFILL ARKANSAS
MONTH: OCTOBER
YEAR: 2020
LATITUDE: 36 16 N
LONGITUDE: 94 19 W
TEMPERATURE IN F: :PCPN: SNOW: WIND :SUNSHINE: SKY :PK WND
================================================================================
1 2 3 4 5 6A 6B 7 8 9 10 11 12 13 14 15 16 17 18
12Z AVG MX 2MIN
DY MAX MIN AVG DEP HDD CDD WTR SNW DPTH SPD SPD DIR MIN PSBL S-S WX SPD DR
================================================================================
1 72 44 58 -4 7 0 0.00 0.0 M 7.1 23 340 M M 0 30 10
2 69 38 54 -7 11 0 0.00 0.0 M 3.8 10 300 M M 1 15 210
3 72 46 59 -2 6 0 T 0.0 M 9.6 23 220 M M 1 34 230
4 68 44 56 -5 9 0 0.00 0.0 M 6.9 18 360 M M 2 24 10
5 73 41 57 -3 8 0 0.00 0.0 M 5.8 14 190 M M 0 8 19 140
6 79 46 63 3 2 0 0.00 0.0 M 4.9 12 190 M M 0 8 17 190
7 85 52 69 9 0 4 0.00 0.0 M 4.6 13 250 M M 0 1 17 240
8 82 55 69 10 0 4 0.00 0.0 M 3.9 13 140 M M 1 12 18 110
9 81 54 68 9 0 3 0.00 0.0 M 5.0 21 180 M M 3 1 25 170
10 85 56 71 12 0 6 0.00 0.0 M 3.6 14 50 M M 2 12 20 90
11 88 55 72 13 0 7 0.00 0.0 M 8.2 21 160 M M 0 12 26 160
12 75 46 61 3 4 0 0.00 0.0 M 10.1 25 340 M M 1 36 340
13 79 38 59 1 6 0 0.00 0.0 M 4.5 16 190 M M 0 22 180
14 82 44 63 5 2 0 0.00 0.0 M 10.5 25 200 M M 0 35 190
15 68 43 56 -2 9 0 T 0.0 M 11.9 29 20 M M 8 39 20
16 66 33 50 -7 15 0 0.00 0.0 M 4.0 16 280 M M 0 20 290
17 71 40 56 -1 9 0 0.00 0.0 M 13.9 31 180 M M 3 40 170
18 75 46 61 4 4 0 0.04 0.0 M 10.0 18 10 M M 10 1 24 20
19 54 45 50 -7 15 0 0.28 0.0 M 6.6 16 50 M M 10 12 23 60
20 73 49 61 5 4 0 0.48 0.0 M 5.2 14 180 M M 9 13 20 190
21 83 59 71 15 0 6 0.00 0.0 M 8.3 21 170 M M 4 12 27 180
22 83 64 74 18 0 9 0.00 0.0 M 12.6 24 180 M M 1 8 34 160
23 69 42 56 0 9 0 0.50 0.0 M 13.5 24 360 M M 9 13 32 360
24 48 41 45 -10 20 0 0.00 0.0 M 6.7 16 40 M M 10 1 21 40
25 52 44 48 -7 17 0 0.00 0.0 M 6.7 14 20 M M 10 1 20 360
26 44 34 39 -16 26 0 1.89 M M 11.1 18 20 M M 10 138 26 30
27 42 34 38 -16 27 0 0.55 0.0 M 9.2 15 20 M M 10 1 20 40
28 51 39 45 -9 20 0 2.25 M M 8.1 20 70 M M 10 1 26 70
29 50 34 42 -12 23 0 0.87 M M 8.7 27 20 M M 7 1 39 10
30 64 30 47 -6 18 0 0.00 0.0 M 2.3 8 190 M M 0 1 11 190
31 62 38 50 -3 15 0 0.00 0.0 M 7.7 21 190 M M 0 29 180
================================================================================
SM 2145 1374 286 39 6.86 0.0 235.0 M 122
================================================================================
AV 69.2 44.3 7.6 FASTST M M 4 MAX(MPH)
MISC ----> 31 180 40 170
================================================================================
NOTES:
# LAST OF SEVERAL OCCURRENCES
COLUMN 17 PEAK WIND IN M.P.H.
PRELIMINARY LOCAL CLIMATOLOGICAL DATA (WS FORM: F-6) , PAGE 2
STATION: HIGHFILL ARKANSAS
MONTH: OCTOBER
YEAR: 2020
LATITUDE: 36 16 N
LONGITUDE: 94 19 W
[TEMPERATURE DATA] [PRECIPITATION DATA] SYMBOLS USED IN COLUMN 16
AVERAGE MONTHLY: 56.8 TOTAL FOR MONTH: 6.86 1 = FOG OR MIST
DPTR FM NORMAL: -0.5 DPTR FM NORMAL: 2.72 2 = FOG REDUCING VISIBILITY
HIGHEST: 88 ON 11 GRTST 24HR 2.59 ON 28-29 TO 1/4 MILE OR LESS
LOWEST: 30 ON 30 3 = THUNDER
SNOW, ICE PELLETS, HAIL 4 = ICE PELLETS
TOTAL MONTH: 0.0 INCH 5 = HAIL
GRTST 24HR 0.0 6 = FREEZING RAIN OR DRIZZLE
GRTST DEPTH: 0 7 = DUSTSTORM OR SANDSTORM:
VSBY 1/2 MILE OR LESS
8 = SMOKE OR HAZE
[NO. OF DAYS WITH] [WEATHER - DAYS WITH] 9 = BLOWING SNOW
X = TORNADO
MAX 32 OR BELOW: 0 0.01 INCH OR MORE: 8
MAX 90 OR ABOVE: 0 0.10 INCH OR MORE: 7
MIN 32 OR BELOW: 1 0.50 INCH OR MORE: 5
MIN 0 OR BELOW: 0 1.00 INCH OR MORE: 2
[HDD (BASE 65) ]
TOTAL THIS MO. 286 CLEAR (SCALE 0-3) 19
DPTR FM NORMAL 28 PTCLDY (SCALE 4-7) 2
TOTAL FM JUL 1 300 CLOUDY (SCALE 8-10) 10
DPTR FM NORMAL -8
[CDD (BASE 65) ]
TOTAL THIS MO. 39
DPTR FM NORMAL 20 [PRESSURE DATA]
TOTAL FM JAN 1 1499 HIGHEST SLP M ON M
DPTR FM NORMAL 259 LOWEST SLP 29.66 ON 12
[REMARKS]
#FINAL-10-20#