252
CXUS54 KTSA 012014
CF6XNA
PRELIMINARY LOCAL CLIMATOLOGICAL DATA (WS FORM: F-6)
STATION: HIGHFILL ARKANSAS
MONTH: MAY
YEAR: 2020
LATITUDE: 36 16 N
LONGITUDE: 94 19 W
TEMPERATURE IN F: :PCPN: SNOW: WIND :SUNSHINE: SKY :PK WND
================================================================================
1 2 3 4 5 6A 6B 7 8 9 10 11 12 13 14 15 16 17 18
12Z AVG MX 2MIN
DY MAX MIN AVG DEP HDD CDD WTR SNW DPTH SPD SPD DIR MIN PSBL S-S WX SPD DR
================================================================================
1 80 46 63 2 2 0 0.00 0.0 0 8.2 23 180 M M 0 30 180
2 84 58 71 10 0 6 0.00 0.0 0 9.6 21 180 M M 1 27 170
3 71 64 68 7 0 3 0.03 0.0 0 6.2 14 30 M M 9 1 19 20
4 82 63 73 11 0 8 0.66 0.0 0 10.0 29 120 M M 8 13 42 340
5 72 54 63 1 2 0 0.00 0.0 0 10.8 20 310 M M 3 32 320
6 70 48 59 -3 6 0 0.00 0.0 0 6.9 17 350 M M 2 24 350
7 66 44 55 -7 10 0 0.10 0.0 0 6.9 18 300 M M 3 3 24 140
8 64 43 54 -9 11 0 0.65 0.0 0 13.6 29 360 M M 4 13 39 310
9 67 36 52 -11 13 0 0.00 0.0 0 3.6 12 130 M M 1 17 80
10 66 43 55 -8 10 0 0.00 0.0 0 6.6 16 350 M M 4 21 340
11 51 40 46 -17 19 0 0.03 0.0 0 6.7 16 90 M M 8 26 50
12 51 44 48 -16 17 0 0.72 0.0 0 9.0 20 130 M M 10 1 26 130
13 74 50 62 -2 3 0 0.01 0.0 0 10.1 24 190 M M 6 1 33 200
14 79 65 72 8 0 7 0.00 0.0 0 13.0 25 190 M M 2 35 200
15 70 58 64 0 1 0 1.45 0.0 0 7.4 21 110 M M 5 13 30 110
16 76 58 67 3 0 2 0.04 0.0 0 3.7 10 170 M M 6 M M
17 74 55 65 0 0 0 0.14 0.0 0 11.2 16 330 M M 3 25 330
18 69 51 60 -5 5 0 M 0.0 0 10.2 14 300 M M 4 23 300
19 70 48 59 -6 6 0 0.00 0.0 0 6.8 13 10 M M 5 20 10
20 75 54 65 -1 0 0 0.00 0.0 0 6.0 10 80 M M 4 M M
21 75 54 65 -1 0 0 0.62 0.0 0 8.4 14 120 M M 6 1 20 120
22 78 60 69 3 0 4 0.81 0.0 0 8.1 15 180 M M 5 13 46 280
23 82 64 73 7 0 8 0.01 0.0 0 10.0 15 180 M M 0 M M
24 84 65 75 9 0 10 0.02 0.0 0 9.7 15 210 M M 2 23 210
25 79 64 72 5 0 7 1.97 0.0 0 7.8 14 170 M M 8 1 M M
26 71 64 68 1 0 3 0.17 0.0 0 7.1 12 190 M M 10 1 17 190
27 72 57 65 -2 0 0 0.31 0.0 0 3.0 17 260 M M 6 13 26 230
28 73 54 64 -3 1 0 T 0.0 0 5.2 13 310 M M 6 12 19 320
29 80 55 68 0 0 3 0.00 0.0 0 7.0 17 10 M M 2 12 23 340
30 82 50 66 -2 0 1 0.00 0.0 0 3.8 12 20 M M 0 19 130
31 82 57 70 2 0 5 0.00 0.0 0 3.3 12 120 M M 0 16 60
================================================================================
SM 2269 1666 106 67 7.74 0.0 239.9 M 133
================================================================================
AV 73.2 53.7 7.7 FASTST M M 4 MAX(MPH)
MISC ----> # 29 120 # 46 280
================================================================================
NOTES:
# LAST OF SEVERAL OCCURRENCES
COLUMN 17 PEAK WIND IN M.P.H.
PRELIMINARY LOCAL CLIMATOLOGICAL DATA (WS FORM: F-6) , PAGE 2
STATION: HIGHFILL ARKANSAS
MONTH: MAY
YEAR: 2020
LATITUDE: 36 16 N
LONGITUDE: 94 19 W
[TEMPERATURE DATA] [PRECIPITATION DATA] SYMBOLS USED IN COLUMN 16
AVERAGE MONTHLY: 63.5 TOTAL FOR MONTH: 7.74 1 = FOG OR MIST
DPTR FM NORMAL: -1.1 DPTR FM NORMAL: 1.92 2 = FOG REDUCING VISIBILITY
HIGHEST: 84 ON 24, 2 GRTST 24HR 1.97 ON 25-25 TO 1/4 MILE OR LESS
LOWEST: 36 ON 9 3 = THUNDER
SNOW, ICE PELLETS, HAIL 4 = ICE PELLETS
TOTAL MONTH: 0.0 INCH 5 = HAIL
GRTST 24HR 0.0 6 = FREEZING RAIN OR DRIZZLE
GRTST DEPTH: 0 7 = DUSTSTORM OR SANDSTORM:
VSBY 1/2 MILE OR LESS
8 = SMOKE OR HAZE
[NO. OF DAYS WITH] [WEATHER - DAYS WITH] 9 = BLOWING SNOW
X = TORNADO
MAX 32 OR BELOW: 0 0.01 INCH OR MORE: 17
MAX 90 OR ABOVE: 0 0.10 INCH OR MORE: 11
MIN 32 OR BELOW: 0 0.50 INCH OR MORE: 7
MIN 0 OR BELOW: 0 1.00 INCH OR MORE: 2
[HDD (BASE 65) ]
TOTAL THIS MO. 106 CLEAR (SCALE 0-3) 13
DPTR FM NORMAL 17 PTCLDY (SCALE 4-7) 15
TOTAL FM JUL 1 3848 CLOUDY (SCALE 8-10) 3
DPTR FM NORMAL -465
[CDD (BASE 65) ]
TOTAL THIS MO. 67
DPTR FM NORMAL -8 [PRESSURE DATA]
TOTAL FM JAN 1 102 HIGHEST SLP M ON M
DPTR FM NORMAL 6 LOWEST SLP 29.67 ON 4
[REMARKS]
#FINAL-05-20#
#FINAL-05-20#