000
CXUS54 KTSA 011104
CF6XNA
PRELIMINARY LOCAL CLIMATOLOGICAL DATA (WS FORM: F-6)
STATION: HIGHFILL ARKANSAS
MONTH: JULY
YEAR: 2023
LATITUDE: 36 16 N
LONGITUDE: 94 19 W
TEMPERATURE IN F: :PCPN: SNOW: WIND :SUNSHINE: SKY :PK WND
================================================================================
1 2 3 4 5 6A 6B 7 8 9 10 11 12 13 14 15 16 17 18
12Z AVG MX 2MIN
DY MAX MIN AVG DEP HDD CDD WTR SNW DPTH SPD SPD DIR MIN PSBL S-S WX SPD DR
================================================================================
1 90 74 82 4 0 17 0.03 0.0 M 7.7 17 200 M M 2 26 200
2 89 68 79 1 0 14 0.00 0.0 M 6.0 15 270 M M 1 20 310
3 93 64 79 1 0 14 0.00 0.0 M 3.1 13 290 M M 0 17 300
4 92 67 80 1 0 15 0.00 0.0 M 5.5 13 260 M M 0 18 250
5 87 70 79 0 0 14 0.03 0.0 M 6.0 20 330 M M 2 3 28 310
6 84 68 76 -3 0 11 T 0.0 M 3.2 12 190 M M 4 3 20 90
7 86 64 75 -4 0 10 0.00 0.0 M 5.4 16 180 M M 1 1 21 220
8 90 70 80 1 0 15 0.07 0.0 M 7.5 17 270 M M 4 3 24 270
9 84 67 76 -3 0 11 0.52 0.0 M 5.2 14 10 M M 5 1 21 70
10 88 63 76 -3 0 11 0.00 0.0 M 3.3 12 190 M M 1 17 250
11 89 67 78 -1 0 13 0.00 0.0 M 5.7 13 170 M M 2 18 100
12 96 68 82 3 0 17 0.00 0.0 M 8.2 17 180 M M 0 1 22 180
13 94 71 83 4 0 18 1.32 0.0 M 8.7 44 330 M M 2 13 62 330
14 89 68 79 -1 0 14 1.60 0.0 M 8.6 31 350 M M 4 13 45 350
15 89 69 79 -1 0 14 0.00 0.0 M 5.0 15 350 M M 3 3 19 330
16 90 67 79 -1 0 14 0.00 0.0 M 4.8 14 220 M M 0 20 210
17 86 70 78 -2 0 13 1.08 0.0 M 5.3 14 350 M M 0 13 19 220
18 95 72 84 4 0 19 0.00 0.0 M 9.1 18 210 M M 0 30 210
19 94 80 87 7 0 22 T 0.0 M 10.4 23 210 M M 0 34 210
20 91 77 84 4 0 19 0.00 0.0 M 3.7 13 340 M M 2 16 340
21 79 68 74 -6 0 9 0.80 0.0 M 6.8 23 280 M M 6 13 35 290
22 85 63 74 -6 0 9 0.00 0.0 M 4.6 12 20 M M 1 17 50
23 89 65 77 -3 0 12 0.00 0.0 M 5.8 12 250 M M 0 17 230
24 90 69 80 0 0 15 0.00 0.0 M 7.2 17 360 M M 0 22 70
25 92 70 81 1 0 16 0.00 0.0 M 9.2 17 180 M M 0 25 190
26 92 77 85 5 0 20 T 0.0 M 9.7 23 220 M M 0 36 210
27 93 73 83 3 0 18 0.00 0.0 M 8.2 18 220 M M 0 23 210
28 93 78 86 6 0 21 T 0.0 M 8.0 17 220 M M 1 27 190
29 94 71 83 3 0 18 0.00 0.0 M 5.0 13 230 M M 0 19 230
30 98 71 85 5 0 20 T 0.0 M 6.2 36 20 M M 0 3 48 10
31 93 71 82 2 0 17 0.04 0.0 M 6.0 21 40 M M 1 3 34 20
================================================================================
SM 2794 2160 0 470 5.49 0.0 199.1 M 42
================================================================================
AV 90.1 69.7 6.4 FASTST M M 1 MAX(MPH)
MISC ----> 44 330 62 330
================================================================================
NOTES:
# LAST OF SEVERAL OCCURRENCES
COLUMN 17 PEAK WIND IN M.P.H.
PRELIMINARY LOCAL CLIMATOLOGICAL DATA (WS FORM: F-6) , PAGE 2
STATION: HIGHFILL ARKANSAS
MONTH: JULY
YEAR: 2023
LATITUDE: 36 16 N
LONGITUDE: 94 19 W
[TEMPERATURE DATA] [PRECIPITATION DATA] SYMBOLS USED IN COLUMN 16
AVERAGE MONTHLY: 79.9 TOTAL FOR MONTH: 5.49 1 = FOG OR MIST
DPTR FM NORMAL: 0.5 DPTR FM NORMAL: 1.32 2 = FOG REDUCING VISIBILITY
HIGHEST: 98 ON 30 GRTST 24HR 1.60 ON 14-14 TO 1/4 MILE OR LESS
LOWEST: 63 ON 22,10 3 = THUNDER
SNOW, ICE PELLETS, HAIL 4 = ICE PELLETS
TOTAL MONTH: 0.0 INCH 5 = HAIL
GRTST 24HR 0.0 6 = FREEZING RAIN OR DRIZZLE
GRTST DEPTH: M ON M 7 = DUSTSTORM OR SANDSTORM:
VSBY 1/2 MILE OR LESS
8 = SMOKE OR HAZE
[NO. OF DAYS WITH] [WEATHER - DAYS WITH] 9 = BLOWING SNOW
X = TORNADO
MAX 32 OR BELOW: 0 0.01 INCH OR MORE: 9
MAX 90 OR ABOVE: 18 0.10 INCH OR MORE: 5
MIN 32 OR BELOW: 0 0.50 INCH OR MORE: 5
MIN 0 OR BELOW: 0 1.00 INCH OR MORE: 3
[HDD (BASE 65) ]
TOTAL THIS MO. 0 CLEAR (SCALE 0-3) 26
DPTR FM NORMAL 0 PTCLDY (SCALE 4-7) 5
TOTAL FM JUL 1 0 CLOUDY (SCALE 8-10) 0
DPTR FM NORMAL 0
[CDD (BASE 65) ]
TOTAL THIS MO. 470
DPTR FM NORMAL 24 [PRESSURE DATA]
TOTAL FM JAN 1 965 HIGHEST SLP M ON M
DPTR FM NORMAL 67 LOWEST SLP 29.73 ON 13
[REMARKS]
#FINAL-07-23#