000
CXAK56 PAJK 041930
CF6YAK
PRELIMINARY LOCAL CLIMATOLOGICAL DATA (WS FORM: F-6)
STATION: YAKUTAT
MONTH: MAY
YEAR: 2022
LATITUDE: 59 31 N
LONGITUDE: 139 40 W
TEMPERATURE IN F: :PCPN: SNOW: WIND :SUNSHINE: SKY :PK WND
================================================================================
1 2 3 4 5 6A 6B 7 8 9 10 11 12 13 14 15 16 17 18
12Z AVG MX 2MIN
DY MAX MIN AVG DEP HDD CDD WTR SNW DPTH SPD SPD DIR MIN PSBL S-S WX SPD DR
================================================================================
1 46 40 43 1 22 0 1.56 M M 8.1 18 120 M M 10 1 28 130
2 44 37 41 -2 24 0 0.85 M M 11.5 21 90 M M 10 1 32 90
3 42 37 40 -3 25 0 2.05 M M 11.6 18 110 M M 10 1 29 80
4 44 39 42 -1 23 0 0.41 M M 8.7 17 120 M M 10 1 27 130
5 46 31 39 -4 26 0 0.08 M M 5.8 14 90 M M 7 1 18 90
6 47 29 38 -6 27 0 0.41 M M 1.7 10 70 M M 5 12 11 50
7 48 31 40 -4 25 0 0.00 M M 4.8 14 280 M M 7 2 17 280
8 57 34 46 2 19 0 0.00 M M 4.4 12 280 M M 2 2 15 290
9 46 37 42 -2 23 0 0.08 M M 4.2 13 240 M M 10 12 15 240
10 47 31 39 -5 26 0 0.23 M M 7.5 20 80 M M 8 1 26 80
11 51 30 41 -4 24 0 0.00 M M 5.0 14 290 M M 2 18 280
12 53 29 41 -4 24 0 0.00 M M 4.3 15 240 M M 2 12 20 280
13 51 31 41 -4 24 0 0.00 M M 3.0 10 220 M M 2 14 230
14 47 29 38 -7 27 0 0.01 M M 3.5 10 70 M M 5 17 70
15 56 30 43 -2 22 0 0.00 M M 4.8 14 320 M M 1 18 330
16 48 30 39 -7 26 0 0.35 M M 4.0 12 210 M M 7 1 14 160
17 51 32 42 -4 23 0 0.05 M M 4.5 13 70 M M 5 18 70
18 61 30 46 0 19 0 0.00 M M 6.7 16 320 M M 0 20 320
19 64 31 48 2 17 0 0.00 M M 4.9 13 220 M M 1 1 20 220
20 60 37 49 3 16 0 0.00 M M 3.8 12 230 M M 3 12 15 220
21 63 31 47 0 18 0 0.00 M M 3.0 9 160 M M 0 1 M M
22 61 32 47 0 18 0 0.00 M M 5.5 13 170 M M 2 M M
23 51 43 47 0 18 0 0.30 M M 4.6 14 230 M M 10 1 19 230
24 50 42 46 -1 19 0 0.49 M M 3.6 9 80 M M 10 1 12 80
25 52 40 46 -2 19 0 T M M 5.2 13 260 M M 6 1 17 260
26 54 43 49 1 16 0 0.00 M M 6.6 14 240 M M 7 17 240
27 60 35 48 0 17 0 0.00 M M 6.1 13 290 M M 0 1 16 330
28 70 36 53 5 12 0 0.00 M M 5.3 14 320 M M 0 8 22 10
29 66 35 51 3 14 0 0.00 M M 4.3 12 220 M M 0 14 230
30 64 40 52 3 13 0 0.00 M M 3.6 13 220 M M 2 12 15 220
31 74 37 56 7 9 0 0.00 M M 3.8 14 330 M M 0 17 350
================================================================================
SM 1674 1069 635 0 6.87 M 164.4 M 144
================================================================================
AV 54.0 34.5 5.3 FASTST M M 5 MAX(MPH)
MISC ----> 21 90 32 90
================================================================================
NOTES:
# LAST OF SEVERAL OCCURRENCES
COLUMN 17 PEAK WIND IN M.P.H.
PRELIMINARY LOCAL CLIMATOLOGICAL DATA (WS FORM: F-6) , PAGE 2
STATION: YAKUTAT
MONTH: MAY
YEAR: 2022
LATITUDE: 59 31 N
LONGITUDE: 139 40 W
[TEMPERATURE DATA] [PRECIPITATION DATA] SYMBOLS USED IN COLUMN 16
AVERAGE MONTHLY: 44.2 TOTAL FOR MONTH: 6.87 1 = FOG OR MIST
DPTR FM NORMAL: -1.4 DPTR FM NORMAL: -0.98 2 = FOG REDUCING VISIBILITY
HIGHEST: 74 ON 31 GRTST 24HR 2.29 ON 2- 3 TO 1/4 MILE OR LESS
LOWEST: 29 ON 14,12 3 = THUNDER
SNOW, ICE PELLETS, HAIL 4 = ICE PELLETS
TOTAL MONTH: M 5 = HAIL
GRTST 24HR M ON M 6 = FREEZING RAIN OR DRIZZLE
GRTST DEPTH: M ON M 7 = DUSTSTORM OR SANDSTORM:
VSBY 1/2 MILE OR LESS
8 = SMOKE OR HAZE
[NO. OF DAYS WITH] [WEATHER - DAYS WITH] 9 = BLOWING SNOW
X = TORNADO
MAX 32 OR BELOW: 0 0.01 INCH OR MORE: 13
MAX 90 OR ABOVE: 0 0.10 INCH OR MORE: 9
MIN 32 OR BELOW: 15 0.50 INCH OR MORE: 3
MIN 0 OR BELOW: 0 1.00 INCH OR MORE: 2
[HDD (BASE 65) ]
TOTAL THIS MO. 635 CLEAR (SCALE 0-3) 14
DPTR FM NORMAL 35 PTCLDY (SCALE 4-7) 10
TOTAL FM JUL 1 8599 CLOUDY (SCALE 8-10) 7
DPTR FM NORMAL 285
[CDD (BASE 65) ]
TOTAL THIS MO. 0
DPTR FM NORMAL 0 [PRESSURE DATA]
TOTAL FM JAN 1 0 HIGHEST SLP 30.50 ON 20
DPTR FM NORMAL 0 LOWEST SLP 29.40 ON 3
[REMARKS]
#FINAL-05-22#