000
CXAK57 PAJK 022102
CLMYAK
NATIONAL WEATHER SERVICE JUNEAU AK
1251 PM AKDT MON OCT 02 2023
...................................
...THE YAKUTAT CLIMATE SUMMARY FOR THE MONTH OF SEPTEMBER 2023...
CLIMATE NORMAL PERIOD: 1991 TO 2020
CLIMATE RECORD PERIOD: 1917 TO 2023
WEATHER OBSERVED NORMAL DEPART LAST YEAR`S
VALUE DATE(S) VALUE FROM VALUE
NORMAL
..............................................................
TEMPERATURE (F)
RECORD
HIGH 77 09/04/1957
LOW 16 09/09/1940
HIGHEST 60 09/26 64 -4
LOWEST 32 09/25 30 2
AVG. MAXIMUM 54.9 56.9 -2.0
AVG. MINIMUM 44.5 41.9 2.6
MEAN 49.7 49.4 0.3
DAYS MAX >= 90 0 0.0 0.0
DAYS MAX <= 32 0 0.0 0.0
DAYS MIN <= 32 1 3.4 -2.4
DAYS MIN <= 0 0 0.0 0.0
PRECIPITATION (INCHES)
RECORD
MAXIMUM 48.33 1987
MINIMUM 2.44 1986
TOTALS 19.39 19.03 0.36
DAILY AVG. 0.65 0.63 0.02
DAYS >= .01 26 21.8 4.2
DAYS >= .10 21 18.7 2.3
DAYS >= .50 11 11.9 -0.9
DAYS >= 1.00 8 6.7 1.3
GREATEST
24 HR. TOTAL 2.77 09/09 TO 09/10
DEGREE DAYS
HEATING TOTAL 455 468 -13
SINCE 7/1 988 1087 -99
COOLING TOTAL 0 0 0
SINCE 1/1 0 0 0
FREEZE DATES
EARLIEST 09/25 09/24
LATEST 05/07
..............................................................
WIND (MPH)
AVERAGE WIND SPEED 6.1
HIGHEST WIND SPEED/DIRECTION 26/090 DATE 09/17
HIGHEST GUST SPEED/DIRECTION 44/080 DATE 09/17
WEATHER CONDITIONS. NUMBER OF DAYS WITH
THUNDERSTORM 0 MIXED PRECIP 0
HEAVY RAIN 11 RAIN 16
LIGHT RAIN 28 FREEZING RAIN 0
LT FREEZING RAIN 0 HAIL 0
HEAVY SNOW 0 SNOW 0
LIGHT SNOW 0 SLEET 0
FOG 30 FOG W/VIS <= 1/4 MILE 4
HAZE 1
- INDICATES NEGATIVE NUMBERS.
R INDICATES RECORD WAS SET OR TIED.
MM INDICATES DATA IS MISSING.
T INDICATES TRACE AMOUNT.
$$
...MUCH ABOVE NORMAL RAINFALL AND MARGINALLY ABOVE NORMAL
TEMPERATURES FOR SEPTEMBER...
Warm air advection associated with several frontal systems resulted
in daily average temperatures above normal for the month. Departures
from normal ranged from 0.3 degrees in Yakutat to 2.1 degrees in
Sitka. At all 4 climate sites, the departures from normal were more
the result of warmer overnight lows than daytime highs, and this
hase been a trend we have observed for many months now.
Several strong frontal systems with associated atmospheric rivers
resulted in above normal rainfall for the month at all 4 climate
sites, with departures from normal ranging from 2% above at Yakutat
to 61% at Sitka. In fact, Sitka came close to recording a new
precipitation record for the month, rivaling the 20.59 inches that
fell in 1987. Minor flooding was reported at Indian River near
Sitka. More notable was the moderate flooding observed at Jordan
Creek in Juneau. Multiple homes and several businesses in the
business complex (Jordan Creek Center) adjacent to the creek were
affected. At least 1 home resorted to using a pump to remove water
from a crawlspace during the height of the event. Parking areas,
yards, a local street (Jordan Creek Rd), and driveways had 6 to 12
inches of standing water on them.
Numerous temperature and precipitation records were broken during
the month. Ketchikan Airport set a new daily rainfall record with
4.96 inches on the 11th - a full 35% more than the previous record
of 2.48 inches set way back in 1937. Juneau International Airport
set a new daily rainfall record with 1.36 inches on the 12th, which
broke the old record of 1.03 inches set back in 2009. On the 14th,
both the Juneau and Sitka airports broke 24-hour rainfall records.
Juneau received 2.13 inches of rainfall, exceeding their old record
of 1.62 inches set back in 1952. Sitka received 3.88 inches of
rainfall, exceeding their old record of 3.47 inches set back in
1972. On the 21st, Sitka received 3.57 inches of rainfall, which
broke their old record of 3.1 inches set back in 1994. Quite the wet
month in Sitka! Sitka also posted 2 record warm days; on the 10th
with 72 degrees and on the the 25th with 66 degrees, records set in
2018 and 1944, respectively.
Chambers/Fritsch
$$