000
CXUS51 KPBZ 011333
CF6ZZV
PRELIMINARY LOCAL CLIMATOLOGICAL DATA (WS FORM: F-6)
STATION: ZANESVILLE OH
MONTH: DECEMBER
YEAR: 2023
LATITUDE: 39 56 N
LONGITUDE: 81 54 W
TEMPERATURE IN F: :PCPN: SNOW: WIND :SUNSHINE: SKY :PK WND
================================================================================
1 2 3 4 5 6A 6B 7 8 9 10 11 12 13 14 15 16 17 18
12Z AVG MX 2MIN
DY MAX MIN AVG DEP HDD CDD WTR SNW DPTH SPD SPD DIR MIN PSBL S-S WX SPD DR
================================================================================
1 52 43 48 10 17 0 0.21 M M 7.1 16 180 M M 10 1 22 170
2 60 48 54 16 11 0 0.00 M M 5.2 16 200 M M 8 23 200
3 53 43 48 10 17 0 0.39 M M 8.6 30 260 M M 9 12 49 260
4 46 36 41 3 24 0 0.00 M M 6.0 15 270 M M 8 21 260
5 40 34 37 0 28 0 0.14 M M 3.5 9 190 M M 10 1 13 300
6 41 32 37 0 28 0 0.00 M M 6.7 18 320 M M 8 1 24 290
7 52 33 43 6 22 0 0.00 M M 6.4 15 260 M M 3 24 190
8 62 34 48 12 17 0 0.00 M M 8.0 16 200 M M 4 26 190
9 60 49 55 19 10 0 0.37 M M 10.5 17 200 M M 10 13 25 230
10 57 35 46 10 19 0 T M M 7.8 15 290 M M 10 18 22 290
11 37 29 33 -3 32 0 T M M 7.8 16 290 M M 9 1 22 290
12 49 28 39 4 26 0 0.00 M M 7.5 17 260 M M 0 28 260
13 43 23 33 -2 32 0 0.00 M M 2.0 8 290 M M 2 12 340
14 48 19 34 -1 31 0 0.00 M M 2.2 10 210 M M 0 13 200
15 55 22 39 4 26 0 0.00 M M 1.6 6 180 M M 0 9 200
16 58 25 42 8 23 0 0.00 M M 3.8 14 160 M M 0 18 160
17 52 43 48 14 17 0 0.26 M M 6.7 18 150 M M 9 12 27 160
18 44 31 38 4 27 0 0.02 M M 11.9 28 300 M M 10 1 42 280
19 32 24 28 -6 37 0 T M M 7.7 18 270 M M 8 27 270
20 44 20 32 -2 33 0 0.00 M M 3.5 12 190 M M 0 17 190
21 48 24 36 3 29 0 0.00 M M 0.6 5 40 M M 6 6 50
22 49 30 40 7 25 0 0.00 M M 1.6 8 160 M M 9 10 160
23 55 39 47 14 18 0 0.05 M M 3.1 13 170 M M 10 1 17 200
24 57 46 52 19 13 0 0.09 M M 2.1 7 180 M M 10 12 9 190
25 64 42 53 20 12 0 0.19 M M 5.8 15 140 M M 5 1 20 130
26 60 51 56 24 9 0 0.16 M M 6.5 13 150 M M 10 1 17 130
27 54 45 50 18 15 0 0.43 M M 4.4 10 270 M M 10 1 15 270
28 47 34 41 9 24 0 0.00 M M 5.8 14 260 M M 10 1 23 260
29 39 31 35 3 30 0 T M M 5.0 10 190 M M 9 1 13 190
30 41 36 39 7 26 0 T M M 7.5 15 270 M M 10 23 280
31 42 35 39 7 26 0 0.01 M M 8.0 16 260 M M 10 24 260
================================================================================
SM 1541 1064 704 0 2.32 M 174.9 M 217
================================================================================
AV 49.7 34.3 5.6 FASTST M M 7 MAX(MPH)
MISC ----> 30 260 49 260
================================================================================
NOTES:
# LAST OF SEVERAL OCCURRENCES
COLUMN 17 PEAK WIND IN M.P.H.
PRELIMINARY LOCAL CLIMATOLOGICAL DATA (WS FORM: F-6) , PAGE 2
STATION: ZANESVILLE OH
MONTH: DECEMBER
YEAR: 2023
LATITUDE: 39 56 N
LONGITUDE: 81 54 W
[TEMPERATURE DATA] [PRECIPITATION DATA] SYMBOLS USED IN COLUMN 16
AVERAGE MONTHLY: 42.0 TOTAL FOR MONTH: 2.32 1 = FOG OR MIST
DPTR FM NORMAL: 7.3 DPTR FM NORMAL: -0.31 2 = FOG REDUCING VISIBILITY
HIGHEST: 64 ON 25 GRTST 24HR 0.57 ON 26-27 TO 1/4 MILE OR LESS
LOWEST: 19 ON 14 3 = THUNDER
SNOW, ICE PELLETS, HAIL 4 = ICE PELLETS
TOTAL MONTH: M 5 = HAIL
GRTST 24HR M ON M 6 = FREEZING RAIN OR DRIZZLE
GRTST DEPTH: M ON M 7 = DUSTSTORM OR SANDSTORM:
VSBY 1/2 MILE OR LESS
8 = SMOKE OR HAZE
[NO. OF DAYS WITH] [WEATHER - DAYS WITH] 9 = BLOWING SNOW
X = TORNADO
MAX 32 OR BELOW: 1 0.01 INCH OR MORE: 12
MAX 90 OR ABOVE: 0 0.10 INCH OR MORE: 8
MIN 32 OR BELOW: 13 0.50 INCH OR MORE: 0
MIN 0 OR BELOW: 0 1.00 INCH OR MORE: 0
[HDD (BASE 65) ]
TOTAL THIS MO. 704 CLEAR (SCALE 0-3) 7
DPTR FM NORMAL -237 PTCLDY (SCALE 4-7) 6
TOTAL FM JUL 1 1634 CLOUDY (SCALE 8-10) 18
DPTR FM NORMAL -380
[CDD (BASE 65) ]
TOTAL THIS MO. 0
DPTR FM NORMAL 0 [PRESSURE DATA]
TOTAL FM JAN 1 787 HIGHEST SLP 30.77 ON 14
DPTR FM NORMAL -125 LOWEST SLP 29.59 ON 18
[REMARKS]
#FINAL-12-23#