849
CXUS55 KBOU 270757
CF633V
PRELIMINARY LOCAL CLIMATOLOGICAL DATA (WS FORM: F-6)

                                          STATION:   Walden
                                          MONTH:     AUGUST
                                          YEAR:      2016
                                          LATITUDE:   40 45 N
                                          LONGITUDE: 106 16 W

  TEMPERATURE IN F:       :PCPN:    SNOW:  WIND      :SUNSHINE: SKY     :PK WND
================================================================================
1   2   3   4   5  6A  6B    7    8   9   10  11  12  13   14  15   16   17  18
                                     12Z  AVG MX 2MIN
DY MAX MIN AVG DEP HDD CDD  WTR  SNW DPTH SPD SPD DIR MIN PSBL S-S WX    SPD DR
================================================================================

 1  77  37  57   M   8   0    M    M    M  6.1 13 330   M    M   3        21 360
 2  79  39  59   M   6   0    M    M    M  5.8 17 230   M    M   1        23 230
 3  81  41  61   M   4   0    M    M    M  7.4 18 320   M    M   3        28 250
 4  68  50  59   M   6   0    M    M    M  4.2 13 150   M    M   8        22 150
 5  70  50  60   M   5   0    M    M    M  3.6 13 130   M    M   8         M  M
 6  70  46  58   M   7   0    M    M    M  7.5 16  30   M    M   3        18 240
 7  77  37  57   M   8   0    M    M    M  6.1 16 250   M    M   2        16 170
 8  73  50  62   M   3   0    M    M    M  8.0 14 190   M    M   3        23 190
 9  79  43  61   M   4   0    M    M    M  8.8 25 150   M    M   3        37 150
10  73  37  55   M  10   0    M    M    M  6.6 20 220   M    M   2        28 170
11  73  39  56   M   9   0    M    M    M  5.8 16 350   M    M   3        24 320
12  72  34  53   M  12   0    M    M    M  5.5 12 260   M    M   1        17 260
13  73  32  53   M  12   0    M    M    M  5.3 20 350   M    M   1        47 110
14  77  34  56   M   9   0    M    M    M  6.4 12 220   M    M   1        18 220
15  73  34  54   M  11   0    M    M    M  5.3 21 340   M    M   1        29 340
16  75  34  55   M  10   0    M    M    M  6.1 15 320   M    M   1        24 320
17  77  36  57   M   8   0    M    M    M  5.0 14 130   M    M   2        24 130
18  70  36  53   M  12   0    M    M    M  5.6 21 300   M    M   5        31 300
19  68  37  53   M  12   0    M    M    M  6.6 16 340   M    M   3        24 340
20  70  30  50   M  15   0    M    M    M  6.0 18 330   M    M   2        24 340
21  77  30  54   M  11   0    M    M    M  5.3 13 240   M    M   0        22 240
22  73  39  56   M   9   0    M    M    M  6.8 21 130   M    M   1        32 130
23  70  34  52   M  13   0    M    M    M  6.6 14 180   M    M   3        28 160
24  68  37  53   M  12   0    M    M    M  7.1 22 340   M    M   5        28 340
25  66  34  50   M  15   0    M    M    M  8.0 16 240   M    M   3        24 230
26  68  36  52   M  13   0    M    M    M  8.2 16 190   M    M   4        25 320
================================================================================
SM 1897  986       244   0    M     M    163.7          M       72
================================================================================
AV 73.0 37.9                               6.3 FASTST   M    M   3    MAX(MPH)
                                 MISC ---->    25   M                 47    M
================================================================================
NOTES:
# LAST OF SEVERAL OCCURRENCES

COLUMN 17 PEAK WIND IN M.P.H.

PRELIMINARY LOCAL CLIMATOLOGICAL DATA (WS FORM: F-6) , PAGE 2

                                          STATION:  Walden
                                          MONTH:    AUGUST
                                          YEAR:     2016
                                          LATITUDE:   40 45 N
                                          LONGITUDE: 106 16 W

[TEMPERATURE DATA]      [PRECIPITATION DATA]       SYMBOLS USED IN COLUMN 16

AVERAGE MONTHLY: 55.4   TOTAL FOR MONTH:      M    1 = FOG OR MIST
DPTR FM NORMAL:     M   DPTR FM NORMAL:       M    2 = FOG REDUCING VISIBILITY
HIGHEST:    81 ON  3    GRTST 24HR    M  ON   M        TO 1/4 MILE OR LESS
LOWEST:     30 ON 21,20                            3 = THUNDER
                        SNOW, ICE PELLETS, HAIL    4 = ICE PELLETS
                        TOTAL MONTH:    M          5 = HAIL
                        GRTST 24HR    M  ON   M    6 = FREEZING RAIN OR DRIZZLE
                        GRTST DEPTH:  M  ON   M    7 = DUSTSTORM OR SANDSTORM:
                                                       VSBY 1/2 MILE OR LESS
                                                   8 = SMOKE OR HAZE
[NO. OF DAYS WITH]      [WEATHER - DAYS WITH]      9 = BLOWING SNOW
                                                   X = TORNADO
MAX 32 OR BELOW:   0    0.01 INCH OR MORE:   0
MAX 90 OR ABOVE:   0    0.10 INCH OR MORE:   0
MIN 32 OR BELOW:   3    0.50 INCH OR MORE:   0
MIN  0 OR BELOW:   0    1.00 INCH OR MORE:   0

[HDD (BASE 65) ]
TOTAL THIS MO.   244    CLEAR  (SCALE 0-3)  17
DPTR FM NORMAL     M    PTCLDY (SCALE 4-7)   9
TOTAL FM JUL 1   408    CLOUDY (SCALE 8-10)  0
DPTR FM NORMAL     M

[CDD (BASE 65) ]
TOTAL THIS MO.     0
DPTR FM NORMAL     M    [PRESSURE DATA]
TOTAL FM JAN 1     1    HIGHEST SLP M ON M
DPTR FM NORMAL     M    LOWEST  SLP M ON M

[REMARKS]
