000
CXUS56 KMFR 191000
CF6AAT
PRELIMINARY LOCAL CLIMATOLOGICAL DATA (WS FORM: F-6)

                                          STATION:   ALTURAS CA
                                          MONTH:     DECEMBER
                                          YEAR:      2014
                                          LATITUDE:   41 29 N
                                          LONGITUDE: 120 34 W

  TEMPERATURE IN F:       :PCPN:    SNOW:  WIND      :SUNSHINE: SKY     :PK WND
================================================================================
1   2   3   4   5  6A  6B    7    8   9   10  11  12  13   14  15   16   17  18
                                     12Z  AVG MX 2MIN
DY MAX MIN AVG DEP HDD CDD  WTR  SNW DPTH SPD SPD DIR MIN PSBL S-S WX    SPD DR
================================================================================

 1  48  36  42  11  23   0    T    M    M  4.1 15 170   M    M   9 1      18 170
 2  44  31  38   7  27   0 0.04    M    M  3.4 16 170   M    M   6 1      22 180
 3  47  38  43  12  22   0 0.55    M    M  6.9 26 260   M    M   8 1      34 260
 4  53  33  43  12  22   0 0.00    M    M  6.7 17 180   M    M   6 1      21 180
 5  54  33  44  14  21   0 0.00    M    M  7.2 20 170   M    M   5 1      25 160
 6  52  30  41  11  24   0 0.09    M    M  5.3 21 170   M    M   6 128    28 160
 7  55  27  41  11  24   0 0.00    M    M  3.3 14 180   M    M   1 12     17 180
 8  52  38  45  15  20   0 0.14    M    M  5.1 17 180   M    M   8 1      21 180
 9  52  32  42  12  23   0 0.00    M    M  5.1 14 190   M    M   3 1      18 170
10  55  32  44  14  21   0 0.05    M    M 10.4 32 180   M    M   2 1      41 180
11  51  37  44  14  21   0 0.11    M    M 15.0 39 170   M    M   9        53 170
12  41  33  37   7  28   0 0.41    M    M  6.4 18 260   M    M  10 1      22 260
13  40  24  32   3  33   0 0.02    M    M  2.8 10 290   M    M   8 1      13 260
14  37  21  29   0  36   0 0.03    M    M  3.3 18 180   M    M   5 18     22 180
15  40  26  33   4  32   0 0.08    M    M  5.4 18 180   M    M   9 18     25 170
16  45  33  39  10  26   0    T    M    M  5.6 22 190   M    M   8 1      27 180
17  46  33  40  11  25   0 0.06    M    M  5.1 15 180   M    M  10 18     17 180
18  44  33  39  10  26   0 0.01    M    M  6.9 15 170   M    M   9 1      18 170
================================================================================
SM  856  570       454   0  1.59    M    108.0          M      122
================================================================================
AV 47.6 31.7                               6.0 FASTST   M    M   7    MAX(MPH)
                                 MISC ---->  # 39 170               # 53  170
================================================================================
NOTES:
# LAST OF SEVERAL OCCURRENCES

COLUMN 17 PEAK WIND IN M.P.H.

PRELIMINARY LOCAL CLIMATOLOGICAL DATA (WS FORM: F-6) , PAGE 2

                                          STATION:  ALTURAS CA
                                          MONTH:    DECEMBER
                                          YEAR:     2014
                                          LATITUDE:   41 29 N
                                          LONGITUDE: 120 34 W

[TEMPERATURE DATA]      [PRECIPITATION DATA]       SYMBOLS USED IN COLUMN 16

AVERAGE MONTHLY: 39.6   TOTAL FOR MONTH:   1.59    1 = FOG OR MIST
DPTR FM NORMAL:   9.7   DPTR FM NORMAL:    0.61    2 = FOG REDUCING VISIBILITY
HIGHEST:    55 ON 10, 7 GRTST 24HR  0.59 ON  2- 3      TO 1/4 MILE OR LESS
LOWEST:     21 ON 14                               3 = THUNDER
                        SNOW, ICE PELLETS, HAIL    4 = ICE PELLETS
                        TOTAL MONTH:    M          5 = HAIL
                        GRTST 24HR    M  ON   M    6 = FREEZING RAIN OR DRIZZLE
                        GRTST DEPTH:  M  ON   M    7 = DUSTSTORM OR SANDSTORM:
                                                       VSBY 1/2 MILE OR LESS
                                                   8 = SMOKE OR HAZE
[NO. OF DAYS WITH]      [WEATHER - DAYS WITH]      9 = BLOWING SNOW
                                                   X = TORNADO
MAX 32 OR BELOW:   0    0.01 INCH OR MORE:  12
MAX 90 OR ABOVE:   0    0.10 INCH OR MORE:   4
MIN 32 OR BELOW:   8    0.50 INCH OR MORE:   1
MIN  0 OR BELOW:   0    1.00 INCH OR MORE:   0

[HDD (BASE 65) ]
TOTAL THIS MO.   454    CLEAR  (SCALE 0-3)   2
DPTR FM NORMAL  -177    PTCLDY (SCALE 4-7)  10
TOTAL FM JUL 1  1745    CLOUDY (SCALE 8-10)  6
DPTR FM NORMAL  -696

[CDD (BASE 65) ]
TOTAL THIS MO.     0
DPTR FM NORMAL     0    [PRESSURE DATA]
TOTAL FM JAN 1   380    HIGHEST SLP M ON M
DPTR FM NORMAL   224    LOWEST  SLP 29.30 ON 11

[REMARKS]
