000
CXUS54 KSJT 171210
CF6ABI
PRELIMINARY LOCAL CLIMATOLOGICAL DATA (WS FORM: F-6)

                                          STATION:   ABILENE
                                          MONTH:     NOVEMBER
                                          YEAR:      2017
                                          LATITUDE:   32 25 N
                                          LONGITUDE:  99 41 W

  TEMPERATURE IN F:       :PCPN:    SNOW:  WIND      :SUNSHINE: SKY     :PK WND
================================================================================
1   2   3   4   5  6A  6B    7    8   9   10  11  12  13   14  15   16   17  18
                                     12Z  AVG MX 2MIN
DY MAX MIN AVG DEP HDD CDD  WTR  SNW DPTH SPD SPD DIR MIN PSBL S-S WX    SPD DR
================================================================================

 1  85  43  64   3   1   0 0.00  0.0    0 12.3 23 250   M    M   0        30 240
 2  88  52  70  10   0   5 0.00  0.0    0 11.1 18 280   M    M   0        24 230
 3  69  42  56  -4   9   0 0.00  0.0    0  5.2 12 340   M    M   2 1      15 360
 4  87  58  73  13   0   8 0.00  0.0    0 11.6 21 200   M    M   0 18     26 200
 5  89  66  78  19   0  13 0.00  0.0    0 11.8 21 200   M    M   0 18     29 190
 6  71  48  60   1   5   0 0.00  0.0    0  6.0 13 340   M    M   2 1      18 210
 7  57  44  51  -7  14   0 0.00  0.0    0 11.5 20 350   M    M   4 1      25 350
 8  44  36  40 -18  25   0 0.90    M    0 10.8 22  10   M    M   9 1      26  10
 9  59  31  45 -13  20   0 0.00  0.0    0  4.0 10 140   M    M   0 1      13 140
10  55  39  47 -10  18   0 0.00  0.0    0 10.5 18 150   M    M   9 1      24 140
11  70  53  62   5   3   0 0.00  0.0    0 13.5 25 190   M    M   7        33 190
12  64  53  59   3   6   0 0.00  0.0    0  8.5 18 190   M    M   7 1      25 180
13  65  51  58   2   7   0    T  0.0    0  6.0 14 170   M    M  10 1      17 160
14  77  62  70  15   0   5 0.00  0.0    0 13.4 23 200   M    M   6        32 210
15  70  57  64   9   1   0 0.00  0.0    0 13.2 23 350   M    M   6 18     31 190
16  70  54  62   8   3   0 0.00  0.0    0  7.4 17 190   M    M   6        24 230
================================================================================
SM 1120  789       112  31  0.90     0.0 156.8          M       68
================================================================================
AV 70.0 49.3                               9.8 FASTST   M    M   4    MAX(MPH)
                                 MISC ---->  # 25 190               # 33  190
================================================================================
NOTES:
# LAST OF SEVERAL OCCURRENCES

COLUMN 17 PEAK WIND IN M.P.H.

PRELIMINARY LOCAL CLIMATOLOGICAL DATA (WS FORM: F-6) , PAGE 2

                                          STATION:  ABILENE
                                          MONTH:    NOVEMBER
                                          YEAR:     2017
                                          LATITUDE:   32 25 N
                                          LONGITUDE:  99 41 W

[TEMPERATURE DATA]      [PRECIPITATION DATA]       SYMBOLS USED IN COLUMN 16

AVERAGE MONTHLY: 59.7   TOTAL FOR MONTH:   0.90    1 = FOG OR MIST
DPTR FM NORMAL:   2.0   DPTR FM NORMAL:    0.03    2 = FOG REDUCING VISIBILITY
HIGHEST:    89 ON  5    GRTST 24HR  0.90 ON  8- 8      TO 1/4 MILE OR LESS
LOWEST:     31 ON  9                               3 = THUNDER
                        SNOW, ICE PELLETS, HAIL    4 = ICE PELLETS
                        TOTAL MONTH:   0.0 INCH    5 = HAIL
                        GRTST 24HR     0.0         6 = FREEZING RAIN OR DRIZZLE
                        GRTST DEPTH:   0           7 = DUSTSTORM OR SANDSTORM:
                                                       VSBY 1/2 MILE OR LESS
                                                   8 = SMOKE OR HAZE
[NO. OF DAYS WITH]      [WEATHER - DAYS WITH]      9 = BLOWING SNOW
                                                   X = TORNADO
MAX 32 OR BELOW:   0    0.01 INCH OR MORE:   1
MAX 90 OR ABOVE:   0    0.10 INCH OR MORE:   1
MIN 32 OR BELOW:   1    0.50 INCH OR MORE:   1
MIN  0 OR BELOW:   0    1.00 INCH OR MORE:   0

[HDD (BASE 65) ]
TOTAL THIS MO.   112    CLEAR  (SCALE 0-3)   7
DPTR FM NORMAL   -22    PTCLDY (SCALE 4-7)   6
TOTAL FM JUL 1   255    CLOUDY (SCALE 8-10)  3
DPTR FM NORMAL    17

[CDD (BASE 65) ]
TOTAL THIS MO.    31
DPTR FM NORMAL    16    [PRESSURE DATA]
TOTAL FM JAN 1  2418    HIGHEST SLP M ON M
DPTR FM NORMAL    14    LOWEST  SLP 29.64 ON  1

[REMARKS]
