000
CXUS54 KSJT 271210
CF6ABI
PRELIMINARY LOCAL CLIMATOLOGICAL DATA (WS FORM: F-6)

                                          STATION:   ABILENE
                                          MONTH:     MAY
                                          YEAR:      2017
                                          LATITUDE:   32 25 N
                                          LONGITUDE:  99 41 W

  TEMPERATURE IN F:       :PCPN:    SNOW:  WIND      :SUNSHINE: SKY     :PK WND
================================================================================
1   2   3   4   5  6A  6B    7    8   9   10  11  12  13   14  15   16   17  18
                                     12Z  AVG MX 2MIN
DY MAX MIN AVG DEP HDD CDD  WTR  SNW DPTH SPD SPD DIR MIN PSBL S-S WX    SPD DR
================================================================================

 1  87  42  65  -4   0   0 0.00  0.0    0  8.4 20 270   M    M   0 8      26  80
 2  91  50  71   2   0   6 0.00  0.0    0 14.7 28 210   M    M   0        36 200
 3  74  57  66  -4   0   1 0.00  0.0    0 17.1 30 360   M    M   2        36 350
 4  74  50  62  -8   3   0 0.00  0.0    0 16.1 28 350   M    M   1 8      34 350
 5  80  42  61  -9   4   0 0.00  0.0    0  4.4 12 120   M    M   0        15 340
 6  88  52  70   0   0   5 0.00  0.0    0 10.5 18 140   M    M   0        24 170
 7  87  60  74   3   0   9 0.00  0.0    0 14.5 22 140   M    M   0        32 160
 8  76  59  68  -3   0   3    T  0.0    0 14.3 24 150   M    M   7        30 130
 9  73  65  69  -2   0   4    T  0.0    0 16.5 26 160   M    M   9 1      37 150
10  86  62  74   2   0   9 0.99  0.0    0 15.2 38 300   M    M   5 138    50 300
11  87  58  73   1   0   8 0.02  0.0    0 11.3 29 180   M    M   1 13     40 180
12  79  56  68  -4   0   3 0.00  0.0    0 12.7 22 340   M    M   0        28 350
13  83  50  67  -5   0   2 0.00  0.0    0  6.3 16 160   M    M   0        21 150
14  92  58  75   2   0  10 0.00  0.0    0 13.6 22 170   M    M   0        31 190
15  89  67  78   5   0  13 0.00  0.0    0 15.9 24 140   M    M   0        31 150
16  86  61  74   1   0   9 0.60  0.0    0 20.6 31 170   M    M   5 3      45 170
17  84  55  70  -3   0   5 0.04  0.0    0 11.0 20 200   M    M   0 3      23 200
18  89  64  77   3   0  12 0.16  0.0    0 16.9 35 140   M    M   3 138    44 140
19  79  60  70  -4   0   5 0.14  0.0    0 12.2 37 320   M    M   4 138    44 320
20  76  59  68  -6   0   3 0.00  0.0    0 11.4 18 360   M    M   3        23 350
21  70  56  63 -11   2   0 0.15  0.0    0 10.3 16 120   M    M   8 13     21 120
22  76  56  66  -9   0   1 0.19  0.0    0  8.1 43  20   M    M   8 1358   63  20
23  66  50  58 -17   7   0 0.44  0.0    0 10.0 24 340   M    M   4 13     28 350
24  82  48  65 -10   0   0 0.00  0.0    0  5.6 17 250   M    M   0        23 250
25  97  64  81   6   0  16 0.00  0.0    0 17.0 23 200   M    M   0        37 200
26  99  75  87  11   0  22 0.00  0.0    0 12.7 25 210   M    M   0        32 210
================================================================================
SM 2150 1476        16 146  2.73     0.0 327.3          M       60
================================================================================
AV 82.7 56.8                              12.6 FASTST   M    M   2    MAX(MPH)
                                 MISC ---->  # 43  20               # 63   20
================================================================================
NOTES:
# LAST OF SEVERAL OCCURRENCES

COLUMN 17 PEAK WIND IN M.P.H.

PRELIMINARY LOCAL CLIMATOLOGICAL DATA (WS FORM: F-6) , PAGE 2

                                          STATION:  ABILENE
                                          MONTH:    MAY
                                          YEAR:     2017
                                          LATITUDE:   32 25 N
                                          LONGITUDE:  99 41 W

[TEMPERATURE DATA]      [PRECIPITATION DATA]       SYMBOLS USED IN COLUMN 16

AVERAGE MONTHLY: 69.7   TOTAL FOR MONTH:   2.73    1 = FOG OR MIST
DPTR FM NORMAL:  -2.7   DPTR FM NORMAL:    0.18    2 = FOG REDUCING VISIBILITY
HIGHEST:    99 ON 26    GRTST 24HR  0.99 ON 10-10      TO 1/4 MILE OR LESS
LOWEST:     42 ON  5, 1                            3 = THUNDER
                        SNOW, ICE PELLETS, HAIL    4 = ICE PELLETS
                        TOTAL MONTH:   0.0 INCH    5 = HAIL
                        GRTST 24HR     0.0         6 = FREEZING RAIN OR DRIZZLE
                        GRTST DEPTH:   0           7 = DUSTSTORM OR SANDSTORM:
                                                       VSBY 1/2 MILE OR LESS
                                                   8 = SMOKE OR HAZE
[NO. OF DAYS WITH]      [WEATHER - DAYS WITH]      9 = BLOWING SNOW
                                                   X = TORNADO
MAX 32 OR BELOW:   0    0.01 INCH OR MORE:   9
MAX 90 OR ABOVE:   4    0.10 INCH OR MORE:   7
MIN 32 OR BELOW:   0    0.50 INCH OR MORE:   2
MIN  0 OR BELOW:   0    1.00 INCH OR MORE:   0

[HDD (BASE 65) ]
TOTAL THIS MO.    16    CLEAR  (SCALE 0-3)  17
DPTR FM NORMAL     3    PTCLDY (SCALE 4-7)   8
TOTAL FM JUL 1  1826    CLOUDY (SCALE 8-10)  1
DPTR FM NORMAL  -729

[CDD (BASE 65) ]
TOTAL THIS MO.   146
DPTR FM NORMAL   -63    [PRESSURE DATA]
TOTAL FM JAN 1   365    HIGHEST SLP M ON M
DPTR FM NORMAL    23    LOWEST  SLP 29.48 ON 16

[REMARKS]
