000
CXUS55 KABQ 281000
CF6ABQ
PRELIMINARY LOCAL CLIMATOLOGICAL DATA (WS FORM: F-6)

                                          STATION:   ALBUQUERQUE  NM
                                          MONTH:     MAY
                                          YEAR:      2016
                                          LATITUDE:   35  2 N
                                          LONGITUDE: 106 37 W

  TEMPERATURE IN F:       :PCPN:    SNOW:  WIND      :SUNSHINE: SKY     :PK WND
================================================================================
1   2   3   4   5  6A  6B    7    8   9   10  11  12  13   14  15   16   17  18
                                     12Z  AVG MX 2MIN
DY MAX MIN AVG DEP HDD CDD  WTR  SNW DPTH SPD SPD DIR MIN PSBL S-S WX    SPD DR
================================================================================

 1  53  40  47 -14  18   0 0.02    T    0 26.0 41  80   M    M   8 4      49  90
 2  64  38  51 -10  14   0 0.00  0.0    0  6.9 20 100   M    M   5        24 110
 3  73  46  60  -2   5   0 0.00  0.0    0  7.9 18  90   M    M   3        23  90
 4  78  50  64   2   1   0 0.00  0.0    0  7.4 16 250   M    M   1        22 280
 5  84  53  69   7   0   4 0.00  0.0    0  8.5 21 190   M    M   2        28 210
 6  84  59  72  10   0   7 0.00  0.0    0 18.8 41 170   M    M   1 7      53 170
 7  73  53  63   0   2   0 0.00  0.0    0 12.0 24 250   M    M   1        35 270
 8  65  41  53 -10  12   0    T  0.0    0  7.6 31 270   M    M   6        40 230
 9  74  48  61  -3   4   0 0.00  0.0    0 12.5 29 290   M    M   5        33 300
10  80  48  64   0   1   0 0.00  0.0    0  8.4 23 240   M    M   2        30 260
11  81  56  69   5   0   4 0.00  0.0    0  9.7 26 360   M    M   4        36 350
12  79  52  66   2   0   1 0.00  0.0    0  6.0 15  70   M    M   3        17  70
13  87  55  71   6   0   6 0.00  0.0    0  6.6 16 340   M    M   1        23 340
14  80  56  68   3   0   3    T  0.0    0 18.4 43  80   M    M   7 78     50  90
15  83  57  70   5   0   5 0.02  0.0    0 12.8 35 200   M    M   7        49 190
16  79  55  67   1   0   2 0.00  0.0    0 11.7 35 330   M    M   5        42 330
17  65  50  58  -8   7   0 0.04  0.0    0 18.8 33 120   M    M   7        40 120
18  60  48  54 -12  11   0 0.03  0.0    0 11.5 25  90   M    M   9        30  80
19  71  42  57 -10   8   0 0.00  0.0    0  5.8 15 250   M    M   5        18 260
20  81  50  66  -1   0   1 0.00  0.0    0  8.5 23 170   M    M   2        30 150
21  84  52  68   1   0   3 0.00  0.0    0 12.3 31 150   M    M   2        39 180
22  84  53  69   1   0   4 0.00  0.0    0  8.9 26 240   M    M   2        32 240
23  85  51  68   0   0   3 0.00  0.0    0  7.0 24 190   M    M   2        32 190
24  84  53  69   1   0   4 0.00  0.0    0  7.7 30 220   M    M   1        40 240
25  80  51  66  -2   0   1 0.00  0.0    0  6.8 23 160   M    M   2        27 160
26  74  49  62  -7   3   0 0.00  0.0    0 10.7 32 250   M    M   3        40 240
27  77  45  61  -8   4   0    T  0.0    0  9.4 33 300   M    M   5        49 300
================================================================================
SM 2062 1351        90  48  0.11    T    288.6          M      101
================================================================================
AV 76.4 50.0                              10.7 FASTST   M    M   4    MAX(MPH)
                                 MISC ---->  # 43  80               # 53  170
================================================================================
NOTES:
# LAST OF SEVERAL OCCURRENCES

COLUMN 17 PEAK WIND IN M.P.H.

PRELIMINARY LOCAL CLIMATOLOGICAL DATA (WS FORM: F-6) , PAGE 2

                                          STATION:  ALBUQUERQUE  NM
                                          MONTH:    MAY
                                          YEAR:     2016
                                          LATITUDE:   35  2 N
                                          LONGITUDE: 106 37 W

[TEMPERATURE DATA]      [PRECIPITATION DATA]       SYMBOLS USED IN COLUMN 16

AVERAGE MONTHLY: 63.2   TOTAL FOR MONTH:   0.11    1 = FOG OR MIST
DPTR FM NORMAL:  -1.8   DPTR FM NORMAL:   -0.32    2 = FOG REDUCING VISIBILITY
HIGHEST:    87 ON 13    GRTST 24HR  0.07 ON 17-18      TO 1/4 MILE OR LESS
LOWEST:     38 ON  2                               3 = THUNDER
                        SNOW, ICE PELLETS, HAIL    4 = ICE PELLETS
                        TOTAL MONTH:    T          5 = HAIL
                        GRTST 24HR    T  ON  1- 1  6 = FREEZING RAIN OR DRIZZLE
                        GRTST DEPTH:   0           7 = DUSTSTORM OR SANDSTORM:
                                                       VSBY 1/2 MILE OR LESS
                                                   8 = SMOKE OR HAZE
[NO. OF DAYS WITH]      [WEATHER - DAYS WITH]      9 = BLOWING SNOW
                                                   X = TORNADO
MAX 32 OR BELOW:   0    0.01 INCH OR MORE:   4
MAX 90 OR ABOVE:   0    0.10 INCH OR MORE:   0
MIN 32 OR BELOW:   0    0.50 INCH OR MORE:   0
MIN  0 OR BELOW:   0    1.00 INCH OR MORE:   0

[HDD (BASE 65) ]
TOTAL THIS MO.    90    CLEAR  (SCALE 0-3)  15
DPTR FM NORMAL    22    PTCLDY (SCALE 4-7)  11
TOTAL FM JUL 1  3784    CLOUDY (SCALE 8-10)  1
DPTR FM NORMAL  -388

[CDD (BASE 65) ]
TOTAL THIS MO.    48
DPTR FM NORMAL   -22    [PRESSURE DATA]
TOTAL FM JAN 1    53    HIGHEST SLP M ON M
DPTR FM NORMAL   -24    LOWEST  SLP 29.54 ON 15

[REMARKS]
