000
CXUS55 KABR 241400
CF6ABR
PRELIMINARY LOCAL CLIMATOLOGICAL DATA (WS FORM: F-6)

                                          STATION:   ABERDEEN SD
                                          MONTH:     NOVEMBER
                                          YEAR:      2017
                                          LATITUDE:   45 27 N
                                          LONGITUDE:  98 26 W

  TEMPERATURE IN F:       :PCPN:    SNOW:  WIND      :SUNSHINE: SKY     :PK WND
================================================================================
1   2   3   4   5  6A  6B    7    8   9   10  11  12  13   14  15   16   17  18
                                     12Z  AVG MX 2MIN
DY MAX MIN AVG DEP HDD CDD  WTR  SNW DPTH SPD SPD DIR MIN PSBL S-S WX    SPD DR
================================================================================

 1  44  27  36  -1  29   0 0.01  0.0    0 10.7 21 180   M    M   7        29 170
 2  35  23  29  -8  36   0 0.00  0.0    0  8.9 17 350   M    M   9        21 350
 3  31  27  29  -7  36   0 0.10  0.8    0 11.4 21 110   M    M  10 12     25 120
 4  42  30  36   0  29   0    T    T    1 10.8 18 320   M    M   9        25 330
 5  31  12  22 -13  43   0 0.00  0.0    0  8.7 20 340   M    M   5        25 350
 6  32  10  21 -14  44   0    T    T    0  6.4 16  20   M    M   8 1      19  10
 7  33  13  23 -11  42   0 0.00  0.0    0  8.2 16 210   M    M   4        22 230
 8  32  10  21 -13  44   0 0.00  0.0    0  8.1 18 350   M    M   2        24 360
 9  21   2  12 -21  53   0    T    T    0  8.3 18 360   M    M   1        23 360
10  26  16  21 -11  44   0    T    T    0 18.6 30 160   M    M   4 46     39 160
11  43  12  28  -4  37   0 0.00  0.0    0  6.2 14  10   M    M   0 1      17  10
12  47  15  31   0  34   0 0.00  0.0    0  7.5 15 180   M    M   2 18     19 180
13  52  26  39   8  26   0 0.00  0.0    0  8.4 16 160   M    M   0 12     21 160
14  46  25  36   6  29   0    T  0.0    0  8.8 20 170   M    M   9 12     24 180
15  41  13  27  -3  38   0 0.00  0.0    0 13.1 29 320   M    M   4        36 320
16  42  18  30   1  35   0 0.00  0.0    0 16.6 32 160   M    M   4        42 140
17  45  27  36   8  29   0    T  0.0    0  8.9 21 340   M    M   5 8      26 340
18  33  12  23  -5  42   0 0.00  0.0    0 10.7 24 310   M    M   2        30 330
19  52  10  31   4  34   0 0.00  0.0    0  6.3 13 250   M    M   0        17 240
20  61  19  40  13  25   0 0.00  0.0    0 10.6 25 330   M    M   1        30 320
21  33   2  18  -8  47   0 0.00  0.0    0 14.1 36 330   M    M   1 1      46 320
22  38   0  19  -7  46   0 0.00  0.0    0  9.7 22 190   M    M   2        27 200
23  59  16  38  13  27   0 0.00  0.0    0  9.2 20 190   M    M   0        24 200
================================================================================
SM  919  365       849   0  0.11     0.8 230.2          M       89
================================================================================
AV 40.0 15.9                              10.0 FASTST   M    M   4    MAX(MPH)
                                 MISC ---->  # 36 330               # 46  320
================================================================================
NOTES:
# LAST OF SEVERAL OCCURRENCES

COLUMN 17 PEAK WIND IN M.P.H.

PRELIMINARY LOCAL CLIMATOLOGICAL DATA (WS FORM: F-6) , PAGE 2

                                          STATION:  ABERDEEN SD
                                          MONTH:    NOVEMBER
                                          YEAR:     2017
                                          LATITUDE:   45 27 N
                                          LONGITUDE:  98 26 W

[TEMPERATURE DATA]      [PRECIPITATION DATA]       SYMBOLS USED IN COLUMN 16

AVERAGE MONTHLY: 27.9   TOTAL FOR MONTH:   0.11    1 = FOG OR MIST
DPTR FM NORMAL:  -3.3   DPTR FM NORMAL:   -0.48    2 = FOG REDUCING VISIBILITY
HIGHEST:    61 ON 20    GRTST 24HR  0.10 ON  3- 3      TO 1/4 MILE OR LESS
LOWEST:      0 ON 22                               3 = THUNDER
                        SNOW, ICE PELLETS, HAIL    4 = ICE PELLETS
                        TOTAL MONTH:   0.8 INCH    5 = HAIL
                        GRTST 24HR   0.8 ON  3- 3  6 = FREEZING RAIN OR DRIZZLE
                        GRTST DEPTH:   1 ON  4     7 = DUSTSTORM OR SANDSTORM:
                                                       VSBY 1/2 MILE OR LESS
                                                   8 = SMOKE OR HAZE
[NO. OF DAYS WITH]      [WEATHER - DAYS WITH]      9 = BLOWING SNOW
                                                   X = TORNADO
MAX 32 OR BELOW:   6    0.01 INCH OR MORE:   2
MAX 90 OR ABOVE:   0    0.10 INCH OR MORE:   1
MIN 32 OR BELOW:  23    0.50 INCH OR MORE:   0
MIN  0 OR BELOW:   1    1.00 INCH OR MORE:   0

[HDD (BASE 65) ]
TOTAL THIS MO.   849    CLEAR  (SCALE 0-3)  11
DPTR FM NORMAL    71    PTCLDY (SCALE 4-7)   8
TOTAL FM JUL 1  1580    CLOUDY (SCALE 8-10)  4
DPTR FM NORMAL   -89

[CDD (BASE 65) ]
TOTAL THIS MO.     0
DPTR FM NORMAL     0    [PRESSURE DATA]
TOTAL FM JAN 1   552    HIGHEST SLP M ON M
DPTR FM NORMAL    27    LOWEST  SLP 29.45 ON 20

[REMARKS]
