000
CXUS54 KFWD 280730
CF6ACT
PRELIMINARY LOCAL CLIMATOLOGICAL DATA (WS FORM: F-6)

                                          STATION:   WACO
                                          MONTH:     JULY
                                          YEAR:      2014
                                          LATITUDE:   31 37 N
                                          LONGITUDE:  97 13 W

  TEMPERATURE IN F:       :PCPN:    SNOW:  WIND      :SUNSHINE: SKY     :PK WND
================================================================================
1   2   3   4   5  6A  6B    7    8   9   10  11  12  13   14  15   16   17  18
                                     12Z  AVG MX 2MIN
DY MAX MIN AVG DEP HDD CDD  WTR  SNW DPTH SPD SPD DIR MIN PSBL S-S WX    SPD DR
================================================================================

 1  93  74  84   0   0  19 0.00  0.0    0 10.6 26 170   M    M   2        32 170
 2  94  73  84   0   0  19 0.00  0.0    0  5.7 15 210   M    M   0 1      18 150
 3  92  70  81  -3   0  16    T  0.0    0  6.1 17 130   M    M   0        22 130
 4  91  67  79  -5   0  14 0.00  0.0    0  5.1 15 120   M    M   0 1      18 140
 5  92  69  81  -3   0  16 0.00  0.0    0  6.8 17 140   M    M   1 1      22 170
 6  91  71  81  -3   0  16 0.00  0.0    0  9.2 16 180   M    M   1 1      20 170
 7  95  74  85   1   0  20 0.00  0.0    0 11.6 20 180   M    M   0        24 170
 8  95  74  85   0   0  20 0.00  0.0    0 11.1 16 180   M    M   0        22 190
 9  96  73  85   0   0  20 0.00  0.0    0 10.0 17 180   M    M   0        23 180
10  95  72  84  -1   0  19 0.00  0.0    0 10.8 21 170   M    M   0        25 160
11  96  71  84  -1   0  19 0.00  0.0    0 10.2 18 200   M    M   0        25 190
12  96  68  82  -3   0  17 0.00  0.0    0  6.8 16 170   M    M   0        23 140
13  98  73  86   1   0  21 0.00  0.0    0  7.5 12 160   M    M   0        16 170
14  99  74  87   2   0  22 0.00  0.0    0  7.3 14  10   M    M   0        20 250
15  90  73  82  -3   0  17    T  0.0    0  6.0 17 180   M    M   5 3      20 180
16  92  67  80  -5   0  15    T  0.0    0  8.0 20 130   M    M   1        24 120
17  85  73  79  -6   0  14 0.15  0.0    0  8.6 15 180   M    M   8 13     20 160
18  78  69  74 -12   0   9 0.00  0.0    0  8.3 16 360   M    M  10 1      20 360
19  85  65  75 -11   0  10 0.00  0.0    0  3.9 12 100   M    M   5        21 200
20  93  66  80  -6   0  15 0.00  0.0    0  6.1 14 130   M    M   3 18     16 130
21  97  77  87   1   0  22 0.00  0.0    0  7.3 13 140   M    M   2 18     18 170
22  98  77  88   2   0  23 0.00  0.0    0  5.3 13  80   M    M   1 18     16 100
23  96  72  84  -2   0  19 0.00  0.0    0  4.6 24  60   M    M   2 18     31  70
24  96  73  85  -1   0  20 0.00  0.0    0  5.0 12 120   M    M   3        16 170
25  98  71  85  -1   0  20 0.00  0.0    0  8.3 17 180   M    M   0        23 160
26  99  76  88   2   0  23 0.00  0.0    0 12.7 21 180   M    M   0        26 180
27  99  77  88   2   0  23 0.00  0.0    0   M   M   M   M    M   0         M  M
================================================================================
SM 2529 1939         0 488  0.15     0.0 202.9          M       44
================================================================================
AV 93.7 71.8                               7.8 FASTST   M    M   2    MAX(MPH)
                                 MISC ---->  # 26 170               # 32  170
================================================================================
NOTES:
# LAST OF SEVERAL OCCURRENCES

COLUMN 17 PEAK WIND IN M.P.H.

PRELIMINARY LOCAL CLIMATOLOGICAL DATA (WS FORM: F-6) , PAGE 2

                                          STATION:  WACO
                                          MONTH:    JULY
                                          YEAR:     2014
                                          LATITUDE:   31 37 N
                                          LONGITUDE:  97 13 W

[TEMPERATURE DATA]      [PRECIPITATION DATA]       SYMBOLS USED IN COLUMN 16

AVERAGE MONTHLY: 82.7   TOTAL FOR MONTH:   0.15    1 = FOG OR MIST
DPTR FM NORMAL:  -2.4   DPTR FM NORMAL:   -1.41    2 = FOG REDUCING VISIBILITY
HIGHEST:    99 ON 27,26 GRTST 24HR  0.15 ON 17-17      TO 1/4 MILE OR LESS
LOWEST:     65 ON 19                               3 = THUNDER
                        SNOW, ICE PELLETS, HAIL    4 = ICE PELLETS
                        TOTAL MONTH:   0.0 INCH    5 = HAIL
                        GRTST 24HR     0.0         6 = FREEZING RAIN OR DRIZZLE
                        GRTST DEPTH:   0           7 = DUSTSTORM OR SANDSTORM:
                                                       VSBY 1/2 MILE OR LESS
                                                   8 = SMOKE OR HAZE
[NO. OF DAYS WITH]      [WEATHER - DAYS WITH]      9 = BLOWING SNOW
                                                   X = TORNADO
MAX 32 OR BELOW:   0    0.01 INCH OR MORE:   1
MAX 90 OR ABOVE:  24    0.10 INCH OR MORE:   1
MIN 32 OR BELOW:   0    0.50 INCH OR MORE:   0
MIN  0 OR BELOW:   0    1.00 INCH OR MORE:   0

[HDD (BASE 65) ]
TOTAL THIS MO.     0    CLEAR  (SCALE 0-3)  23
DPTR FM NORMAL     0    PTCLDY (SCALE 4-7)   2
TOTAL FM JUL 1     0    CLOUDY (SCALE 8-10)  2
DPTR FM NORMAL     0

[CDD (BASE 65) ]
TOTAL THIS MO.   488
DPTR FM NORMAL   -54    [PRESSURE DATA]
TOTAL FM JAN 1  1356    HIGHEST SLP M ON M
DPTR FM NORMAL  -126    LOWEST  SLP 29.80 ON  1

[REMARKS]
