000
CXUS56 KEKA 271230
CF6ACV
PRELIMINARY LOCAL CLIMATOLOGICAL DATA (WS FORM: F-6)

                                          STATION:   ARCATA CA
                                          MONTH:     FEBRUARY
                                          YEAR:      2015
                                          LATITUDE:   40 58 N
                                          LONGITUDE: 124  6 W

  TEMPERATURE IN F:       :PCPN:    SNOW:  WIND      :SUNSHINE: SKY     :PK WND
================================================================================
1   2   3   4   5  6A  6B    7    8   9   10  11  12  13   14  15   16   17  18
                                     12Z  AVG MX 2MIN
DY MAX MIN AVG DEP HDD CDD  WTR  SNW DPTH SPD SPD DIR MIN PSBL S-S WX    SPD DR
================================================================================

 1  64  42  53   6  12   0 0.04    M    0  3.6 18 280   M    M   6 2      26 270
 2  61  51  56   9   9   0 1.63  0.0    0  4.6 13 150   M    M  10 2      17 150
 3  58  54  56   9   9   0 0.09  0.0    0  2.5 12 250   M    M  10        15 210
 4  59  50  55   8  10   0 0.00  0.0    0  5.3 21 190   M    M   7 2      29 200
 5  63  56  60  13   5   0 0.81  0.0    0 13.2 21 160   M    M   9 1      37 150
 6  66  57  62  15   3   0 1.83  0.0    0 11.4 26 200   M    M  10 1      42 200
 7  66  55  61  14   4   0 0.08  0.0    0 15.9 37 200   M    M   9 1      53 200
 8  68  53  61  14   4   0 0.11  0.0    0 13.0 25 170   M    M   7        45 170
 9  59  44  52   5  13   0 0.40    M    0  9.7 36 190   M    M   9 18     50 200
10  55  39  47   0  18   0 0.00  0.0    0  4.0 10 330   M    M   0 1      13 300
11  56  39  48   1  17   0 0.00  0.0    0  2.9  9 280   M    M   0 1      12  10
12  62  40  51   4  14   0 0.00  0.0    0  2.8 13 330   M    M   1 28     16 330
13  55  40  48   1  17   0 0.00  0.0    0  2.2  9 130   M    M   5 2      11 290
14  60  45  53   6  12   0 0.00  0.0    0  2.3  7 160   M    M   6 1       M  M
15  68  40  54   7  11   0 0.00  0.0    0  2.5  9 230   M    M   0 18     13 210
16  61  41  51   4  14   0 0.00  0.0    0  2.3  7 240   M    M   2 2       M  M
17  54  44  49   2  16   0 0.00  0.0    M  3.1  7 260   M    M  10 2      11 200
18  54  50  52   5  13   0 0.00  0.0    0  4.2 14 340   M    M  10 1      17 320
19  56  42  49   2  16   0 0.00  0.0    0  3.7 10 320   M    M   6 1      13 320
20  62  38  50   3  15   0 0.00  0.0    0  6.4 20 320   M    M   1 2      23 320
21  62  38  50   3  15   0 0.00  0.0    0  6.6 22 330   M    M   0 1      28 330
22  63  39  51   4  14   0 0.00  0.0    0  9.2 23 320   M    M   0        27 330
23  64  33  49   2  16   0 0.00  0.0    0  6.0 18 320   M    M   0        26 320
24  60  32  46  -1  19   0 0.00  0.0    0  5.7 17 320   M    M   0        23 320
25  57  34  46  -1  19   0 0.00  0.0    0  5.6 21 320   M    M   2 1      39 330
26  58  38  48   0  17   0 0.27    M    0  6.1 18 310   M    M   6 12     24 330
================================================================================
SM 1571 1134       332   0  5.26     0.0 154.8          M      126
================================================================================
AV 60.4 43.6                               6.0 FASTST   M    M   5    MAX(MPH)
                                 MISC ---->  # 37 200               # 53  200
================================================================================
NOTES:
# LAST OF SEVERAL OCCURRENCES

COLUMN 17 PEAK WIND IN M.P.H.

PRELIMINARY LOCAL CLIMATOLOGICAL DATA (WS FORM: F-6) , PAGE 2

                                          STATION:  ARCATA CA
                                          MONTH:    FEBRUARY
                                          YEAR:     2015
                                          LATITUDE:   40 58 N
                                          LONGITUDE: 124  6 W

[TEMPERATURE DATA]      [PRECIPITATION DATA]       SYMBOLS USED IN COLUMN 16

AVERAGE MONTHLY: 52.0   TOTAL FOR MONTH:   5.26    1 = FOG OR MIST
DPTR FM NORMAL:   5.0   DPTR FM NORMAL:   -0.82    2 = FOG REDUCING VISIBILITY
HIGHEST:    68 ON 15, 8 GRTST 24HR  1.83 ON  6- 6      TO 1/4 MILE OR LESS
LOWEST:     32 ON 24                               3 = THUNDER
                        SNOW, ICE PELLETS, HAIL    4 = ICE PELLETS
                        TOTAL MONTH:   0.0 INCH    5 = HAIL
                        GRTST 24HR     0.0         6 = FREEZING RAIN OR DRIZZLE
                        GRTST DEPTH:   0           7 = DUSTSTORM OR SANDSTORM:
                                                       VSBY 1/2 MILE OR LESS
                                                   8 = SMOKE OR HAZE
[NO. OF DAYS WITH]      [WEATHER - DAYS WITH]      9 = BLOWING SNOW
                                                   X = TORNADO
MAX 32 OR BELOW:   0    0.01 INCH OR MORE:   9
MAX 90 OR ABOVE:   0    0.10 INCH OR MORE:   6
MIN 32 OR BELOW:   1    0.50 INCH OR MORE:   3
MIN  0 OR BELOW:   0    1.00 INCH OR MORE:   2

[HDD (BASE 65) ]
TOTAL THIS MO.   332    CLEAR  (SCALE 0-3)  11
DPTR FM NORMAL  -136    PTCLDY (SCALE 4-7)   7
TOTAL FM JUL 1  2261    CLOUDY (SCALE 8-10)  8
DPTR FM NORMAL -1015

[CDD (BASE 65) ]
TOTAL THIS MO.     0
DPTR FM NORMAL     0    [PRESSURE DATA]
TOTAL FM JAN 1     0    HIGHEST SLP M ON M
DPTR FM NORMAL     0    LOWEST  SLP 29.45 ON  6

[REMARKS]
