000
CXUS54 KLZK 301130
CF6ADF
PRELIMINARY LOCAL CLIMATOLOGICAL DATA (WS FORM: F-6)

                                          STATION:   Arkadelphia Airport
                                          MONTH:     APRIL
                                          YEAR:      2016
                                          LATITUDE:   34  9 N
                                          LONGITUDE:  93  4 W

  TEMPERATURE IN F:       :PCPN:    SNOW:  WIND      :SUNSHINE: SKY     :PK WND
================================================================================
1   2   3   4   5  6A  6B    7    8   9   10  11  12  13   14  15   16   17  18
                                     12Z  AVG MX 2MIN
DY MAX MIN AVG DEP HDD CDD  WTR  SNW DPTH SPD SPD DIR MIN PSBL S-S WX    SPD DR
================================================================================

 1  63  47  55  -3  10   0 0.00    M    M  5.5 14 360   M    M   0         M  M
 2  70  44  57  -1   8   0 0.00    M    M  5.0 10 320   M    M   0         M  M
 3  76  40  58  -1   7   0 0.00    M    M  3.6 13 230   M    M   0         M  M
 4  85  42  64   5   1   0 0.00    M    M  4.7 14 240   M    M   0         M  M
 5  82  56  69  10   0   4 0.00    M    M  4.9  8 100   M    M   0         M  M
 6  77  53  65   5   0   0 0.00    M    M  8.7 18 230   M    M   1        25 280
 7  84  43  64   4   1   0 0.00    M    M  6.5 14 280   M    M   0         M  M
 8  72  43  58  -2   7   0 0.00    M    M  5.6 14 340   M    M   0         M  M
 9  78  40  59  -1   6   0    T    M    M  2.5  7  40   M    M   1         M  M
10  81  54  68   8   0   3 0.00    M    M  9.0 20 200   M    M   4        24 210
11   M   M   M   M   M   M 0.76    M    M  7.6 13 190   M    M   8 13      M  M
12  68  52  60  -1   5   0 0.00    M    M  7.1 14  30   M    M   2         M  M
13  68  51  60  -1   5   0    T    M    M  6.6 10  30   M    M   3         M  M
14  72  51  62   1   3   0 0.19    M    M  6.2 10 280   M    M   5 13      M  M
15  78  58  68   6   0   3 0.00    M    M  5.3 10  90   M    M   9 1       M  M
16  71  60  66   4   0   1 0.00    M    M  5.0  7  80   M    M  10 1       M  M
17  79  59  69   7   0   4 0.00    M    M  5.4  9 110   M    M   4         M  M
18  74  63  69   7   0   4 0.93    M    M  1.6  5 280   M    M   6 1       M  M
19  65  62  64   1   1   0 0.62    M    M  4.8  8  30   M    M  10 1       M  M
20  75  59  67   4   0   2 0.10    M    M  3.6 10 180   M    M   6 12      M  M
21  80  55  68   5   0   3 0.46    M    M  1.7 13 350   M    M   5 123     M  M
22  81  52  67   4   0   2 0.01    M    M  3.1 12 360   M    M   0 1       M  M
23  84  53  69   5   0   4 0.00    M    M  0.9  6  99   M    M   0 12      M  M
24  83  55  69   5   0   4 0.00    M    M  3.4 10 180   M    M   1 1       M  M
25  83  58  71   7   0   6 0.00    M    M  3.7 13 200   M    M   3 1       M  M
26  84  65  75  11   0  10 0.00    M    M  3.7 10 190   M    M   6 1       M  M
27  85  61  73   8   0   8 0.09    M    M  5.1 13 200   M    M   1 1      21 220
28  87  53  70   5   0   5    T    M    M  1.6  7  40   M    M   0 1       M  M
29  75  61  68   3   0   3 3.41  0.0    0  5.9 14 130   M    M   6 13      M  M
================================================================================
SM 2160 1490        54  66  6.57     0.0 138.3          M       91
================================================================================
AV 77.1 53.2                               4.8 FASTST   M    M   3    MAX(MPH)
                                 MISC ---->    20   M                 25    M
================================================================================
NOTES:
# LAST OF SEVERAL OCCURRENCES

COLUMN 17 PEAK WIND IN M.P.H.

PRELIMINARY LOCAL CLIMATOLOGICAL DATA (WS FORM: F-6) , PAGE 2

                                          STATION:  Arkadelphia Airport
                                          MONTH:    APRIL
                                          YEAR:     2016
                                          LATITUDE:   34  9 N
                                          LONGITUDE:  93  4 W

[TEMPERATURE DATA]      [PRECIPITATION DATA]       SYMBOLS USED IN COLUMN 16

AVERAGE MONTHLY: 65.2   TOTAL FOR MONTH:   6.57    1 = FOG OR MIST
DPTR FM NORMAL:   3.5   DPTR FM NORMAL:    2.13    2 = FOG REDUCING VISIBILITY
HIGHEST:    87 ON 28    GRTST 24HR  3.41 ON 29-29      TO 1/4 MILE OR LESS
LOWEST:     40 ON  9, 3                            3 = THUNDER
                        SNOW, ICE PELLETS, HAIL    4 = ICE PELLETS
                        TOTAL MONTH:   0.0 INCH    5 = HAIL
                        GRTST 24HR     0.0         6 = FREEZING RAIN OR DRIZZLE
                        GRTST DEPTH:   0           7 = DUSTSTORM OR SANDSTORM:
                                                       VSBY 1/2 MILE OR LESS
                                                   8 = SMOKE OR HAZE
[NO. OF DAYS WITH]      [WEATHER - DAYS WITH]      9 = BLOWING SNOW
                                                   X = TORNADO
MAX 32 OR BELOW:   0    0.01 INCH OR MORE:   9
MAX 90 OR ABOVE:   0    0.10 INCH OR MORE:   7
MIN 32 OR BELOW:   0    0.50 INCH OR MORE:   4
MIN  0 OR BELOW:   0    1.00 INCH OR MORE:   1

[HDD (BASE 65) ]
TOTAL THIS MO.    54    CLEAR  (SCALE 0-3)  17
DPTR FM NORMAL   -87    PTCLDY (SCALE 4-7)   8
TOTAL FM JUL 1  2106    CLOUDY (SCALE 8-10)  4
DPTR FM NORMAL  -897

[CDD (BASE 65) ]
TOTAL THIS MO.    66
DPTR FM NORMAL    19    [PRESSURE DATA]
TOTAL FM JAN 1    87    HIGHEST SLP M ON M
DPTR FM NORMAL    28    LOWEST  SLP M ON M

[REMARKS]
