000
CXUS54 KLCH 242310
CF6AEX
PRELIMINARY LOCAL CLIMATOLOGICAL DATA (WS FORM: F-6)

                                          STATION:   ALEXANDRIA
                                          MONTH:     APRIL
                                          YEAR:      2014
                                          LATITUDE:   31 19 N
                                          LONGITUDE:  92 33 W

  TEMPERATURE IN F:       :PCPN:    SNOW:  WIND      :SUNSHINE: SKY     :PK WND
================================================================================
1   2   3   4   5  6A  6B    7    8   9   10  11  12  13   14  15   16   17  18
                                     12Z  AVG MX 2MIN
DY MAX MIN AVG DEP HDD CDD  WTR  SNW DPTH SPD SPD DIR MIN PSBL S-S WX    SPD DR
================================================================================

 1  77  61  69   6   0   4 0.00  0.0    0  6.8 12 170   M    M   9        17 190
 2  80  67  74  11   0   9    T  0.0    0 10.7 18 150   M    M   8 1      27 160
 3  83  70  77  14   0  12    T  0.0    0 10.3 21 180   M    M   8 1      27 200
 4  73  57  65   2   0   0 0.75  0.0    0  9.3 18 330   M    M   6 13     27 340
 5  68  52  60  -4   5   0 0.01  0.0    0  8.2 14  40   M    M   3        20  40
 6  62  50  56  -8   9   0 1.11  0.0    0  8.5 24 320   M    M  10 13     32 320
 7  63  51  57  -7   8   0    T  0.0    0  7.6 16 310   M    M   8 1      21 320
 8  69  46  58  -6   7   0 0.07    M    0  6.9 32 350   M    M   4 13     44 350
 9  73  40  57  -7   8   0 0.00  0.0    0  3.0 14 320   M    M   0 8      17 320
10  78  48  63  -2   2   0 0.00  0.0    0  9.4 20 200   M    M   0        26 180
11  79  53  66   1   0   1 0.00  0.0    0  7.9 16 190   M    M   3 1      24 190
12  80  55  68   3   0   3 0.00  0.0    0  9.7 17 150   M    M   4 18     29 140
13  80  65  73   7   0   8 0.29  0.0    0  9.8 20 180   M    M   7 138    28 190
14  80  46  63  -3   2   0 0.66    M    0 14.2 33 320   M    M   7 13     43 310
15  61  39  50 -16  15   0 0.00  0.0    0 11.2 22  20   M    M   2        35  10
16  64  37  51 -15  14   0 0.00  0.0    0  5.3 16 140   M    M   0 8      21 130
17  64  46  55 -12  10   0    T    M    0  3.4 12 130   M    M   4 18     15 130
18  76  51  64  -3   1   0 0.03  0.0    0  5.1 13  50   M    M   7 13     18  10
19  80  53  67   0   0   2 0.00  0.0    0  1.9  8 210   M    M   1 18     13 170
20  84  52  68   1   0   3 0.00  0.0    0  2.9 10 130   M    M   1 1      13 130
21  84  57  71   3   0   6 0.00  0.0    0  7.0 16 230   M    M   3 8      21 190
22  83  60  72   4   0   7 0.07  0.0    0  5.8 15 350   M    M   6 13     20 360
23  84  56  70   2   0   5 0.00  0.0    0  2.5 10 130   M    M   2 18     14 170
================================================================================
SM 1725 1212        81  60  2.99     0.0 167.4          M      103
================================================================================
AV 75.0 52.7                               7.3 FASTST   M    M   4    MAX(MPH)
                                 MISC ---->  # 33 320               # 44  350
================================================================================
NOTES:
# LAST OF SEVERAL OCCURRENCES

COLUMN 17 PEAK WIND IN M.P.H.

PRELIMINARY LOCAL CLIMATOLOGICAL DATA (WS FORM: F-6) , PAGE 2

                                          STATION:  ALEXANDRIA
                                          MONTH:    APRIL
                                          YEAR:     2014
                                          LATITUDE:   31 19 N
                                          LONGITUDE:  92 33 W

[TEMPERATURE DATA]      [PRECIPITATION DATA]       SYMBOLS USED IN COLUMN 16

AVERAGE MONTHLY: 63.8   TOTAL FOR MONTH:   2.99    1 = FOG OR MIST
DPTR FM NORMAL:  -1.5   DPTR FM NORMAL:   -0.74    2 = FOG REDUCING VISIBILITY
HIGHEST:    84 ON 23,21 GRTST 24HR  1.12 ON  5- 6      TO 1/4 MILE OR LESS
LOWEST:     37 ON 16                               3 = THUNDER
                        SNOW, ICE PELLETS, HAIL    4 = ICE PELLETS
                        TOTAL MONTH:   0.0 INCH    5 = HAIL
                        GRTST 24HR     0.0         6 = FREEZING RAIN OR DRIZZLE
                        GRTST DEPTH:   0           7 = DUSTSTORM OR SANDSTORM:
                                                       VSBY 1/2 MILE OR LESS
                                                   8 = SMOKE OR HAZE
[NO. OF DAYS WITH]      [WEATHER - DAYS WITH]      9 = BLOWING SNOW
                                                   X = TORNADO
MAX 32 OR BELOW:   0    0.01 INCH OR MORE:   8
MAX 90 OR ABOVE:   0    0.10 INCH OR MORE:   4
MIN 32 OR BELOW:   0    0.50 INCH OR MORE:   3
MIN  0 OR BELOW:   0    1.00 INCH OR MORE:   1

[HDD (BASE 65) ]
TOTAL THIS MO.    81    CLEAR  (SCALE 0-3)  10
DPTR FM NORMAL    20    PTCLDY (SCALE 4-7)  11
TOTAL FM JUL 1  2414    CLOUDY (SCALE 8-10)  2
DPTR FM NORMAL   473

[CDD (BASE 65) ]
TOTAL THIS MO.    60
DPTR FM NORMAL   -10    [PRESSURE DATA]
TOTAL FM JAN 1    84    HIGHEST SLP M ON M
DPTR FM NORMAL   -39    LOWEST  SLP 29.64 ON  6

[REMARKS]
