000
CXUS54 KLCH 280842
CF6AEX
PRELIMINARY LOCAL CLIMATOLOGICAL DATA (WS FORM: F-6)

                                          STATION:   ALEXANDRIA
                                          MONTH:     FEBRUARY
                                          YEAR:      2017
                                          LATITUDE:   31 19 N
                                          LONGITUDE:  92 33 W

  TEMPERATURE IN F:       :PCPN:    SNOW:  WIND      :SUNSHINE: SKY     :PK WND
================================================================================
1   2   3   4   5  6A  6B    7    8   9   10  11  12  13   14  15   16   17  18
                                     12Z  AVG MX 2MIN
DY MAX MIN AVG DEP HDD CDD  WTR  SNW DPTH SPD SPD DIR MIN PSBL S-S WX    SPD DR
================================================================================

 1  78  49  64  15   1   0 0.00  0.0    0  8.3 17 190   M    M   2 12     22 190
 2  72  45  59   9   6   0 0.00  0.0    0  6.7 18  50   M    M   9 12     21  30
 3  55  40  48  -2  17   0 0.00  0.0    0  8.8 15  10   M    M   7 8      22  40
 4  58  36  47  -3  18   0 0.00  0.0    0  7.1 15 140   M    M   7        19 140
 5  77  54  66  16   0   1 0.00  0.0    0  9.1 17 240   M    M   8        22 200
 6  78  64  71  21   0   6 0.00  0.0    0 12.1 23 190   M    M   8 1      28 180
 7  83  65  74  24   0   9    T  0.0    0 11.1 23 240   M    M   6 1      29 230
 8  84  61  73  23   0   8 0.00  0.0    0  9.8 17 320   M    M   3 18     24 320
 9  63  43  53   2  12   0 0.00  0.0    0  8.3 17  20   M    M   0        24  30
10  71  37  54   3  11   0 0.00  0.0    0  9.3 20 190   M    M   5 1      24 180
11  82  65  74  23   0   9 0.00  0.0    0 11.2 22 210   M    M   8 1      30 190
12  86  63  75  24   0  10 0.00  0.0    0  9.2 18  50   M    M   7        28  30
13  65  56  61  10   4   0 0.00  0.0    0  6.8 13  60   M    M   9        17  40
14  70  49  60   8   5   0 0.30    M    0 11.9 31 300   M    M   6 138    39 270
15  62  43  53   1  12   0    T    M    0  9.7 25 310   M    M   6        31 310
16  67  35  51  -1  14   0 0.00  0.0    0  3.6 10 230   M    M   0        14 220
17  65  41  53   1  12   0 0.01    M    0  8.9 20 120   M    M   5        24 130
18  70  55  63  10   2   0 0.00  0.0    0  6.7 13 110   M    M   7        16 180
19  75  53  64  11   1   0 0.00  0.0    0  8.4 17 130   M    M   5 128    21 120
20  79  59  69  16   0   4 1.42  0.0    0 10.2 32 290   M    M   9 13     41 280
21  72  58  65  12   0   0 0.15  0.0    0  4.7 18 310   M    M   7 18     22 290
22  73  56  65  11   0   0 0.03  0.0    0  4.3 13 320   M    M   5 1      16 320
23  78  51  65  11   0   0 0.00  0.0    0  8.2 16 160   M    M   1 12     20 150
24  80  59  70  16   0   5    T  0.0    0 11.5 22 320   M    M   5        28 310
25  63  43  53  -1  12   0 0.00  0.0    0  7.6 21 330   M    M   0 8      27 320
26  70  41  56   1   9   0 0.00  0.0    0 11.5 20 180   M    M   3        23 150
27  77  59  68  13   0   3 0.03  0.0    0  8.3 18 170   M    M   8 18     24 170
================================================================================
SM 1953 1380       136  55  1.94     0.0 233.3          M      146
================================================================================
AV 72.3 51.1                               8.6 FASTST   M    M   5    MAX(MPH)
                                 MISC ---->  # 32 290               # 41  280
================================================================================
NOTES:
# LAST OF SEVERAL OCCURRENCES

COLUMN 17 PEAK WIND IN M.P.H.

PRELIMINARY LOCAL CLIMATOLOGICAL DATA (WS FORM: F-6) , PAGE 2

                                          STATION:  ALEXANDRIA
                                          MONTH:    FEBRUARY
                                          YEAR:     2017
                                          LATITUDE:   31 19 N
                                          LONGITUDE:  92 33 W

[TEMPERATURE DATA]      [PRECIPITATION DATA]       SYMBOLS USED IN COLUMN 16

AVERAGE MONTHLY: 61.7   TOTAL FOR MONTH:   1.94    1 = FOG OR MIST
DPTR FM NORMAL:   9.9   DPTR FM NORMAL:   -2.36    2 = FOG REDUCING VISIBILITY
HIGHEST:    86 ON 12    GRTST 24HR  1.46 ON 20-21      TO 1/4 MILE OR LESS
LOWEST:     35 ON 16                               3 = THUNDER
                        SNOW, ICE PELLETS, HAIL    4 = ICE PELLETS
                        TOTAL MONTH:   0.0 INCH    5 = HAIL
                        GRTST 24HR     0.0         6 = FREEZING RAIN OR DRIZZLE
                        GRTST DEPTH:   0           7 = DUSTSTORM OR SANDSTORM:
                                                       VSBY 1/2 MILE OR LESS
                                                   8 = SMOKE OR HAZE
[NO. OF DAYS WITH]      [WEATHER - DAYS WITH]      9 = BLOWING SNOW
                                                   X = TORNADO
MAX 32 OR BELOW:   0    0.01 INCH OR MORE:   6
MAX 90 OR ABOVE:   0    0.10 INCH OR MORE:   3
MIN 32 OR BELOW:   0    0.50 INCH OR MORE:   1
MIN  0 OR BELOW:   0    1.00 INCH OR MORE:   1

[HDD (BASE 65) ]
TOTAL THIS MO.   136    CLEAR  (SCALE 0-3)   7
DPTR FM NORMAL  -228    PTCLDY (SCALE 4-7)  14
TOTAL FM JUL 1   976    CLOUDY (SCALE 8-10)  6
DPTR FM NORMAL  -679

[CDD (BASE 65) ]
TOTAL THIS MO.    55
DPTR FM NORMAL    47    [PRESSURE DATA]
TOTAL FM JAN 1    71    HIGHEST SLP M ON M
DPTR FM NORMAL    57    LOWEST  SLP 29.71 ON 24

[REMARKS]
