000
CXUS54 KFWD 210730
CF6AFW
PRELIMINARY LOCAL CLIMATOLOGICAL DATA (WS FORM: F-6)

                                          STATION:   FORT WORTH ALLIANCE
                                          MONTH:     SEPTEMBER
                                          YEAR:      2017
                                          LATITUDE:   32 58 N
                                          LONGITUDE:  97 19 W

  TEMPERATURE IN F:       :PCPN:    SNOW:  WIND      :SUNSHINE: SKY     :PK WND
================================================================================
1   2   3   4   5  6A  6B    7    8   9   10  11  12  13   14  15   16   17  18
                                     12Z  AVG MX 2MIN
DY MAX MIN AVG DEP HDD CDD  WTR  SNW DPTH SPD SPD DIR MIN PSBL S-S WX    SPD DR
================================================================================

 1  91  60  76  -6   0  11 0.00  0.0    0  1.5  8 240   M    M   1        11 250
 2  94  65  80  -1   0  15 0.00  0.0    0  3.3 10 250   M    M   5 18     13 250
 3  95  69  82   1   0  17 0.00  0.0    0  5.4 13 210   M    M   3        17 230
 4  95  70  83   2   0  18 0.00  0.0    0  5.1 13 230   M    M   1        17 220
 5  91  69  80   0   0  15 0.00  0.0    0  8.8 21  10   M    M   2        25  20
 6  85  53  69 -11   0   4 0.00  0.0    0  5.4 16  40   M    M   1        23  40
 7  86  49  68 -12   0   3 0.00  0.0    0  4.8 14 130   M    M   1        18 140
 8  85  56  71  -8   0   6 0.00  0.0    0  4.8 16 140   M    M   0        22 120
 9  87  54  71  -8   0   6 0.00  0.0    0  3.7 14 100   M    M   0        23  70
10  85  54  70  -9   0   5 0.00  0.0    0  4.2 15  70   M    M   0        19  40
11  86  54  70  -8   0   5 0.00  0.0    0  3.5 16  10   M    M   1        23  10
12  87  52  70  -8   0   5 0.00  0.0    0  5.4 18 360   M    M   6        28 360
13  92  54  73  -5   0   8 0.00  0.0    0  2.3  9 120   M    M   5        13 170
14  98  62  80   3   0  15 0.00  0.0    0  7.1 16 160   M    M   1        23 150
15  95  72  84   7   0  19 0.00  0.0    0 10.7 17 150   M    M   3        25 200
16  96  73  85   8   0  20 0.00  0.0    0  9.8 17 160   M    M   2        24 150
17  97  71  84   8   0  19 0.00  0.0    0  6.6 14 140   M    M   5        19 140
18  94  68  81   5   0  16 0.00  0.0    0  5.8 14 150   M    M   4        20 160
19  98  72  85   9   0  20 0.18  0.0    0 10.1 23 340   M    M   5 13     30 340
20  98  76  87  12   0  22 0.00  0.0    0 12.2 20 180   M    M   5        27 190
================================================================================
SM 1835 1253         0 249  0.18     0.0 120.5          M       51
================================================================================
AV 91.8 62.7                               6.0 FASTST   M    M   3    MAX(MPH)
                                 MISC ---->  # 23 340               # 30  340
================================================================================
NOTES:
# LAST OF SEVERAL OCCURRENCES

COLUMN 17 PEAK WIND IN M.P.H.

PRELIMINARY LOCAL CLIMATOLOGICAL DATA (WS FORM: F-6) , PAGE 2

                                          STATION:  FORT WORTH ALLIANCE
                                          MONTH:    SEPTEMBER
                                          YEAR:     2017
                                          LATITUDE:   32 58 N
                                          LONGITUDE:  97 19 W

[TEMPERATURE DATA]      [PRECIPITATION DATA]       SYMBOLS USED IN COLUMN 16

AVERAGE MONTHLY: 77.2   TOTAL FOR MONTH:   0.18    1 = FOG OR MIST
DPTR FM NORMAL:  -1.3   DPTR FM NORMAL:   -2.01    2 = FOG REDUCING VISIBILITY
HIGHEST:    98 ON 20,19 GRTST 24HR  0.18 ON 19-19      TO 1/4 MILE OR LESS
LOWEST:     49 ON  7                               3 = THUNDER
                        SNOW, ICE PELLETS, HAIL    4 = ICE PELLETS
                        TOTAL MONTH:   0.0 INCH    5 = HAIL
                        GRTST 24HR     0.0         6 = FREEZING RAIN OR DRIZZLE
                        GRTST DEPTH:   0           7 = DUSTSTORM OR SANDSTORM:
                                                       VSBY 1/2 MILE OR LESS
                                                   8 = SMOKE OR HAZE
[NO. OF DAYS WITH]      [WEATHER - DAYS WITH]      9 = BLOWING SNOW
                                                   X = TORNADO
MAX 32 OR BELOW:   0    0.01 INCH OR MORE:   1
MAX 90 OR ABOVE:  13    0.10 INCH OR MORE:   1
MIN 32 OR BELOW:   0    0.50 INCH OR MORE:   0
MIN  0 OR BELOW:   0    1.00 INCH OR MORE:   0

[HDD (BASE 65) ]
TOTAL THIS MO.     0    CLEAR  (SCALE 0-3)  12
DPTR FM NORMAL     0    PTCLDY (SCALE 4-7)   8
TOTAL FM JUL 1     0    CLOUDY (SCALE 8-10)  0
DPTR FM NORMAL     0

[CDD (BASE 65) ]
TOTAL THIS MO.   249
DPTR FM NORMAL   -21    [PRESSURE DATA]
TOTAL FM JAN 1  2397    HIGHEST SLP M ON M
DPTR FM NORMAL    55    LOWEST  SLP 29.70 ON 19

[REMARKS]
