000
CXUS55 KCAE 301400
CF6AGS
PRELIMINARY LOCAL CLIMATOLOGICAL DATA (WS FORM: F-6)

                                          STATION:   AUGUSTA BUSH FIELD GA
                                          MONTH:     OCTOBER
                                          YEAR:      2014
                                          LATITUDE:   33 22 N
                                          LONGITUDE:  81 58 W

  TEMPERATURE IN F:       :PCPN:    SNOW:  WIND      :SUNSHINE: SKY     :PK WND
================================================================================
1   2   3   4   5  6A  6B    7    8   9   10  11  12  13   14  15   16   17  18
                                     12Z  AVG MX 2MIN
DY MAX MIN AVG DEP HDD CDD  WTR  SNW DPTH SPD SPD DIR MIN PSBL S-S WX    SPD DR
================================================================================

 1  86  56  71   1   0   6 0.00  0.0    0  1.8 10 150   M    M   1 12     14 120
 2  87  56  72   3   0   7 0.00  0.0    0  2.3 12 140   M    M   2 12     15 100
 3  84  58  71   2   0   6 0.43  0.0    0  5.3 18 200   M    M   7 1238   23 220
 4  72  47  60  -8   5   0 0.00  0.0    0 10.6 22 290   M    M   0        27 290
 5  72  37  55 -13  10   0 0.00  0.0    0  3.1 15 280   M    M   0        21 270
 6  80  41  61  -7   4   0 0.00  0.0    0  5.0 14 180   M    M   0 1      20 210
 7  83  49  66  -1   0   1 0.00  0.0    0  4.2 17 210   M    M   0 1      23 220
 8  92  56  74   7   0   9 0.00  0.0    0  5.5 16 300   M    M   0 1      20 290
 9  87  58  73   6   0   8 0.00  0.0    0  4.3 13 120   M    M   1 128    16 120
10  91  60  76  10   0  11 0.00  0.0    0  5.6 15 200   M    M   3 1      19 220
11  92  65  79  13   0  14 0.00  0.0    0  5.5 17 280   M    M   1        24 280
12  90  60  75   9   0  10 0.00  0.0    0  4.8 17  70   M    M   5 1      21  80
13  89  68  79  14   0  14 0.00  0.0    0  6.2 17 140   M    M   6 1      23 170
14  80  67  74   9   0   9 0.08  0.0    0  9.5 20 170   M    M   6 1      28 170
15  76  53  65   1   0   0 0.00  0.0    0  6.1 17 270   M    M   5 12     22 270
16  71  48  60  -4   5   0 0.00  0.0    0  8.3 22 280   M    M   6        30 280
17  82  43  63  -1   2   0 0.00  0.0    0  4.3 16 280   M    M   0 1      21 270
18  84  52  68   4   0   3 0.00  0.0    0  9.5 21 280   M    M   0        27 270
19  74  43  59  -4   6   0 0.00  0.0    0  3.1 10  10   M    M   0 1      13 360
20  77  39  58  -5   7   0 0.00  0.0    0  2.0 14 190   M    M   1 12     16 190
21  81  44  63   0   2   0 0.00  0.0    0  5.2 18 280   M    M   0 12     26 270
22  71  40  56  -6   9   0 0.00  0.0    0  4.3 16 360   M    M   0        20 340
23  74  36  55  -7  10   0 0.00  0.0    0  3.0 12 330   M    M   0        17 290
24  76  42  59  -3   6   0 0.00  0.0    0  1.6 10  30   M    M   0 1      13  50
25  79  38  59  -2   6   0 0.00  0.0    0  2.2 13 350   M    M   0 1      17 290
26  90  41  66   5   0   1 0.00  0.0    0  2.7 14 290   M    M   0 1      22 300
27  88  45  67   6   0   2 0.00  0.0    0  1.2  7 130   M    M   0 12     10 150
28  87  49  68   7   0   3 0.00  0.0    0  3.0 15 200   M    M   3 128    20 200
29  84  54  69   9   0   4 0.10  0.0    0  4.0 22 290   M    M   5 13     29 280
================================================================================
SM 2379 1445        72 108  0.61     0.0 134.2          M       52
================================================================================
AV 82.0 49.8                               4.6 FASTST   M    M   2    MAX(MPH)
                                 MISC ---->  # 22 290               # 30  280
================================================================================
NOTES:
# LAST OF SEVERAL OCCURRENCES

COLUMN 17 PEAK WIND IN M.P.H.

PRELIMINARY LOCAL CLIMATOLOGICAL DATA (WS FORM: F-6) , PAGE 2

                                          STATION:  AUGUSTA BUSH FIELD GA
                                          MONTH:    OCTOBER
                                          YEAR:     2014
                                          LATITUDE:   33 22 N
                                          LONGITUDE:  81 58 W

[TEMPERATURE DATA]      [PRECIPITATION DATA]       SYMBOLS USED IN COLUMN 16

AVERAGE MONTHLY: 65.9   TOTAL FOR MONTH:   0.61    1 = FOG OR MIST
DPTR FM NORMAL:   1.2   DPTR FM NORMAL:   -2.49    2 = FOG REDUCING VISIBILITY
HIGHEST:    92 ON 11, 8 GRTST 24HR  0.43 ON  3- 3      TO 1/4 MILE OR LESS
LOWEST:     36 ON 23                               3 = THUNDER
                        SNOW, ICE PELLETS, HAIL    4 = ICE PELLETS
                        TOTAL MONTH:   0.0 INCH    5 = HAIL
                        GRTST 24HR     0.0         6 = FREEZING RAIN OR DRIZZLE
                        GRTST DEPTH:   0           7 = DUSTSTORM OR SANDSTORM:
                                                       VSBY 1/2 MILE OR LESS
                                                   8 = SMOKE OR HAZE
[NO. OF DAYS WITH]      [WEATHER - DAYS WITH]      9 = BLOWING SNOW
                                                   X = TORNADO
MAX 32 OR BELOW:   0    0.01 INCH OR MORE:   3
MAX 90 OR ABOVE:   5    0.10 INCH OR MORE:   2
MIN 32 OR BELOW:   0    0.50 INCH OR MORE:   0
MIN  0 OR BELOW:   0    1.00 INCH OR MORE:   0

[HDD (BASE 65) ]
TOTAL THIS MO.    72    CLEAR  (SCALE 0-3)  22
DPTR FM NORMAL   -21    PTCLDY (SCALE 4-7)   7
TOTAL FM JUL 1    74    CLOUDY (SCALE 8-10)  0
DPTR FM NORMAL   -26

[CDD (BASE 65) ]
TOTAL THIS MO.   108
DPTR FM NORMAL    23    [PRESSURE DATA]
TOTAL FM JAN 1  2092    HIGHEST SLP M ON M
DPTR FM NORMAL    23    LOWEST  SLP 29.76 ON  4

[REMARKS]
