000
CXUS52 KFFC 201110
CF6AHN
PRELIMINARY LOCAL CLIMATOLOGICAL DATA (WS FORM: F-6)

                                          STATION:   ATHENS
                                          MONTH:     FEBRUARY
                                          YEAR:      2017
                                          LATITUDE:   33 57 N
                                          LONGITUDE:  83 19 W

  TEMPERATURE IN F:       :PCPN:    SNOW:  WIND      :SUNSHINE: SKY     :PK WND
================================================================================
1   2   3   4   5  6A  6B    7    8   9   10  11  12  13   14  15   16   17  18
                                     12Z  AVG MX 2MIN
DY MAX MIN AVG DEP HDD CDD  WTR  SNW DPTH SPD SPD DIR MIN PSBL S-S WX    SPD DR
================================================================================

 1  72  49  61  16   4   0 0.00  0.0    0  5.9 16 220   M    M   1        26 250
 2  72  47  60  15   5   0    T    M    0  4.7 14 290   M    M   4        19 300
 3  64  38  51   6  14   0 0.06  0.0    0  6.8 17 300   M    M   6 1      24 280
 4  50  29  40  -5  25   0 0.00  0.0    0  6.9 16  80   M    M   0        22 100
 5  59  29  44  -1  21   0 0.02    M    0  4.7 12 260   M    M   5        18 280
 6  66  38  52   6  13   0    T    M    0  3.2  8 310   M    M   3 1      11 300
 7  68  44  56  10   9   0 0.58  0.0    0  3.7 16 230   M    M   6 123    25 220
 8  63  55  59  13   6   0 0.00  0.0    0  3.7  9 260   M    M   8 1      14 270
 9  62  35  49   3  16   0 0.02  0.0    0 12.7 24 300   M    M   1 13     38 330
10  61  28  45  -1  20   0 0.00  0.0    0  4.3  9 290   M    M   0        13 290
11  72  37  55   9  10   0 0.00  0.0    0  4.6 13 220   M    M   7        21 270
12  76  62  69  22   0   4    T  0.0    0  7.6 16 300   M    M   8        24 270
13  73  43  58  11   7   0 0.00  0.0    0  3.8 13 300   M    M   0        19 300
14  73  32  53   6  12   0 0.00  0.0    0  2.8 10 270   M    M   1 8      16 220
15  63  42  53   6  12   0 0.43  0.0    0  8.0 23 310   M    M   4 13     34 310
16  61  35  48   1  17   0 0.00  0.0    0  7.6 15 300   M    M   0        21 280
17  73  33  53   5  12   0 0.00  0.0    0  4.3 15 240   M    M   0        21 250
18  58  45  52   4  13   0 0.04  0.0    0  1.7  9 210   M    M   5 1      15 210
19  74  44  59  11   6   0 0.00  0.0    0  4.0 14 310   M    M   1 1      19 280
================================================================================
SM 1260  765       222   4  1.15     0.0 101.0          M       60
================================================================================
AV 66.3 40.3                               5.3 FASTST   M    M   3    MAX(MPH)
                                 MISC ---->  # 24 300               # 38  330
================================================================================
NOTES:
# LAST OF SEVERAL OCCURRENCES

COLUMN 17 PEAK WIND IN M.P.H.

PRELIMINARY LOCAL CLIMATOLOGICAL DATA (WS FORM: F-6) , PAGE 2

                                          STATION:  ATHENS
                                          MONTH:    FEBRUARY
                                          YEAR:     2017
                                          LATITUDE:   33 57 N
                                          LONGITUDE:  83 19 W

[TEMPERATURE DATA]      [PRECIPITATION DATA]       SYMBOLS USED IN COLUMN 16

AVERAGE MONTHLY: 53.3   TOTAL FOR MONTH:   1.15    1 = FOG OR MIST
DPTR FM NORMAL:   7.0   DPTR FM NORMAL:   -1.89    2 = FOG REDUCING VISIBILITY
HIGHEST:    76 ON 12    GRTST 24HR  0.58 ON  7- 7      TO 1/4 MILE OR LESS
LOWEST:     28 ON 10                               3 = THUNDER
                        SNOW, ICE PELLETS, HAIL    4 = ICE PELLETS
                        TOTAL MONTH:   0.0 INCH    5 = HAIL
                        GRTST 24HR     0.0         6 = FREEZING RAIN OR DRIZZLE
                        GRTST DEPTH:   0           7 = DUSTSTORM OR SANDSTORM:
                                                       VSBY 1/2 MILE OR LESS
                                                   8 = SMOKE OR HAZE
[NO. OF DAYS WITH]      [WEATHER - DAYS WITH]      9 = BLOWING SNOW
                                                   X = TORNADO
MAX 32 OR BELOW:   0    0.01 INCH OR MORE:   6
MAX 90 OR ABOVE:   0    0.10 INCH OR MORE:   2
MIN 32 OR BELOW:   4    0.50 INCH OR MORE:   1
MIN  0 OR BELOW:   0    1.00 INCH OR MORE:   0

[HDD (BASE 65) ]
TOTAL THIS MO.   222    CLEAR  (SCALE 0-3)  10
DPTR FM NORMAL  -134    PTCLDY (SCALE 4-7)   8
TOTAL FM JUL 1  1469    CLOUDY (SCALE 8-10)  1
DPTR FM NORMAL  -644

[CDD (BASE 65) ]
TOTAL THIS MO.     4
DPTR FM NORMAL     4    [PRESSURE DATA]
TOTAL FM JAN 1     9    HIGHEST SLP M ON M
DPTR FM NORMAL     9    LOWEST  SLP 29.54 ON 15

[REMARKS]
