000
CXUS52 KFFC 291110
CF6AHN
PRELIMINARY LOCAL CLIMATOLOGICAL DATA (WS FORM: F-6)

                                          STATION:   ATHENS
                                          MONTH:     MAY
                                          YEAR:      2016
                                          LATITUDE:   33 57 N
                                          LONGITUDE:  83 19 W

  TEMPERATURE IN F:       :PCPN:    SNOW:  WIND      :SUNSHINE: SKY     :PK WND
================================================================================
1   2   3   4   5  6A  6B    7    8   9   10  11  12  13   14  15   16   17  18
                                     12Z  AVG MX 2MIN
DY MAX MIN AVG DEP HDD CDD  WTR  SNW DPTH SPD SPD DIR MIN PSBL S-S WX    SPD DR
================================================================================

 1  83  66  75   9   0  10 0.04  0.0    0  1.9  7 320   M    M   6 13     11 300
 2  87  67  77  11   0  12    T  0.0    0  3.0 13 300   M    M   3 13     23 310
 3  82  62  72   6   0   7    T  0.0    0  6.0 15 300   M    M   4        22 290
 4  73  53  63  -4   2   0    T  0.0    0  6.1 21 320   M    M   3        30 320
 5  66  47  57 -10   8   0 0.12    M    M 10.4 16 300   M    M   3 18     30 330
 6  73  44  59  -8   6   0 0.00  0.0    0  5.7 13 310   M    M   2        20 360
 7  82  47  65  -2   0   0 0.00  0.0    0  6.3 16 270   M    M   0        25 260
 8  88  58  73   5   0   8 0.00  0.0    0  5.5 15 260   M    M   0        26 300
 9  87  57  72   4   0   7    T  0.0    0  2.7 13 210   M    M   0        23 210
10  87  60  74   6   0   9    T  0.0    0  3.4 13 210   M    M   2        20 210
11  89  63  76   7   0  11 0.00  0.0    0  2.9  9 240   M    M   3        14 240
12  90  65  78   9   0  13    T  0.0    0  3.2 15 270   M    M   2        23 270
13  83  62  73   4   0   8 0.00  0.0    0  7.0 15 300   M    M   1        24 300
14  83  53  68  -2   0   3 0.00  0.0    0  8.1 18 280   M    M   0        30 260
15  77  50  64  -6   1   0 0.00  0.0    0  6.5 12 300   M    M   0        17 330
16  78  47  63  -7   2   0 0.00  0.0    0  5.4 15  80   M    M   2        21  80
17  72  63  68  -2   0   3 0.41  0.0    0  4.5 10  70   M    M   9 1      14  60
18  82  65  74   3   0   9 0.00  0.0    0  3.1  7 180   M    M   7        11 230
19  70  62  66  -5   0   1 1.64  0.0    0  6.6 17  80   M    M   9 1      24  80
20  63  59  61 -10   4   0 0.02  0.0    0  8.1 12  80   M    M  10 1      16  70
21  80  60  70  -2   0   5 0.10  0.0    0  4.5 15 290   M    M   7 1      22 280
22  81  56  69  -3   0   4 0.00  0.0    0  5.8 13  40   M    M   1        23  10
23  83  52  68  -4   0   3 0.00  0.0    0  2.6 12  20   M    M   2        17  10
24  85  56  71  -1   0   6 0.00  0.0    M  2.8  7 280   M    M   2        12 310
25  88  58  73   0   0   8 0.00  0.0    0  2.0  8 180   M    M   0        13 190
26  88  64  76   3   0  11 0.00  0.0    0  2.3  8 190   M    M   1        13 210
27  86  68  77   4   0  12    T  0.0    0  2.8  8 120   M    M   7        13  70
28  87  60  74   1   0   9 0.00  0.0    0  3.3 14  90   M    M   1        19  90
================================================================================
SM 2273 1624        23 159  2.33     0.0 132.5          M       87
================================================================================
AV 81.2 58.0                               4.7 FASTST   M    M   3    MAX(MPH)
                                 MISC ---->  # 21 320               # 30  320
================================================================================
NOTES:
# LAST OF SEVERAL OCCURRENCES

COLUMN 17 PEAK WIND IN M.P.H.

PRELIMINARY LOCAL CLIMATOLOGICAL DATA (WS FORM: F-6) , PAGE 2

                                          STATION:  ATHENS
                                          MONTH:    MAY
                                          YEAR:     2016
                                          LATITUDE:   33 57 N
                                          LONGITUDE:  83 19 W

[TEMPERATURE DATA]      [PRECIPITATION DATA]       SYMBOLS USED IN COLUMN 16

AVERAGE MONTHLY: 69.6   TOTAL FOR MONTH:   2.33    1 = FOG OR MIST
DPTR FM NORMAL:  -0.1   DPTR FM NORMAL:   -0.37    2 = FOG REDUCING VISIBILITY
HIGHEST:    90 ON 12    GRTST 24HR  1.64 ON 19-19      TO 1/4 MILE OR LESS
LOWEST:     44 ON  6                               3 = THUNDER
                        SNOW, ICE PELLETS, HAIL    4 = ICE PELLETS
                        TOTAL MONTH:   0.0 INCH    5 = HAIL
                        GRTST 24HR     0.0         6 = FREEZING RAIN OR DRIZZLE
                        GRTST DEPTH:   0           7 = DUSTSTORM OR SANDSTORM:
                                                       VSBY 1/2 MILE OR LESS
                                                   8 = SMOKE OR HAZE
[NO. OF DAYS WITH]      [WEATHER - DAYS WITH]      9 = BLOWING SNOW
                                                   X = TORNADO
MAX 32 OR BELOW:   0    0.01 INCH OR MORE:   6
MAX 90 OR ABOVE:   1    0.10 INCH OR MORE:   4
MIN 32 OR BELOW:   0    0.50 INCH OR MORE:   1
MIN  0 OR BELOW:   0    1.00 INCH OR MORE:   1

[HDD (BASE 65) ]
TOTAL THIS MO.    23    CLEAR  (SCALE 0-3)  20
DPTR FM NORMAL    -2    PTCLDY (SCALE 4-7)   5
TOTAL FM JUL 1  2163    CLOUDY (SCALE 8-10)  3
DPTR FM NORMAL  -605

[CDD (BASE 65) ]
TOTAL THIS MO.   159
DPTR FM NORMAL     4    [PRESSURE DATA]
TOTAL FM JAN 1   266    HIGHEST SLP M ON M
DPTR FM NORMAL    53    LOWEST  SLP 29.67 ON  4

[REMARKS]
