000
CXUS52 KFFC 241110
CF6AHN
PRELIMINARY LOCAL CLIMATOLOGICAL DATA (WS FORM: F-6)

                                          STATION:   ATHENS
                                          MONTH:     DECEMBER
                                          YEAR:      2014
                                          LATITUDE:   33 57 N
                                          LONGITUDE:  83 19 W

  TEMPERATURE IN F:       :PCPN:    SNOW:  WIND      :SUNSHINE: SKY     :PK WND
================================================================================
1   2   3   4   5  6A  6B    7    8   9   10  11  12  13   14  15   16   17  18
                                     12Z  AVG MX 2MIN
DY MAX MIN AVG DEP HDD CDD  WTR  SNW DPTH SPD SPD DIR MIN PSBL S-S WX    SPD DR
================================================================================

 1  74  37  56   7   9   0 0.00  0.0    0  1.7  9 210   M    M   1 8      13 180
 2  73  42  58  10   7   0 0.00  0.0    0  3.3 13  80   M    M   0 18     16 170
 3  67  48  58  10   7   0    T  0.0    0  2.7  8 260   M    M   5 128    12 260
 4  66  49  58  10   7   0 0.03  0.0    0  3.0 10  70   M    M   7 18      M  M
 5  56  50  53   5  12   0    T  0.0    0  7.3 13 100   M    M  10 12     16  80
 6  54  48  51   4  14   0 0.15  0.0    0  5.0 13 300   M    M   8 12     18 310
 7  60  40  50   3  15   0 0.00  0.0    0  8.6 20  70   M    M   0        26  80
 8  44  38  41  -6  24   0 0.00  0.0    0  8.6 17  80   M    M   7        23  80
 9  54  36  45  -1  20   0 0.00  0.0    0  7.9 21 310   M    M   6        30 330
10  54  31  43  -3  22   0 0.00  0.0    0  6.9 14 300   M    M   0 18     21 300
11  58  25  42  -4  23   0 0.00  0.0    0  5.7 12 300   M    M   0        17 280
12  64  26  45  -1  20   0 0.00  0.0    0  4.2  8 310   M    M   0        12 250
13  67  29  48   2  17   0 0.00  0.0    0  4.1  9 300   M    M   0        13 270
14  69  31  50   5  15   0 0.00  0.0    0  4.3  9 270   M    M   0        13 270
15  62  28  45   0  20   0    T  0.0    0  1.9 10  80   M    M   1 18     14  90
16  62  43  53   8  12   0 0.33  0.0    0  7.0 20 280   M    M   5 18     30 280
17  59  36  48   3  17   0 0.00  0.0    0  5.9 10 280   M    M   0        15 250
18  60  36  48   3  17   0 0.00  0.0    0  4.2 13 100   M    M   3        17 110
19  59  35  47   3  18   0 0.00  0.0    0  3.0 13  80   M    M   1        16  80
20  49  44  47   3  18   0 0.06    M    0  4.0  8  40   M    M  10 1      10  30
21  51  43  47   3  18   0 0.01  0.0    0  7.2 12 100   M    M  10 18     17  70
22  46  40  43  -1  22   0 0.50  0.0    0  9.4 15  60   M    M   9 1      19  70
23  48  39  44   0  21   0 0.77  0.0    0  8.5 20 300   M    M  10 123    28 300
================================================================================
SM 1356  874       375   0  1.85     0.0 124.4          M       93
================================================================================
AV 59.0 38.0                               5.4 FASTST   M    M   4    MAX(MPH)
                                 MISC ---->  # 21 310               # 30  330
================================================================================
NOTES:
# LAST OF SEVERAL OCCURRENCES

COLUMN 17 PEAK WIND IN M.P.H.

PRELIMINARY LOCAL CLIMATOLOGICAL DATA (WS FORM: F-6) , PAGE 2

                                          STATION:  ATHENS
                                          MONTH:    DECEMBER
                                          YEAR:     2014
                                          LATITUDE:   33 57 N
                                          LONGITUDE:  83 19 W

[TEMPERATURE DATA]      [PRECIPITATION DATA]       SYMBOLS USED IN COLUMN 16

AVERAGE MONTHLY: 48.5   TOTAL FOR MONTH:   1.85    1 = FOG OR MIST
DPTR FM NORMAL:   2.5   DPTR FM NORMAL:   -0.93    2 = FOG REDUCING VISIBILITY
HIGHEST:    74 ON  1    GRTST 24HR  0.99 ON 22-23      TO 1/4 MILE OR LESS
LOWEST:     25 ON 11                               3 = THUNDER
                        SNOW, ICE PELLETS, HAIL    4 = ICE PELLETS
                        TOTAL MONTH:   0.0 INCH    5 = HAIL
                        GRTST 24HR     0.0         6 = FREEZING RAIN OR DRIZZLE
                        GRTST DEPTH:   0           7 = DUSTSTORM OR SANDSTORM:
                                                       VSBY 1/2 MILE OR LESS
                                                   8 = SMOKE OR HAZE
[NO. OF DAYS WITH]      [WEATHER - DAYS WITH]      9 = BLOWING SNOW
                                                   X = TORNADO
MAX 32 OR BELOW:   0    0.01 INCH OR MORE:   7
MAX 90 OR ABOVE:   0    0.10 INCH OR MORE:   4
MIN 32 OR BELOW:   6    0.50 INCH OR MORE:   2
MIN  0 OR BELOW:   0    1.00 INCH OR MORE:   0

[HDD (BASE 65) ]
TOTAL THIS MO.   375    CLEAR  (SCALE 0-3)  11
DPTR FM NORMAL   -63    PTCLDY (SCALE 4-7)   6
TOTAL FM JUL 1   988    CLOUDY (SCALE 8-10)  6
DPTR FM NORMAL    70

[CDD (BASE 65) ]
TOTAL THIS MO.     0
DPTR FM NORMAL     0    [PRESSURE DATA]
TOTAL FM JAN 1  1985    HIGHEST SLP M ON M
DPTR FM NORMAL    99    LOWEST  SLP 29.76 ON 23

[REMARKS]
