000
CXUS56 KSGX 311545
CF6AJO
PRELIMINARY LOCAL CLIMATOLOGICAL DATA (WS FORM: F-6)

                                          STATION:   CORONA AIRPORT CA
                                          MONTH:     MAY
                                          YEAR:      2016
                                          LATITUDE:   33 53 N
                                          LONGITUDE: 117 36 W

  TEMPERATURE IN F:       :PCPN:    SNOW:  WIND      :SUNSHINE: SKY     :PK WND
================================================================================
1   2   3   4   5  6A  6B    7    8   9   10  11  12  13   14  15   16   17  18
                                     12Z  AVG MX 2MIN
DY MAX MIN AVG DEP HDD CDD  WTR  SNW DPTH SPD SPD DIR MIN PSBL S-S WX    SPD DR
================================================================================

 1  75  43  59   M   6   0 0.00  0.0    0  6.0 17 270   M    M   0        22 280
 2  84  46  65   M   0   0 0.00  0.0    0  5.5 16 270   M    M   0        23 270
 3  87  47  67   M   0   2 0.00  0.0    0  6.5 16 280   M    M   0        24 280
 4  77  50  64   M   1   0 0.00  0.0    0  8.7 22 290   M    M   1 1      33 290
 5  67  57  62   M   3   0    T  0.0    0  6.1 12 260   M    M  10        17 270
 6  68  51  60   M   5   0 0.17  0.0    0  3.8  8 240   M    M   8 3       M  M
 7  69  53  61   M   4   0    T  0.0    0  3.5 13 260   M    M   8         M  M
 8  69  44  57   M   8   0 0.00  0.0    0  4.8 10 280   M    M   7        20 270
 9  73  52  63   M   2   0 0.00  0.0    0  6.9 14 290   M    M   5        17 280
10  75  47  61   M   4   0 0.00  0.0    0  5.0 14 290   M    M   4 1      17 270
11  81  54  68   M   0   3 0.00  0.0    0  6.0 15 270   M    M   5 8      21 290
12  85  50  68   M   0   3 0.00  0.0    0  7.4 17 260   M    M   0 18     25 270
13  84  51  68   M   0   3 0.00  0.0    M  8.4 18 280   M    M   1 128    27 280
14  75  60  68   M   0   3 0.00  0.0    0  8.5 18 280   M    M   6        27 290
15  72  59  66   M   0   1 0.00  0.0    M  6.5 13 280   M    M  10        18 280
16  72  54  63   M   2   0 0.00  0.0    0  7.4 14 280   M    M   6        20 280
17  76  58  67   M   0   2 0.00  0.0    0  8.9 17 290   M    M   4        31 270
18  80  55  68   M   0   3 0.00  0.0    0  7.3 18 280   M    M   3 8      29 280
19  78  54  66   M   0   1 0.00  0.0    0  7.0 16 300   M    M   5 8      24 300
20  73  56  65   M   0   0 0.00  0.0    0  7.5 16 270   M    M   6        25 270
21  70  47  59   M   6   0 0.00  0.0    0  6.6 16 280   M    M   4        24 260
22  75  42  59   M   6   0 0.00  0.0    0  6.0 15 280   M    M   0        20 240
23  74  42  58   M   7   0 0.00  0.0    0  6.1 17 280   M    M   1        23 280
24  74  55  65   M   0   0 0.00  0.0    0  5.9 15 260   M    M   6        21 270
25  71  54  63   M   2   0 0.00  0.0    0  7.7 14 280   M    M   7        21 260
26  75  45  60   M   5   0 0.00  0.0    0  6.5 17 290   M    M   0        24 290
27  80  48  64   M   1   0 0.00  0.0    0  7.3 20 300   M    M   1 1      27 300
28  78  49  64   M   1   0 0.00  0.0    0  6.7 18 280   M    M   3 1      25 280
29  75  59  67   M   0   2 0.00  0.0    0  7.6 14 280   M    M   6        20 280
30  78  52  65   M   0   0 0.00  0.0    0  5.3 14 280   M    M   4        18 270
================================================================================
SM 2270 1534        63  23  0.17     0.0 197.4          M      121
================================================================================
AV 75.7 51.1                               6.6 FASTST   M    M   4    MAX(MPH)
                                 MISC ---->    22   M                 33    M
================================================================================
NOTES:
# LAST OF SEVERAL OCCURRENCES

COLUMN 17 PEAK WIND IN M.P.H.

PRELIMINARY LOCAL CLIMATOLOGICAL DATA (WS FORM: F-6) , PAGE 2

                                          STATION:  CORONA AIRPORT CA
                                          MONTH:    MAY
                                          YEAR:     2016
                                          LATITUDE:   33 53 N
                                          LONGITUDE: 117 36 W

[TEMPERATURE DATA]      [PRECIPITATION DATA]       SYMBOLS USED IN COLUMN 16

AVERAGE MONTHLY: 63.4   TOTAL FOR MONTH:   0.17    1 = FOG OR MIST
DPTR FM NORMAL:     M   DPTR FM NORMAL:       M    2 = FOG REDUCING VISIBILITY
HIGHEST:    87 ON  3    GRTST 24HR  0.17 ON  6- 6      TO 1/4 MILE OR LESS
LOWEST:     42 ON 23,22                            3 = THUNDER
                        SNOW, ICE PELLETS, HAIL    4 = ICE PELLETS
                        TOTAL MONTH:   0.0 INCH    5 = HAIL
                        GRTST 24HR     0.0         6 = FREEZING RAIN OR DRIZZLE
                        GRTST DEPTH:   0           7 = DUSTSTORM OR SANDSTORM:
                                                       VSBY 1/2 MILE OR LESS
                                                   8 = SMOKE OR HAZE
[NO. OF DAYS WITH]      [WEATHER - DAYS WITH]      9 = BLOWING SNOW
                                                   X = TORNADO
MAX 32 OR BELOW:   0    0.01 INCH OR MORE:   1
MAX 90 OR ABOVE:   0    0.10 INCH OR MORE:   1
MIN 32 OR BELOW:   0    0.50 INCH OR MORE:   0
MIN  0 OR BELOW:   0    1.00 INCH OR MORE:   0

[HDD (BASE 65) ]
TOTAL THIS MO.    63    CLEAR  (SCALE 0-3)  10
DPTR FM NORMAL     M    PTCLDY (SCALE 4-7)  18
TOTAL FM JUL 1  1500    CLOUDY (SCALE 8-10)  2
DPTR FM NORMAL     M

[CDD (BASE 65) ]
TOTAL THIS MO.    23
DPTR FM NORMAL     M    [PRESSURE DATA]
TOTAL FM JAN 1    80    HIGHEST SLP M ON M
DPTR FM NORMAL     M    LOWEST  SLP M ON M

[REMARKS]
