000
CXUS55 KALY 220710
CF6ALB
PRELIMINARY LOCAL CLIMATOLOGICAL DATA (WS FORM: F-6)

                                          STATION:   ALBANY NY
                                          MONTH:     OCTOBER
                                          YEAR:      2017
                                          LATITUDE:   42 45 N
                                          LONGITUDE:  73 48 W

  TEMPERATURE IN F:       :PCPN:    SNOW:  WIND      :SUNSHINE: SKY     :PK WND
================================================================================
1   2   3   4   5  6A  6B    7    8   9   10  11  12  13   14  15   16   17  18
                                     12Z  AVG MX 2MIN
DY MAX MIN AVG DEP HDD CDD  WTR  SNW DPTH SPD SPD DIR MIN PSBL S-S WX    SPD DR
================================================================================

 1  66  39  53  -2  12   0 0.00  0.0    0  1.7 10 340   M    M   4 12     14 330
 2  69  39  54  -1  11   0 0.00  0.0    0  2.1  9 320   M    M   2 12     13 340
 3  72  41  57   2   8   0 0.00  0.0    0  7.2 17 180   M    M   3 12     25 150
 4  76  46  61   7   4   0 0.00  0.0    0  9.1 20 180   M    M   3        29 180
 5  76  52  64  10   1   0 0.00  0.0    0  4.6 17 290   M    M   4        21 290
 6  66  48  57   4   8   0 0.08  0.0    0  1.0  7 170   M    M   8 1       8 190
 7  75  59  67  14   0   2 0.01  0.0    0  8.2 20 170   M    M   9        27 170
 8  80  61  71  19   0   6 0.17  0.0    0  9.1 20 180   M    M   8 1      27 180
 9  76  62  69  17   0   4 0.40  0.0    0  8.9 24 280   M    M   9 1      31 190
10  76  58  67  15   0   2 0.00  0.0    0  6.7 20 280   M    M   4        23 280
11  62  47  55   4  10   0 0.05  0.0    0  8.1 17  20   M    M   9 1      25  20
12  65  42  54   3  11   0 0.01  0.0    0  3.2 10  10   M    M   3        14  20
13  66  38  52   1  13   0 0.00  0.0    0  5.8 15 180   M    M   5 1      21 190
14  70  54  62  12   3   0 0.00  0.0    0  3.4  9 340   M    M   8        12 180
15  74  57  66  16   0   1 0.20  0.0    0 14.1 29 170   M    M   6 1      38 160
16  60  39  50   0  15   0 0.00  0.0    0 13.5 26 290   M    M   7        32 290
17  57  31  44  -5  21   0 0.00  0.0    0  3.3 12 170   M    M   1 1      16 170
18  70  41  56   7   9   0 0.00  0.0    0  3.5 10 170   M    M   1        13 160
19  73  45  59  11   6   0 0.00  0.0    0  6.9 17 180   M    M   4        24 180
20  71  46  59  11   6   0 0.00  0.0    0  9.3 18 300   M    M   3        24 300
21  74  40  57   9   8   0 0.00  0.0    0  1.0  7 200   M    M   4        10 170
================================================================================
SM 1474  985       146  15  0.92     0.0 130.7          M      105
================================================================================
AV 70.2 46.9                               6.2 FASTST   M    M   5    MAX(MPH)
                                 MISC ---->  # 29 170               # 38  160
================================================================================
NOTES:
# LAST OF SEVERAL OCCURRENCES

COLUMN 17 PEAK WIND IN M.P.H.

PRELIMINARY LOCAL CLIMATOLOGICAL DATA (WS FORM: F-6) , PAGE 2

                                          STATION:  ALBANY NY
                                          MONTH:    OCTOBER
                                          YEAR:     2017
                                          LATITUDE:   42 45 N
                                          LONGITUDE:  73 48 W

[TEMPERATURE DATA]      [PRECIPITATION DATA]       SYMBOLS USED IN COLUMN 16

AVERAGE MONTHLY: 58.6   TOTAL FOR MONTH:   0.92    1 = FOG OR MIST
DPTR FM NORMAL:   7.1   DPTR FM NORMAL:   -1.62    2 = FOG REDUCING VISIBILITY
HIGHEST:    80 ON  8    GRTST 24HR  0.40 ON  9- 9      TO 1/4 MILE OR LESS
LOWEST:     31 ON 17                               3 = THUNDER
                        SNOW, ICE PELLETS, HAIL    4 = ICE PELLETS
                        TOTAL MONTH:   0.0 INCH    5 = HAIL
                        GRTST 24HR     0.0         6 = FREEZING RAIN OR DRIZZLE
                        GRTST DEPTH:   0           7 = DUSTSTORM OR SANDSTORM:
                                                       VSBY 1/2 MILE OR LESS
                                                   8 = SMOKE OR HAZE
[NO. OF DAYS WITH]      [WEATHER - DAYS WITH]      9 = BLOWING SNOW
                                                   X = TORNADO
MAX 32 OR BELOW:   0    0.01 INCH OR MORE:   7
MAX 90 OR ABOVE:   0    0.10 INCH OR MORE:   3
MIN 32 OR BELOW:   1    0.50 INCH OR MORE:   0
MIN  0 OR BELOW:   0    1.00 INCH OR MORE:   0

[HDD (BASE 65) ]
TOTAL THIS MO.   146    CLEAR  (SCALE 0-3)   5
DPTR FM NORMAL  -143    PTCLDY (SCALE 4-7)  13
TOTAL FM JUL 1   258    CLOUDY (SCALE 8-10)  3
DPTR FM NORMAL  -198

[CDD (BASE 65) ]
TOTAL THIS MO.    15
DPTR FM NORMAL    15    [PRESSURE DATA]
TOTAL FM JAN 1   710    HIGHEST SLP M ON M
DPTR FM NORMAL   116    LOWEST  SLP 29.64 ON 15

[REMARKS]
