000
CXUS55 KPUB 231509
CF6ALS
PRELIMINARY LOCAL CLIMATOLOGICAL DATA (WS FORM: F-6)

                                          STATION:   ALAMOSA CO
                                          MONTH:     FEBRUARY
                                          YEAR:      2017
                                          LATITUDE:   37 27 N
                                          LONGITUDE: 105 52 W

  TEMPERATURE IN F:       :PCPN:    SNOW:  WIND      :SUNSHINE: SKY     :PK WND
================================================================================
1   2   3   4   5  6A  6B    7    8   9   10  11  12  13   14  15   16   17  18
                                     12Z  AVG MX 2MIN
DY MAX MIN AVG DEP HDD CDD  WTR  SNW DPTH SPD SPD DIR MIN PSBL S-S WX    SPD DR
================================================================================

 1  44  -6  19   1  46   0 0.00  0.0    3  3.4  9 140   M    M   0 1      11 150
 2  44   1  23   5  42   0 0.00  0.0    3  5.5 15 220   M    M   0        19 220
 3  39   0  20   1  45   0 0.00  0.0    3  3.7 15 180   M    M   0        19 210
 4  42  10  26   7  39   0 0.00  0.0    3  6.2 15 160   M    M   0        17 150
 5  35   0  18  -1  47   0 0.00  0.0    2  2.8 10 280   M    M   0 1      11 280
 6  44   5  25   5  40   0 0.00  0.0    2  8.1 22 200   M    M   1        28 220
 7  42  12  27   7  38   0 0.00  0.0    2  6.9 21 240   M    M   0        25 240
 8  48  21  35  15  30   0 0.00  0.0    1  5.9 13  90   M    M   0        15  90
 9  47  15  31  10  34   0 0.00  0.0    1  2.7 14 240   M    M   0        16 250
10  58  20  39  18  26   0 0.00  0.0    1  6.5 16 180   M    M   0        19 190
11  49  33  41  20  24   0 0.00  0.0    T  9.7 20 200   M    M   2        25 190
12  48  29  39  17  26   0    T  0.0    T  5.6 16 200   M    M   6 1      20 190
13  35  27  31   9  34   0 0.27  2.1    1  6.0 20  20   M    M  10 1      26  30
14  35  14  25   3  40   0 0.00  0.0    2  5.0 14  40   M    M   3        17  40
15  37   8  23   0  42   0 0.00  0.0    1  3.6  9 230   M    M   0 8      12 210
16  42  11  27   4  38   0 0.00  0.0    1  3.0  8 320   M    M   0         9 320
17  46  15  31   7  34   0 0.00  0.0    1  2.5 10 170   M    M   1        12  80
18  50  26  38  14  27   0 0.00  0.0    T  4.5 10 140   M    M   2        12 150
19  46  27  37  13  28   0 0.00  0.0    0  9.5 29 210   M    M   3        33 200
20  49  25  37  12  28   0 0.00  0.0    0  4.9 13 320   M    M   2        15 320
21  58  22  40  15  25   0 0.00  0.0    0  6.1 18 160   M    M   0        22 230
22  53  33  43  17  22   0 0.00  0.0    0 16.1 35 240   M    M   0        40 230
================================================================================
SM  991  348       755   0  0.27     2.1 128.2          M       30
================================================================================
AV 45.1 15.8                               5.8 FASTST   M    M   1    MAX(MPH)
                                 MISC ---->  # 35 240               # 40  230
================================================================================
NOTES:
# LAST OF SEVERAL OCCURRENCES

COLUMN 17 PEAK WIND IN M.P.H.

PRELIMINARY LOCAL CLIMATOLOGICAL DATA (WS FORM: F-6) , PAGE 2

                                          STATION:  ALAMOSA CO
                                          MONTH:    FEBRUARY
                                          YEAR:     2017
                                          LATITUDE:   37 27 N
                                          LONGITUDE: 105 52 W

[TEMPERATURE DATA]      [PRECIPITATION DATA]       SYMBOLS USED IN COLUMN 16

AVERAGE MONTHLY: 30.4   TOTAL FOR MONTH:   0.27    1 = FOG OR MIST
DPTR FM NORMAL:   8.8   DPTR FM NORMAL:    0.07    2 = FOG REDUCING VISIBILITY
HIGHEST:    58 ON 21,10 GRTST 24HR  0.27 ON 13-13      TO 1/4 MILE OR LESS
LOWEST:     -6 ON  1                               3 = THUNDER
                        SNOW, ICE PELLETS, HAIL    4 = ICE PELLETS
                        TOTAL MONTH:   2.1 INCHES  5 = HAIL
                        GRTST 24HR   2.1 ON   M    6 = FREEZING RAIN OR DRIZZLE
                        GRTST DEPTH:   3 ON  4, 3  7 = DUSTSTORM OR SANDSTORM:
                                                       VSBY 1/2 MILE OR LESS
                                                   8 = SMOKE OR HAZE
[NO. OF DAYS WITH]      [WEATHER - DAYS WITH]      9 = BLOWING SNOW
                                                   X = TORNADO
MAX 32 OR BELOW:   0    0.01 INCH OR MORE:   1
MAX 90 OR ABOVE:   0    0.10 INCH OR MORE:   1
MIN 32 OR BELOW:  20    0.50 INCH OR MORE:   0
MIN  0 OR BELOW:   3    1.00 INCH OR MORE:   0

[HDD (BASE 65) ]
TOTAL THIS MO.   755    CLEAR  (SCALE 0-3)  19
DPTR FM NORMAL  -198    PTCLDY (SCALE 4-7)   2
TOTAL FM JUL 1  5556    CLOUDY (SCALE 8-10)  1
DPTR FM NORMAL  -544

[CDD (BASE 65) ]
TOTAL THIS MO.     0
DPTR FM NORMAL     0    [PRESSURE DATA]
TOTAL FM JAN 1     0    HIGHEST SLP M ON M
DPTR FM NORMAL     0    LOWEST  SLP 29.59 ON 22

[REMARKS]
