000
CXUS55 KPUB 261059
CF6ALS
PRELIMINARY LOCAL CLIMATOLOGICAL DATA (WS FORM: F-6)

                                          STATION:   ALAMOSA CO
                                          MONTH:     MAY
                                          YEAR:      2015
                                          LATITUDE:   37 27 N
                                          LONGITUDE: 105 52 W

  TEMPERATURE IN F:       :PCPN:    SNOW:  WIND      :SUNSHINE: SKY     :PK WND
================================================================================
1   2   3   4   5  6A  6B    7    8   9   10  11  12  13   14  15   16   17  18
                                     12Z  AVG MX 2MIN
DY MAX MIN AVG DEP HDD CDD  WTR  SNW DPTH SPD SPD DIR MIN PSBL S-S WX    SPD DR
================================================================================

 1  74  39  57  10   8   0 0.00  0.0    0  8.0 31 340   M    M   2        37 350
 2  71  32  52   5  13   0 0.02  0.0    0  6.3 28 310   M    M   2 3      39 260
 3  68  32  50   3  15   0 0.00  0.0    0  7.5 23 330   M    M   4 3      32 330
 4  64  33  49   1  16   0    T  0.0    0  7.4 25  90   M    M   4 3      30  80
 5  53  42  48   0  17   0 0.30  0.0    0  6.4 20 250   M    M   8 13     23 240
 6  64  39  52   4  13   0    T  0.0    0 10.2 31 240   M    M   7 12     37 260
 7  64  34  49   0  16   0    T  0.0    0  8.3 29 250   M    M   3 8      36 250
 8  68  35  52   3  13   0 0.00  0.0    0 13.0 31 200   M    M   4        41 190
 9  56  35  46  -3  19   0 0.03    T    0  9.6 35 240   M    M   8        43 240
10  56  33  45  -5  20   0 0.09    T    0  8.3 18 310   M    M   7 1      23 310
11  62  28  45  -5  20   0 0.02    T    0  6.1 15 190   M    M   2 12     20 190
12  70  40  55   5  10   0    T  0.0    0 14.5 30 170   M    M   2        37 170
13  64  38  51   1  14   0 0.06  0.0    0  6.2 24 260   M    M   4        27 250
14  67  33  50  -1  15   0 0.00  0.0    0 12.4 29 180   M    M   2        36 180
15  56  35  46  -5  19   0 0.07  0.0    0 11.6 30 230   M    M   4 13     36 240
16  55  30  43  -8  22   0 0.02  0.0    0 10.9 29 320   M    M   4 3      35 320
17  66  26  46  -6  19   0    T  0.0    0  5.5 18 210   M    M   3        25 180
18  68  32  50  -2  15   0 0.07  0.0    0 10.5 32 200   M    M   4 13     42 200
19  60  37  49  -3  16   0 0.89  0.0    0  8.7 26 240   M    M   6 1      37 230
20  67  30  49  -3  16   0 0.00  0.0    0  7.4 20 170   M    M   1        32 210
21  66  41  54   1  11   0    T  0.0    0 11.7 32 180   M    M   4 8      38 190
22  65  36  51  -2  14   0 0.03  0.0    0 13.1 28 220   M    M   3        35 190
23  63  37  50  -3  15   0 0.00  0.0    0 10.8 31 250   M    M   3 3      39 190
24  52  36  44 -10  21   0 0.16  0.0    0  7.0 28 310   M    M   6 3      33 320
25  63  31  47  -7  18   0 0.00  0.0    0  6.9 22 230   M    M   4        27 230
================================================================================
SM 1582  864       395   0  1.76    T    228.3          M      101
================================================================================
AV 63.3 34.6                               9.1 FASTST   M    M   4    MAX(MPH)
                                 MISC ---->  # 35 240               # 43  240
================================================================================
NOTES:
# LAST OF SEVERAL OCCURRENCES

COLUMN 17 PEAK WIND IN M.P.H.

PRELIMINARY LOCAL CLIMATOLOGICAL DATA (WS FORM: F-6) , PAGE 2

                                          STATION:  ALAMOSA CO
                                          MONTH:    MAY
                                          YEAR:     2015
                                          LATITUDE:   37 27 N
                                          LONGITUDE: 105 52 W

[TEMPERATURE DATA]      [PRECIPITATION DATA]       SYMBOLS USED IN COLUMN 16

AVERAGE MONTHLY: 48.9   TOTAL FOR MONTH:   1.76    1 = FOG OR MIST
DPTR FM NORMAL:  -1.5   DPTR FM NORMAL:    1.29    2 = FOG REDUCING VISIBILITY
HIGHEST:    74 ON  1    GRTST 24HR  0.96 ON 18-19      TO 1/4 MILE OR LESS
LOWEST:     26 ON 17                               3 = THUNDER
                        SNOW, ICE PELLETS, HAIL    4 = ICE PELLETS
                        TOTAL MONTH:    T          5 = HAIL
                        GRTST 24HR    T  ON 11-11  6 = FREEZING RAIN OR DRIZZLE
                        GRTST DEPTH:   0           7 = DUSTSTORM OR SANDSTORM:
                                                       VSBY 1/2 MILE OR LESS
                                                   8 = SMOKE OR HAZE
[NO. OF DAYS WITH]      [WEATHER - DAYS WITH]      9 = BLOWING SNOW
                                                   X = TORNADO
MAX 32 OR BELOW:   0    0.01 INCH OR MORE:  12
MAX 90 OR ABOVE:   0    0.10 INCH OR MORE:   3
MIN 32 OR BELOW:   8    0.50 INCH OR MORE:   1
MIN  0 OR BELOW:   0    1.00 INCH OR MORE:   0

[HDD (BASE 65) ]
TOTAL THIS MO.   395    CLEAR  (SCALE 0-3)   9
DPTR FM NORMAL    30    PTCLDY (SCALE 4-7)  16
TOTAL FM JUL 1  7312    CLOUDY (SCALE 8-10)  0
DPTR FM NORMAL -1053

[CDD (BASE 65) ]
TOTAL THIS MO.     0
DPTR FM NORMAL     0    [PRESSURE DATA]
TOTAL FM JAN 1     0    HIGHEST SLP M ON M
DPTR FM NORMAL     0    LOWEST  SLP 29.57 ON  9

[REMARKS]
