000
CXAK56 PAFC 281320
CF6ANC
PRELIMINARY LOCAL CLIMATOLOGICAL DATA (WS FORM: F-6)

                                          STATION:   ANCHORAGE AK
                                          MONTH:     JULY
                                          YEAR:      2016
                                          LATITUDE:   61 10 N
                                          LONGITUDE: 150  2 W

  TEMPERATURE IN F:       :PCPN:    SNOW:  WIND      :SUNSHINE: SKY     :PK WND
================================================================================
1   2   3   4   5  6A  6B    7    8   9   10  11  12  13   14  15   16   17  18
                                     12Z  AVG MX 2MIN
DY MAX MIN AVG DEP HDD CDD  WTR  SNW DPTH SPD SPD DIR MIN PSBL S-S WX    SPD DR
================================================================================

 1  60  54  57  -1   8   0 0.28  0.0    0  5.6  9 300   M    M   9 1       M  M
 2  66  54  60   2   5   0    T  0.0    0  3.2  9 270   M    M   9         M  M
 3  63  57  60   2   5   0 0.07  0.0    0  4.7 12 150   M    M  10 1       M  M
 4  68  57  63   5   2   0 0.05  0.0    0  6.4 14 160   M    M   8        23 160
 5  61  56  59   1   6   0 0.17  0.0    0  5.0 13 190   M    M   9 1       M  M
 6  61  55  58   0   7   0 0.10  0.0    0  5.2 10 150   M    M   9         M  M
 7  69  54  62   4   3   0 0.02  0.0    0  5.7  9 240   M    M   6         M  M
 8  74  51  63   5   2   0 0.00  0.0    0  3.5  7 290   M    M   3         M  M
 9  74  56  65   6   0   0 0.00  0.0    0  9.0 21 150   M    M   6        35 150
10  71  58  65   6   0   0 0.00  0.0    0  5.5  8 310   M    M   8         M  M
11  69  57  63   4   2   0    T  0.0    0  5.2 10 350   M    M   9         M  M
12  77  52  65   6   0   0 0.00  0.0    0  4.0  7 250   M    M   5         M  M
13  71  55  63   4   2   0 0.00  0.0    0  4.4  8 290   M    M   6         M  M
14  74  55  65   6   0   0 0.00  0.0    0  5.5 12 220   M    M   4         M  M
15  68  57  63   4   2   0 0.00  0.0    0  6.6 12 260   M    M   5         M  M
16  72  57  65   6   0   0 0.00  0.0    0  3.6  8 300   M    M   6         M  M
17  76  55  66   7   0   1 0.00  0.0    0  2.8  8 300   M    M   6         M  M
18  79  58  69  10   0   4 0.00  0.0    0  3.5  8  50   M    M   6 8       M  M
19  79  62  71  12   0   6 0.00  0.0    0  6.8 13  10   M    M   6        22  10
20  76  58  67   8   0   2 0.00  0.0    0  5.2  9  30   M    M   8         M  M
21  69  60  65   6   0   0 0.15  0.0    0 11.8 18 150   M    M   9 1      32 170
22  64  58  61   2   4   0 0.40  0.0    0  8.8 15 150   M    M   9 1      30 140
23  71  57  64   5   1   0    T  0.0    0  6.6 16 240   M    M   9        31 170
24  63  56  60   1   5   0 0.81  0.0    0  5.9 10 180   M    M   9 1      18 180
25  63  56  60   1   5   0 0.19  0.0    0  3.0 10 140   M    M   9         M  M
26  65  55  60   1   5   0 0.08  0.0    0  3.5  9 160   M    M   9         M  M
27  67  55  61   2   4   0 0.13  0.0    0  2.8  7 170   M    M   9         M  M
================================================================================
SM 1870 1515        68  13  2.45     0.0 143.8          M      201
================================================================================
AV 69.3 56.1                               5.3 FASTST   M    M   7    MAX(MPH)
                                 MISC ---->    21   M               # 35  150
================================================================================
NOTES:
# LAST OF SEVERAL OCCURRENCES

COLUMN 17 PEAK WIND IN M.P.H.

PRELIMINARY LOCAL CLIMATOLOGICAL DATA (WS FORM: F-6) , PAGE 2

                                          STATION:  ANCHORAGE AK
                                          MONTH:    JULY
                                          YEAR:     2016
                                          LATITUDE:   61 10 N
                                          LONGITUDE: 150  2 W

[TEMPERATURE DATA]      [PRECIPITATION DATA]       SYMBOLS USED IN COLUMN 16

AVERAGE MONTHLY: 62.7   TOTAL FOR MONTH:   2.45    1 = FOG OR MIST
DPTR FM NORMAL:   4.0   DPTR FM NORMAL:    0.92    2 = FOG REDUCING VISIBILITY
HIGHEST:    79 ON 19,18 GRTST 24HR  0.81 ON 24-24      TO 1/4 MILE OR LESS
LOWEST:     51 ON  8                               3 = THUNDER
                        SNOW, ICE PELLETS, HAIL    4 = ICE PELLETS
                        TOTAL MONTH:   0.0 INCH    5 = HAIL
                        GRTST 24HR     0.0         6 = FREEZING RAIN OR DRIZZLE
                        GRTST DEPTH:   0           7 = DUSTSTORM OR SANDSTORM:
                                                       VSBY 1/2 MILE OR LESS
                                                   8 = SMOKE OR HAZE
[NO. OF DAYS WITH]      [WEATHER - DAYS WITH]      9 = BLOWING SNOW
                                                   X = TORNADO
MAX 32 OR BELOW:   0    0.01 INCH OR MORE:  12
MAX 90 OR ABOVE:   0    0.10 INCH OR MORE:   8
MIN 32 OR BELOW:   0    0.50 INCH OR MORE:   1
MIN  0 OR BELOW:   0    1.00 INCH OR MORE:   0

[HDD (BASE 65) ]
TOTAL THIS MO.    68    CLEAR  (SCALE 0-3)   0
DPTR FM NORMAL  -103    PTCLDY (SCALE 4-7)  13
TOTAL FM JUL 1    68    CLOUDY (SCALE 8-10) 14
DPTR FM NORMAL  -103

[CDD (BASE 65) ]
TOTAL THIS MO.    13
DPTR FM NORMAL    13    [PRESSURE DATA]
TOTAL FM JAN 1    13    HIGHEST SLP M ON M
DPTR FM NORMAL    13    LOWEST  SLP M ON M

[REMARKS]
