000
CXAK56 PAFC 011320
CF6ANC
PRELIMINARY LOCAL CLIMATOLOGICAL DATA (WS FORM: F-6)

                                          STATION:   ANCHORAGE AK
                                          MONTH:     APRIL
                                          YEAR:      2016
                                          LATITUDE:   61 10 N
                                          LONGITUDE: 150  2 W

  TEMPERATURE IN F:       :PCPN:    SNOW:  WIND      :SUNSHINE: SKY     :PK WND
================================================================================
1   2   3   4   5  6A  6B    7    8   9   10  11  12  13   14  15   16   17  18
                                     12Z  AVG MX 2MIN
DY MAX MIN AVG DEP HDD CDD  WTR  SNW DPTH SPD SPD DIR MIN PSBL S-S WX    SPD DR
================================================================================

 1  51  41  46  15  19   0    T  0.0    0 17.0 23 170   M    M   8        38 160
 2  46  34  40   8  25   0    T  0.0    0 11.1 17 150   M    M   8        28 150
 3  48  30  39   7  26   0 0.00  0.0    0  4.6 12 170   M    M   7         M  M
 4  46  29  38   6  27   0 0.00  0.0    0  3.3  8 190   M    M   7         M  M
 5  50  33  42   9  23   0    T  0.0    0  4.7 17 150   M    M   8        25 150
 6  49  38  44  11  21   0    T    M    0  7.0 18 140   M    M   8        28 140
 7  53  31  42   9  23   0 0.00  0.0    0  3.8 10 330   M    M   6         M  M
 8  51  29  40   6  25   0 0.00  0.0    0  7.9 17 150   M    M   5        31 150
 9  46  37  42   8  23   0    T    M    0  5.4 10 350   M    M   9         M  M
10  51  36  44   9  21   0 0.00  0.0    0 12.8 23 160   M    M   7        39 160
11  50  32  41   6  24   0 0.00  0.0    0  6.6 15 160   M    M   7        22 160
12  55  30  43   8  22   0 0.00  0.0    0  4.7  8 250   M    M   7         M  M
13  53  39  46  10  19   0    T  0.0    0  8.1 14 170   M    M   8        40 170
14  54  33  44   8  21   0 0.00  0.0    0  3.8  9 340   M    M   6         M  M
15  50  35  43   6  22   0 0.00  0.0    0  6.1 15 150   M    M   8        32 170
16  52  36  44   7  21   0 0.02  0.0    0 10.4 20 140   M    M   7        33 140
17  53  30  42   5  23   0 0.00  0.0    0  5.3 12 150   M    M   3        31 150
18  53  35  44   6  21   0 0.00  0.0    0  8.3 17 150   M    M   3        29 150
19  50  38  44   6  21   0 0.00  0.0    0 11.7 17 160   M    M   8        33 140
20  54  35  45   6  20   0    T  0.0    0  3.2  9 160   M    M   8         M  M
21  58  30  44   5  21   0 0.00  0.0    0  3.9  7 160   M    M   4         M  M
22  56  42  49  10  16   0    T  0.0    0  4.8 10 150   M    M  10        18 150
23  55  37  46   6  19   0 0.00  0.0    0  7.9 22 150   M    M  10        40 140
24  58  43  51  11  14   0    T  0.0    0  8.6 20 150   M    M   8        35 150
25  50  41  46   5  19   0 0.00  0.0    0  5.4 15 150   M    M   7        33 180
26  52  37  45   4  20   0    T    M    0  8.1 22 150   M    M   8        32 160
27  52  37  45   4  20   0 0.00  0.0    0  8.5 15 150   M    M   7        36 160
28  48  35  42   0  23   0 0.00  0.0    0  5.4 14 140   M    M   8        31 160
29  49  41  45   3  20   0 0.00  0.0    0 13.6 20 150   M    M   7        33 150
30  53  37  45   3  20   0 0.00  0.0    0  7.6 16 360   M    M   9        29  20
================================================================================
SM 1546 1061       639   0  0.02     0.0 219.6          M      216
================================================================================
AV 51.5 35.4                               7.3 FASTST   M    M   7    MAX(MPH)
                                 MISC ---->  # 23 170                 40    M
================================================================================
NOTES:
# LAST OF SEVERAL OCCURRENCES

COLUMN 17 PEAK WIND IN M.P.H.

PRELIMINARY LOCAL CLIMATOLOGICAL DATA (WS FORM: F-6) , PAGE 2

                                          STATION:  ANCHORAGE AK
                                          MONTH:    APRIL
                                          YEAR:     2016
                                          LATITUDE:   61 10 N
                                          LONGITUDE: 150  2 W

[TEMPERATURE DATA]      [PRECIPITATION DATA]       SYMBOLS USED IN COLUMN 16

AVERAGE MONTHLY: 43.4   TOTAL FOR MONTH:   0.02    1 = FOG OR MIST
DPTR FM NORMAL:   6.6   DPTR FM NORMAL:   -0.45    2 = FOG REDUCING VISIBILITY
HIGHEST:    58 ON 24,21 GRTST 24HR  0.02 ON 16-16      TO 1/4 MILE OR LESS
LOWEST:     29 ON  8, 4                            3 = THUNDER
                        SNOW, ICE PELLETS, HAIL    4 = ICE PELLETS
                        TOTAL MONTH:   0.0 INCH    5 = HAIL
                        GRTST 24HR     0.0         6 = FREEZING RAIN OR DRIZZLE
                        GRTST DEPTH:   0           7 = DUSTSTORM OR SANDSTORM:
                                                       VSBY 1/2 MILE OR LESS
                                                   8 = SMOKE OR HAZE
[NO. OF DAYS WITH]      [WEATHER - DAYS WITH]      9 = BLOWING SNOW
                                                   X = TORNADO
MAX 32 OR BELOW:   0    0.01 INCH OR MORE:   1
MAX 90 OR ABOVE:   0    0.10 INCH OR MORE:   0
MIN 32 OR BELOW:   8    0.50 INCH OR MORE:   0
MIN  0 OR BELOW:   0    1.00 INCH OR MORE:   0

[HDD (BASE 65) ]
TOTAL THIS MO.   639    CLEAR  (SCALE 0-3)   1
DPTR FM NORMAL  -207    PTCLDY (SCALE 4-7)  20
TOTAL FM JUL 1  7945    CLOUDY (SCALE 8-10)  9
DPTR FM NORMAL -1422

[CDD (BASE 65) ]
TOTAL THIS MO.     0
DPTR FM NORMAL     0    [PRESSURE DATA]
TOTAL FM JAN 1     0    HIGHEST SLP M ON M
DPTR FM NORMAL     0    LOWEST  SLP M ON M

[REMARKS]
#FINAL-04-16#
