000
CXUS53 KIWX 240800
CF6AOH
PRELIMINARY LOCAL CLIMATOLOGICAL DATA (WS FORM: F-6)

                                          STATION:   LIMA
                                          MONTH:     JULY
                                          YEAR:      2017
                                          LATITUDE:   40 42 N
                                          LONGITUDE:  84  1 W

  TEMPERATURE IN F:       :PCPN:    SNOW:  WIND      :SUNSHINE: SKY     :PK WND
================================================================================
1   2   3   4   5  6A  6B    7    8   9   10  11  12  13   14  15   16   17  18
                                     12Z  AVG MX 2MIN
DY MAX MIN AVG DEP HDD CDD  WTR  SNW DPTH SPD SPD DIR MIN PSBL S-S WX    SPD DR
================================================================================

 1  82  67  75   1   0  10 0.00  0.0    0 10.3 20 270   M    M   5 1      25 270
 2  81  62  72  -2   0   7 0.00  0.0    0  7.9 18 240   M    M   1        23 250
 3  85  62  74   0   0   9    T  0.0    0  4.6 13  10   M    M   5 3      17 230
 4  81  63  72  -2   0   7 0.00  0.0    0  8.1 16  80   M    M   1        20  90
 5  84  59  72  -2   0   7 0.00  0.0    0  3.7  9  70   M    M   1        13  90
 6  78  66  72  -2   0   7    T  0.0    0  4.6 10 180   M    M   1 1      13 190
 7  81  63  72  -2   0   7 0.81  0.0    0  9.3 28 270   M    M   2 13     36 260
 8  77  60  69  -5   0   4 0.00  0.0    0  7.9 16 300   M    M   1 1      21 290
 9  78  54  66  -8   0   1 0.00  0.0    0  5.7 14 230   M    M   0        16 230
10  83  64  74   0   0   9 1.69  0.0    0  9.2 25 230   M    M   6 13     31 300
11  84  70  77   3   0  12 0.11  0.0    0 10.6 31 230   M    M   3 13     37 240
12  86  72  79   5   0  14 0.00  0.0    0 11.1 23 220   M    M   3 3      28 230
13  87  72  80   6   0  15 1.19  0.0    0  9.7 20 230   M    M   6 13     28 220
14  82  65  74   0   0   9 0.00  0.0    0  7.4 17 310   M    M   4 1      22 310
15  77  60  69  -5   0   4 0.00  0.0    0  4.7 12  10   M    M   3        15 310
16  84  61  73  -1   0   8 1.30  0.0    0  6.5 24  60   M    M   3 13     32  30
17  81  64  73  -1   0   8 0.00  0.0    0  4.8 10  90   M    M   5 1      14  90
18  86  65  76   2   0  11    T  0.0    0  4.8 14 120   M    M   2        16 120
19  87  68  78   4   0  13 0.00  0.0    0  3.6  9 230   M    M   1 1      14 150
20  84  73  79   5   0  14    T  0.0    0  8.4 20 270   M    M   3        27 270
21  86  72  79   5   0  14 0.00  0.0    0  5.2 12 210   M    M   2 1      15 240
22  84  70  77   3   0  12 1.77  0.0    0  7.4 20 270   M    M   3 13     24 260
23  83  68  76   3   0  11 0.08  0.0    0  5.0 18 310   M    M   4 13     25 340
================================================================================
SM 1901 1500         0 213  6.95     0.0 160.5          M       65
================================================================================
AV 82.7 65.2                               7.0 FASTST   M    M   3    MAX(MPH)
                                 MISC ---->  # 31 230               # 37  240
================================================================================
NOTES:
# LAST OF SEVERAL OCCURRENCES

COLUMN 17 PEAK WIND IN M.P.H.

PRELIMINARY LOCAL CLIMATOLOGICAL DATA (WS FORM: F-6) , PAGE 2

                                          STATION:  LIMA
                                          MONTH:    JULY
                                          YEAR:     2017
                                          LATITUDE:   40 42 N
                                          LONGITUDE:  84  1 W

[TEMPERATURE DATA]      [PRECIPITATION DATA]       SYMBOLS USED IN COLUMN 16

AVERAGE MONTHLY: 73.9   TOTAL FOR MONTH:   6.95    1 = FOG OR MIST
DPTR FM NORMAL:  -0.0   DPTR FM NORMAL:    4.00    2 = FOG REDUCING VISIBILITY
HIGHEST:    87 ON 19,13 GRTST 24HR  1.77 ON 22-22      TO 1/4 MILE OR LESS
LOWEST:     54 ON  9                               3 = THUNDER
                        SNOW, ICE PELLETS, HAIL    4 = ICE PELLETS
                        TOTAL MONTH:   0.0 INCH    5 = HAIL
                        GRTST 24HR     0.0         6 = FREEZING RAIN OR DRIZZLE
                        GRTST DEPTH:   0           7 = DUSTSTORM OR SANDSTORM:
                                                       VSBY 1/2 MILE OR LESS
                                                   8 = SMOKE OR HAZE
[NO. OF DAYS WITH]      [WEATHER - DAYS WITH]      9 = BLOWING SNOW
                                                   X = TORNADO
MAX 32 OR BELOW:   0    0.01 INCH OR MORE:   7
MAX 90 OR ABOVE:   0    0.10 INCH OR MORE:   6
MIN 32 OR BELOW:   0    0.50 INCH OR MORE:   5
MIN  0 OR BELOW:   0    1.00 INCH OR MORE:   4

[HDD (BASE 65) ]
TOTAL THIS MO.     0    CLEAR  (SCALE 0-3)  14
DPTR FM NORMAL     0    PTCLDY (SCALE 4-7)   9
TOTAL FM JUL 1     0    CLOUDY (SCALE 8-10)  0
DPTR FM NORMAL     0

[CDD (BASE 65) ]
TOTAL THIS MO.   213
DPTR FM NORMAL     7    [PRESSURE DATA]
TOTAL FM JAN 1   468    HIGHEST SLP M ON M
DPTR FM NORMAL    16    LOWEST  SLP 29.70 ON 22

[REMARKS]
