000
CXUS53 KIWX 270800
CF6AOH
PRELIMINARY LOCAL CLIMATOLOGICAL DATA (WS FORM: F-6)

                                          STATION:   LIMA
                                          MONTH:     JULY
                                          YEAR:      2015
                                          LATITUDE:   40 42 N
                                          LONGITUDE:  84  1 W

  TEMPERATURE IN F:       :PCPN:    SNOW:  WIND      :SUNSHINE: SKY     :PK WND
================================================================================
1   2   3   4   5  6A  6B    7    8   9   10  11  12  13   14  15   16   17  18
                                     12Z  AVG MX 2MIN
DY MAX MIN AVG DEP HDD CDD  WTR  SNW DPTH SPD SPD DIR MIN PSBL S-S WX    SPD DR
================================================================================

 1  75  58  67  -7   0   2 0.00  0.0    0  7.4 15 320   M    M   3 1      19 320
 2  74  59  67  -7   0   2 0.00  0.0    0  7.7 14  50   M    M   6 1      18  50
 3  76  57  67  -7   0   2 0.00  0.0    0  6.1 13  10   M    M   1        17 360
 4  77  52  65  -9   0   0 0.00  0.0    0  2.3  9 340   M    M   0 1      11 340
 5  80  58  69  -5   0   4 0.00  0.0    0  3.1  9 130   M    M   0 18     10 100
 6  83  58  71  -3   0   6 0.00  0.0    0  5.5 14 230   M    M   0 18     17 250
 7  80  63  72  -2   0   7 1.04  0.0    0  9.3 25 270   M    M   6 138    31 260
 8  68  60  64 -10   1   0 0.21  0.0    0  6.5 13  80   M    M   9 1      18  70
 9  73  65  69  -5   0   4 0.33  0.0    0 10.2 21 260   M    M  10 1      27 260
10  74  61  68  -6   0   3 0.10  0.0    0  2.1  8  10   M    M  10 18     11  10
11  79  54  67  -7   0   2    T  0.0    0  3.0 10 120   M    M   1 12     14 120
12  73  65  69  -5   0   4 0.57  0.0    0  7.0 13 160   M    M   8 1      20 170
13  78  63  71  -3   0   6 0.35  0.0    0  8.2 32 280   M    M   7 13     44 290
14  83  66  75   1   0  10 0.63  0.0    0 12.2 25 300   M    M   5 138    33 300
15  73  57  65  -9   0   0 0.00  0.0    0  8.4 15 350   M    M   3        21 350
16  78  52  65  -9   0   0 0.00  0.0    0  4.9 13 150   M    M   0        17 160
17  86  67  77   3   0  12 0.75  0.0    0  8.7 18 210   M    M   5 13     22 180
18  90  68  79   5   0  14 0.53  0.0    0  8.3 26 230   M    M   2 13     34 230
19  87  68  78   4   0  13 0.02  0.0    0  7.4 18 280   M    M   3 1      24 280
20  84  64  74   0   0   9 0.01  0.0    0  4.7 17 240   M    M   2 12     22 230
21  80  62  71  -3   0   6 0.00  0.0    0  7.4 15 340   M    M   4        21 350
22  77  55  66  -8   0   1 0.00  0.0    0  3.4 12 360   M    M   1        17 250
23  81  60  71  -2   0   6 0.00  0.0    0  2.7 12  30   M    M   1        13  30
24  84  60  72  -1   0   7 0.00  0.0    0  1.6  8 310   M    M   2        12 260
25  85  64  75   2   0  10 0.00  0.0    0  6.9 20 250   M    M   2        23 250
26  85  68  77   4   0  12    T  0.0    0  3.9 10  60   M    M   2 18     15  70
================================================================================
SM 2063 1584         1 142  4.54     0.0 158.9          M       93
================================================================================
AV 79.3 60.9                               6.1 FASTST   M    M   4    MAX(MPH)
                                 MISC ---->  # 32 280               # 44  290
================================================================================
NOTES:
# LAST OF SEVERAL OCCURRENCES

COLUMN 17 PEAK WIND IN M.P.H.

PRELIMINARY LOCAL CLIMATOLOGICAL DATA (WS FORM: F-6) , PAGE 2

                                          STATION:  LIMA
                                          MONTH:    JULY
                                          YEAR:     2015
                                          LATITUDE:   40 42 N
                                          LONGITUDE:  84  1 W

[TEMPERATURE DATA]      [PRECIPITATION DATA]       SYMBOLS USED IN COLUMN 16

AVERAGE MONTHLY: 70.1   TOTAL FOR MONTH:   4.54    1 = FOG OR MIST
DPTR FM NORMAL:  -3.7   DPTR FM NORMAL:    1.25    2 = FOG REDUCING VISIBILITY
HIGHEST:    90 ON 18    GRTST 24HR  1.04 ON  7- 7      TO 1/4 MILE OR LESS
LOWEST:     52 ON 16, 4                            3 = THUNDER
                        SNOW, ICE PELLETS, HAIL    4 = ICE PELLETS
                        TOTAL MONTH:   0.0 INCH    5 = HAIL
                        GRTST 24HR     0.0         6 = FREEZING RAIN OR DRIZZLE
                        GRTST DEPTH:   0           7 = DUSTSTORM OR SANDSTORM:
                                                       VSBY 1/2 MILE OR LESS
                                                   8 = SMOKE OR HAZE
[NO. OF DAYS WITH]      [WEATHER - DAYS WITH]      9 = BLOWING SNOW
                                                   X = TORNADO
MAX 32 OR BELOW:   0    0.01 INCH OR MORE:  11
MAX 90 OR ABOVE:   1    0.10 INCH OR MORE:   9
MIN 32 OR BELOW:   0    0.50 INCH OR MORE:   5
MIN  0 OR BELOW:   0    1.00 INCH OR MORE:   1

[HDD (BASE 65) ]
TOTAL THIS MO.     1    CLEAR  (SCALE 0-3)  15
DPTR FM NORMAL     1    PTCLDY (SCALE 4-7)   8
TOTAL FM JUL 1     1    CLOUDY (SCALE 8-10)  3
DPTR FM NORMAL     1

[CDD (BASE 65) ]
TOTAL THIS MO.   142
DPTR FM NORMAL   -88    [PRESSURE DATA]
TOTAL FM JAN 1   448    HIGHEST SLP M ON M
DPTR FM NORMAL   -28    LOWEST  SLP 29.49 ON 13

[REMARKS]
