000
CXUS55 KCTP 281131
CF6AOO
PRELIMINARY LOCAL CLIMATOLOGICAL DATA (WS FORM: F-6)

                                          STATION:   ALTOONA
                                          MONTH:     AUGUST
                                          YEAR:      2014
                                          LATITUDE:   40 17 N
                                          LONGITUDE:  78 19 W

  TEMPERATURE IN F:       :PCPN:    SNOW:  WIND      :SUNSHINE: SKY     :PK WND
================================================================================
1   2   3   4   5  6A  6B    7    8   9   10  11  12  13   14  15   16   17  18
                                     12Z  AVG MX 2MIN
DY MAX MIN AVG DEP HDD CDD  WTR  SNW DPTH SPD SPD DIR MIN PSBL S-S WX    SPD DR
================================================================================

 1  79  55  67  -4   0   2 0.00    M    M  3.6 15 170   M    M   2 138    20 170
 2  79  60  70  -1   0   5 0.00    M    M  3.8 13 140   M    M   5 1      19 200
 3  79  62  71   1   0   6 1.90    M    M  4.1 21 310   M    M   7 13     27 310
 4  81  56  69  -1   0   4 0.00    M    M  1.9 10 290   M    M   2 1      14  10
 5  83  58  71   1   0   6 0.00    M    M  3.1 21 350   M    M   0 18     36 350
 6  78  59  69  -1   0   4 0.02  0.0    0  2.9 13  10   M    M   6 18     16  10
 7  76  55  66  -4   0   1 0.00  0.0    0  3.3 12 300   M    M   3 1      16  10
 8  77  51  64  -6   1   0 0.00  0.0    0  2.2  7  40   M    M   0 1      10  40
 9  79  56  68  -2   0   3 0.00  0.0    0  3.0 10  80   M    M   5 1      13  80
10  82  57  70   0   0   5 0.00  0.0    0  3.0 10 140   M    M   3 12     15 150
11  77  61  69  -1   0   4 0.01  0.0    0  7.3 16 150   M    M   5 18     23 140
12  70  64  67  -3   0   2 0.86  0.0    0  8.3 18 180   M    M  10 13     25 150
13  71  57  64  -6   1   0    T  0.0    0  8.1 18 280   M    M   6 1      25 280
14  72  49  61  -9   4   0 0.00    M    M  8.0 21 270   M    M   2        27 280
15  69  48  59 -11   6   0 0.00    M    M  6.8 16 290   M    M   2        22 300
16  75  47  61  -9   4   0 0.00  0.0    0  6.0 15 220   M    M   0 1      19 220
17  78  57  68  -1   0   3 0.16  0.0    0  7.1 16 280   M    M   5 1      23 280
18  80  56  68  -1   0   3 0.00  0.0    0  2.3  8  80   M    M   6 1      11  80
19  78  64  71   2   0   6    T  0.0    0  2.7  9 160   M    M   7 1      12 160
20  80  64  72   3   0   7 1.03    M    M  3.2 17 260   M    M   6 123    21 260
21  82  63  73   4   0   8 0.00    M    M  5.6 14 250   M    M   4 12     18 230
22  75  63  69   0   0   4 0.24    M    M  1.9  7 180   M    M   7 138     8  90
23  70  64  67  -2   0   2 0.38    M    M  4.2 10 120   M    M  10 1      16 110
24  74  57  66  -2   0   1 0.00    M    M  4.4 13 130   M    M   8 1      16 130
25  78  55  67  -1   0   2 0.00    M    M  2.7  9 170   M    M   4 12     11 150
26  81  53  67  -1   0   2 0.00  0.0  999  2.4 13 230   M    M   0 12     17 230
27  86  58  72   4   0   7 0.22    M    M  4.1 20  10   M    M   1 13     24 360
================================================================================
SM 2089 1549        16  87  4.82     0.0 116.0          M      116
================================================================================
AV 77.4 57.4                               4.3 FASTST   M    M   4    MAX(MPH)
                                 MISC ---->  # 21 310                 36    M
================================================================================
NOTES:
# LAST OF SEVERAL OCCURRENCES

COLUMN 17 PEAK WIND IN M.P.H.

PRELIMINARY LOCAL CLIMATOLOGICAL DATA (WS FORM: F-6) , PAGE 2

                                          STATION:  ALTOONA
                                          MONTH:    AUGUST
                                          YEAR:     2014
                                          LATITUDE:   40 17 N
                                          LONGITUDE:  78 19 W

[TEMPERATURE DATA]      [PRECIPITATION DATA]       SYMBOLS USED IN COLUMN 16

AVERAGE MONTHLY: 67.4   TOTAL FOR MONTH:   4.82    1 = FOG OR MIST
DPTR FM NORMAL:  -2.1   DPTR FM NORMAL:    2.22    2 = FOG REDUCING VISIBILITY
HIGHEST:    86 ON 27    GRTST 24HR  1.90 ON  3- 3      TO 1/4 MILE OR LESS
LOWEST:     47 ON 16                               3 = THUNDER
                        SNOW, ICE PELLETS, HAIL    4 = ICE PELLETS
                        TOTAL MONTH:   0.0 INCH    5 = HAIL
                        GRTST 24HR     0.0         6 = FREEZING RAIN OR DRIZZLE
                        GRTST DEPTH: 999 ON 26     7 = DUSTSTORM OR SANDSTORM:
                                                       VSBY 1/2 MILE OR LESS
                                                   8 = SMOKE OR HAZE
[NO. OF DAYS WITH]      [WEATHER - DAYS WITH]      9 = BLOWING SNOW
                                                   X = TORNADO
MAX 32 OR BELOW:   0    0.01 INCH OR MORE:   9
MAX 90 OR ABOVE:   0    0.10 INCH OR MORE:   7
MIN 32 OR BELOW:   0    0.50 INCH OR MORE:   3
MIN  0 OR BELOW:   0    1.00 INCH OR MORE:   2

[HDD (BASE 65) ]
TOTAL THIS MO.    16    CLEAR  (SCALE 0-3)  10
DPTR FM NORMAL    -3    PTCLDY (SCALE 4-7)  15
TOTAL FM JUL 1    30    CLOUDY (SCALE 8-10)  2
DPTR FM NORMAL     1

[CDD (BASE 65) ]
TOTAL THIS MO.    87
DPTR FM NORMAL   -53    [PRESSURE DATA]
TOTAL FM JAN 1   438    HIGHEST SLP M ON M
DPTR FM NORMAL   -29    LOWEST  SLP 29.73 ON 13

[REMARKS]
