000
CXUS55 KBOU 301020
CF6APA
PRELIMINARY LOCAL CLIMATOLOGICAL DATA (WS FORM: F-6)

                                          STATION:   CENTENNIAL CO
                                          MONTH:     JULY
                                          YEAR:      2016
                                          LATITUDE:   39 33 N
                                          LONGITUDE: 104 51 W

  TEMPERATURE IN F:       :PCPN:    SNOW:  WIND      :SUNSHINE: SKY     :PK WND
================================================================================
1   2   3   4   5  6A  6B    7    8   9   10  11  12  13   14  15   16   17  18
                                     12Z  AVG MX 2MIN
DY MAX MIN AVG DEP HDD CDD  WTR  SNW DPTH SPD SPD DIR MIN PSBL S-S WX    SPD DR
================================================================================

 1  75  59  67  -3   0   2 0.10    M    M  5.7 15 170   M    M   9 3      19 280
 2  77  60  69  -2   0   4 0.07    M    M  6.1 17 360   M    M   8 13     21 360
 3  86  58  72   1   0   7 0.00    M    M  6.7 24 350   M    M   7 3      31 350
 4  88  59  74   3   0   9    T    M    M 10.5 25 230   M    M   4        30 200
 5  89  59  74   3   0   9 0.03    M    M  5.8 24 230   M    M   5 3      31 220
 6  93  57  75   3   0  10 0.00    M    M  7.9 16 230   M    M   4        24 160
 7  87  59  73   1   0   8 0.00    M    M  7.4 16 350   M    M   3 3      21 360
 8  87  61  74   2   0   9    T    M    M 13.6 33 170   M    M   5 3      45 170
 9  94  58  76   4   0  11 0.00    M    M  7.5 20 200   M    M   3        25 210
10  98  64  81   9   0  16 0.00    M    M 10.0 23 230   M    M   4        28 230
11  85  61  73   1   0   8 0.00    M    M  8.8 17 120   M    M   2        22  60
12  89  56  73   0   0   8 0.00    M    M  9.6 25 160   M    M   3        29 160
13  89  57  73   0   0   8 0.00    M    M  7.4 17 340   M    M   2        28 360
14  85  59  72  -1   0   7 0.00    M    M  6.9 22 190   M    M   3        29 200
15  88  61  75   2   0  10 0.22    M    M 10.2 26 360   M    M   4 358    33 360
16  95  58  77   4   0  12 0.00    M    M  8.8 21  40   M    M   5        29  40
17  89  58  74   1   0   9    T    M    M  7.4 18 140   M    M   5 3      24 130
18  92  59  76   3   0  11 0.11    M    M  8.1 33 160   M    M   7 3      40 170
19  92  64  78   5   0  13 0.02    M    M 11.3 31 280   M    M   7 3      40 280
20  93  59  76   3   0  11 0.02    M    M  7.0 20 320   M    M   5 3      23 320
21  94  60  77   4   0  12 0.00    M    M  7.7 25 220   M    M   4        33 240
22  93  64  79   6   0  14    T    M    M  9.0 18 260   M    M   6 3      23 260
23  95  60  78   5   0  13 0.00    M    M  8.1 28 350   M    M   5        34 350
24  91  61  76   3   0  11    T    M    M 10.1 35 250   M    M   5        60 260
25  93  57  75   2   0  10 0.00    M    M 10.6 30 200   M    M   3        37 200
26  91  63  77   4   0  12 0.00    M    M  8.5 22 230   M    M   7        32 240
27  92  59  76   3   0  11 0.00    M    M  8.2 20  60   M    M   3        26  50
28  84  59  72  -1   0   7 0.03    M    M  8.7 22 350   M    M   4 3      27 350
29  86  60  73   0   0   8 0.00    M    M  8.6 25 170   M    M   5        32 170
================================================================================
SM 2590 1729         0 280  0.60    M    246.2          M      137
================================================================================
AV 89.3 59.6                               8.5 FASTST   M    M   5    MAX(MPH)
                                 MISC ---->  # 35 250               # 60  260
================================================================================
NOTES:
# LAST OF SEVERAL OCCURRENCES

COLUMN 17 PEAK WIND IN M.P.H.

PRELIMINARY LOCAL CLIMATOLOGICAL DATA (WS FORM: F-6) , PAGE 2

                                          STATION:  CENTENNIAL CO
                                          MONTH:    JULY
                                          YEAR:     2016
                                          LATITUDE:   39 33 N
                                          LONGITUDE: 104 51 W

[TEMPERATURE DATA]      [PRECIPITATION DATA]       SYMBOLS USED IN COLUMN 16

AVERAGE MONTHLY: 74.5   TOTAL FOR MONTH:   0.60    1 = FOG OR MIST
DPTR FM NORMAL:   2.1   DPTR FM NORMAL:   -1.27    2 = FOG REDUCING VISIBILITY
HIGHEST:    98 ON 10    GRTST 24HR  0.23 ON 30- 1      TO 1/4 MILE OR LESS
LOWEST:     56 ON 12                               3 = THUNDER
                        SNOW, ICE PELLETS, HAIL    4 = ICE PELLETS
                        TOTAL MONTH:    M          5 = HAIL
                        GRTST 24HR    M  ON   M    6 = FREEZING RAIN OR DRIZZLE
                        GRTST DEPTH:  M  ON   M    7 = DUSTSTORM OR SANDSTORM:
                                                       VSBY 1/2 MILE OR LESS
                                                   8 = SMOKE OR HAZE
[NO. OF DAYS WITH]      [WEATHER - DAYS WITH]      9 = BLOWING SNOW
                                                   X = TORNADO
MAX 32 OR BELOW:   0    0.01 INCH OR MORE:   8
MAX 90 OR ABOVE:  14    0.10 INCH OR MORE:   3
MIN 32 OR BELOW:   0    0.50 INCH OR MORE:   0
MIN  0 OR BELOW:   0    1.00 INCH OR MORE:   0

[HDD (BASE 65) ]
TOTAL THIS MO.     0    CLEAR  (SCALE 0-3)   7
DPTR FM NORMAL     0    PTCLDY (SCALE 4-7)  21
TOTAL FM JUL 1     0    CLOUDY (SCALE 8-10)  1
DPTR FM NORMAL     0

[CDD (BASE 65) ]
TOTAL THIS MO.   280
DPTR FM NORMAL    62    [PRESSURE DATA]
TOTAL FM JAN 1   444    HIGHEST SLP M ON M
DPTR FM NORMAL   121    LOWEST  SLP 29.45 ON 10

[REMARKS]
