000
CXUS52 KMFL 011000
CF6APF
PRELIMINARY LOCAL CLIMATOLOGICAL DATA (WS FORM: F-6)

                                          STATION:   NAPLES
                                          MONTH:     AUGUST
                                          YEAR:      2015
                                          LATITUDE:   26  8 N
                                          LONGITUDE:  81 46 W

  TEMPERATURE IN F:       :PCPN:    SNOW:  WIND      :SUNSHINE: SKY     :PK WND
================================================================================
1   2   3   4   5  6A  6B    7    8   9   10  11  12  13   14  15   16   17  18
                                     12Z  AVG MX 2MIN
DY MAX MIN AVG DEP HDD CDD  WTR  SNW DPTH SPD SPD DIR MIN PSBL S-S WX    SPD DR
================================================================================

 1  92  79  86   3   0  21 0.00  0.0    0  7.2 17 210   M    M   2 3      24 190
 2  92  79  86   3   0  21 0.00  0.0    0  6.3 16 300   M    M   1        20 310
 3  91  77  84   1   0  19    T  0.0    0  4.9 21 310   M    M   0        30 310
 4  93  77  85   2   0  20 0.00  0.0    0  4.7 13 260   M    M   0 3      16 300
 5  94  78  86   3   0  21 0.00  0.0    0  5.5 17 220   M    M   1 3      21 210
 6  93  78  86   3   0  21 0.00  0.0    0  5.5 13 220   M    M   2         M  M
 7  92  80  86   3   0  21 0.00  0.0    0  5.9 15 260   M    M   2        18 240
 8  91  77  84   1   0  19 0.19  0.0    0  6.8 26 300   M    M   1 13     38 280
 9  90  77  84   1   0  19 0.10  0.0    0  5.4 15 260   M    M   2 3      19 270
10  91  78  85   2   0  20    T  0.0    0  3.5 14 240   M    M   3 13     26 210
11  92  77  85   2   0  20 0.00  0.0    0  4.4 13 270   M    M   1        18 260
12  91  79  85   2   0  20 0.00  0.0    0  5.3 14 280   M    M   1        17 280
13  92  77  85   2   0  20 0.00  0.0    0  6.5 23  60   M    M   2        31  40
14  91  75  83   0   0  18 0.00  0.0    0  7.1 16  30   M    M   1 3      19  40
15  92  75  84   1   0  19    T  0.0    0  7.2 22 120   M    M   1 38     29 130
16  94  74  84   1   0  19 0.31  0.0    0  6.3 26 130   M    M   2 138    34 220
17  94  77  86   3   0  21 0.05  0.0    0  6.6 12 280   M    M   2 13      M  M
18  94  77  86   3   0  21    T  0.0    0  5.6 15 130   M    M   2 3      22 160
19  94  78  86   3   0  21 0.00  0.0    0  7.8 17 200   M    M   2 3      22 190
20  93  78  86   3   0  21    T  0.0    0  6.3 13  50   M    M   2 3      16  60
21  95  78  87   4   0  22 0.04  0.0    0  5.1 15  10   M    M   1 13     21 360
22  93  78  86   3   0  21 0.24  0.0    0  5.4 18  20   M    M   2 13     25  30
23  94  78  86   3   0  21 0.13  0.0    0  6.8 18 320   M    M   2 3      23 320
24  94  80  87   4   0  22 0.07  0.0    0  6.8 17 140   M    M   3 138    20 330
25  93  78  86   3   0  21 0.01  0.0    0  5.1 28  90   M    M   3 13     34  90
26  92  75  84   1   0  19 0.15  0.0    0  5.6 18 130   M    M   4 138    22 120
27  89  74  82  -1   0  17 0.03  0.0    0  4.7 14 160   M    M   1 138X   17 160
28  93  77  85   2   0  20    T  0.0    0  8.2 28  60   M    M   2 3      34  60
29  96  75  86   3   0  21 0.28  0.0    0  8.8 30 130   M    M   3 138    36  90
30  87  75  81  -2   0  16 0.86  0.0    0  7.9 21 150   M    M   4 13     26 150
31  87  77  82  -1   0  17 0.32  0.0    0  6.0 22 230   M    M   3 138    27 230
================================================================================
SM 2859 2392         0 619  2.78     0.0 189.2          M       58
================================================================================
AV 92.2 77.2                               6.1 FASTST   M    M   2    MAX(MPH)
                                 MISC ---->  # 30 130               # 38  280
================================================================================
NOTES:
# LAST OF SEVERAL OCCURRENCES

COLUMN 17 PEAK WIND IN M.P.H.

PRELIMINARY LOCAL CLIMATOLOGICAL DATA (WS FORM: F-6) , PAGE 2

                                          STATION:  NAPLES
                                          MONTH:    AUGUST
                                          YEAR:     2015
                                          LATITUDE:   26  8 N
                                          LONGITUDE:  81 46 W

[TEMPERATURE DATA]      [PRECIPITATION DATA]       SYMBOLS USED IN COLUMN 16

AVERAGE MONTHLY: 84.7   TOTAL FOR MONTH:   2.78    1 = FOG OR MIST
DPTR FM NORMAL:   1.5   DPTR FM NORMAL:   -5.80    2 = FOG REDUCING VISIBILITY
HIGHEST:    96 ON 29    GRTST 24HR  1.02 ON 30-31      TO 1/4 MILE OR LESS
LOWEST:     74 ON 27,16                            3 = THUNDER
                        SNOW, ICE PELLETS, HAIL    4 = ICE PELLETS
                        TOTAL MONTH:   0.0 INCH    5 = HAIL
                        GRTST 24HR     0.0         6 = FREEZING RAIN OR DRIZZLE
                        GRTST DEPTH:   0           7 = DUSTSTORM OR SANDSTORM:
                                                       VSBY 1/2 MILE OR LESS
                                                   8 = SMOKE OR HAZE
[NO. OF DAYS WITH]      [WEATHER - DAYS WITH]      9 = BLOWING SNOW
                                                   X = TORNADO
MAX 32 OR BELOW:   0    0.01 INCH OR MORE:  14
MAX 90 OR ABOVE:  28    0.10 INCH OR MORE:   9
MIN 32 OR BELOW:   0    0.50 INCH OR MORE:   1
MIN  0 OR BELOW:   0    1.00 INCH OR MORE:   0

[HDD (BASE 65) ]
TOTAL THIS MO.     0    CLEAR  (SCALE 0-3)  28
DPTR FM NORMAL     0    PTCLDY (SCALE 4-7)   3
TOTAL FM JUL 1     0    CLOUDY (SCALE 8-10)  0
DPTR FM NORMAL     0

[CDD (BASE 65) ]
TOTAL THIS MO.   619
DPTR FM NORMAL    56    [PRESSURE DATA]
TOTAL FM JAN 1  3050    HIGHEST SLP 30.12 ON  5
DPTR FM NORMAL   393    LOWEST  SLP 29.85 ON 24

[REMARKS]
#FINAL-08-15#
