000
CXUS52 KMFL 291000
CF6APF
PRELIMINARY LOCAL CLIMATOLOGICAL DATA (WS FORM: F-6)

                                          STATION:   NAPLES
                                          MONTH:     JULY
                                          YEAR:      2015
                                          LATITUDE:   26  8 N
                                          LONGITUDE:  81 46 W

  TEMPERATURE IN F:       :PCPN:    SNOW:  WIND      :SUNSHINE: SKY     :PK WND
================================================================================
1   2   3   4   5  6A  6B    7    8   9   10  11  12  13   14  15   16   17  18
                                     12Z  AVG MX 2MIN
DY MAX MIN AVG DEP HDD CDD  WTR  SNW DPTH SPD SPD DIR MIN PSBL S-S WX    SPD DR
================================================================================

 1  92  74  83   0   0  18 0.01  0.0    0  6.3 28 120   M    M   1 13     37 120
 2  92  73  83   0   0  18 0.17  0.0    0  6.7 20 110   M    M   2 138    29 120
 3  91  73  82  -1   0  17 0.48  0.0    0  6.9 31  60   M    M   2 13     39  60
 4  92  72  82  -1   0  17 0.00  0.0    0  6.6 24 120   M    M   1 138    32 100
 5  90  71  81  -2   0  16 2.23  0.0    0  7.0 24  60   M    M   2 13     27  60
 6  92  71  82  -1   0  17 0.23  0.0    0  5.9 29  60   M    M   6 13     35  60
 7  91  73  82  -1   0  17 0.77  0.0    0  4.7 22 150   M    M   4 13     28 150
 8  92  74  83   0   0  18 0.66  0.0    0  6.6 36  50   M    M   4 3      48  50
 9  94  74  84   1   0  19 0.24  0.0    0  5.6 22 180   M    M   4 3      29 190
10  94  74  84   1   0  19 0.23  0.0    0  5.7 17 100   M    M   2 3      22 120
11  95  73  84   1   0  19 0.00  0.0    0  4.5 14  90   M    M   1        19  90
12  90  77  84   1   0  19 0.00  0.0    0  6.1 21 280   M    M   2        27 260
13  90  76  83   0   0  18 0.00  0.0    0  5.5 15 290   M    M   2        19 290
14  90  79  85   2   0  20 0.00  0.0    0  6.2 14 260   M    M   3        18 270
15  91  75  83   0   0  18 0.28  0.0    0  8.8 20 250   M    M   5 3      27 260
16  89  74  82  -1   0  17 0.49  0.0    0  4.2 23 300   M    M   3 18     29 300
17  89  76  83   0   0  18 0.00  0.0    0  5.3 15 250   M    M   1        18 230
18  90  76  83   0   0  18 0.00  0.0    0  5.9 14 220   M    M   2        17 210
19  89  75  82  -1   0  17 0.13  0.0    0  4.4 21 220   M    M   1 138    26 190
20  90  77  84   1   0  19 0.00  0.0    0  4.6 13 250   M    M   2        18 260
21  90  77  84   1   0  19 0.02  0.0    0  5.4 16 280   M    M   3 38     20 280
22  91  80  86   3   0  21 0.00  0.0    0  5.1 15 260   M    M   3 3      19 260
23  91  78  85   2   0  20 0.60  0.0    0  5.9 16 270   M    M   2 13     22 280
24  89  77  83   0   0  18 0.60  0.0    0  5.6 17 270   M    M   4 138    23 250
25  84  75  80  -3   0  15 1.52    M    0  8.0 15 270   M    M   6 13     35 280
26  85  76  81  -2   0  16 0.49  0.0    0 10.2 24 230   M    M   6 138    31 240
27  88  77  83   0   0  18 0.44  0.0    0  7.5 32 250   M    M   4 138    40 230
28  91  79  85   2   0  20 0.00  0.0    0  8.9 15 230   M    M   3        21 260
================================================================================
SM 2532 2106         0 506  9.59     0.0 174.1          M       81
================================================================================
AV 90.4 75.2                               6.2 FASTST   M    M   3    MAX(MPH)
                                 MISC ---->  # 36  50               # 48   50
================================================================================
NOTES:
# LAST OF SEVERAL OCCURRENCES

COLUMN 17 PEAK WIND IN M.P.H.

PRELIMINARY LOCAL CLIMATOLOGICAL DATA (WS FORM: F-6) , PAGE 2

                                          STATION:  NAPLES
                                          MONTH:    JULY
                                          YEAR:     2015
                                          LATITUDE:   26  8 N
                                          LONGITUDE:  81 46 W

[TEMPERATURE DATA]      [PRECIPITATION DATA]       SYMBOLS USED IN COLUMN 16

AVERAGE MONTHLY: 82.8   TOTAL FOR MONTH:   9.59    1 = FOG OR MIST
DPTR FM NORMAL:  -0.2   DPTR FM NORMAL:    2.93    2 = FOG REDUCING VISIBILITY
HIGHEST:    95 ON 11    GRTST 24HR  2.23 ON  5- 5      TO 1/4 MILE OR LESS
LOWEST:     71 ON  6, 5                            3 = THUNDER
                        SNOW, ICE PELLETS, HAIL    4 = ICE PELLETS
                        TOTAL MONTH:   0.0 INCH    5 = HAIL
                        GRTST 24HR     0.0         6 = FREEZING RAIN OR DRIZZLE
                        GRTST DEPTH:   0           7 = DUSTSTORM OR SANDSTORM:
                                                       VSBY 1/2 MILE OR LESS
                                                   8 = SMOKE OR HAZE
[NO. OF DAYS WITH]      [WEATHER - DAYS WITH]      9 = BLOWING SNOW
                                                   X = TORNADO
MAX 32 OR BELOW:   0    0.01 INCH OR MORE:  18
MAX 90 OR ABOVE:  21    0.10 INCH OR MORE:  16
MIN 32 OR BELOW:   0    0.50 INCH OR MORE:   6
MIN  0 OR BELOW:   0    1.00 INCH OR MORE:   2

[HDD (BASE 65) ]
TOTAL THIS MO.     0    CLEAR  (SCALE 0-3)  17
DPTR FM NORMAL     0    PTCLDY (SCALE 4-7)  11
TOTAL FM JUL 1     0    CLOUDY (SCALE 8-10)  0
DPTR FM NORMAL     0

[CDD (BASE 65) ]
TOTAL THIS MO.   506
DPTR FM NORMAL     2    [PRESSURE DATA]
TOTAL FM JAN 1  2371    HIGHEST SLP M ON M
DPTR FM NORMAL   332    LOWEST  SLP 29.88 ON 26

[REMARKS]
