000
CXUS54 KEWX 010910
CF6AQO
PRELIMINARY LOCAL CLIMATOLOGICAL DATA (WS FORM: F-6)

                                          STATION:   Llano Municipal Airport
                                          MONTH:     JULY
                                          YEAR:      2015
                                          LATITUDE:   30 47 N
                                          LONGITUDE:  98 40 W

  TEMPERATURE IN F:       :PCPN:    SNOW:  WIND      :SUNSHINE: SKY     :PK WND
================================================================================
1   2   3   4   5  6A  6B    7    8   9   10  11  12  13   14  15   16   17  18
                                     12Z  AVG MX 2MIN
DY MAX MIN AVG DEP HDD CDD  WTR  SNW DPTH SPD SPD DIR MIN PSBL S-S WX    SPD DR
================================================================================

 1  91  68  80   M   0  15 0.00  0.0    0  6.7 20 190   M    M   2        25 190
 2  91  68  80   M   0  15 0.00  0.0    0  6.3 17 200   M    M   1        24 180
 3  93  72  83   M   0  18 0.00    M    0  5.8 15 210   M    M   2 1      23 250
 4  93  70  82   M   0  17 0.00    M    0  6.4 14 220   M    M   2        18 200
 5  93  72  83   M   0  18 0.00  0.0    0  8.6 15 200   M    M   1        24 200
 6  93  75  84   M   0  19 0.00  0.0    0 10.8 17 200   M    M   2        24 190
 7  93  79  86   M   0  21 0.00  0.0    0  9.7 15 170   M    M   3        23 200
 8  93  79  86   M   0  21 0.00  0.0    0 12.3 20 210   M    M   3        29 210
 9  97  75  86   M   0  21 0.00    M    0  9.7 15 200   M    M   1        24 180
10  95  70  83   M   0  18 0.00    M    0  8.4 17 210   M    M   1 18     23 210
11  97  66  82   M   0  17 0.00    M    0  5.6 12 190   M    M   0 1      16 210
12  99  70  85   M   0  20 0.00    M    0  4.6 10 190   M    M   0        16 150
13 100  73  87   M   0  22 0.00  0.0    0  4.2  9 200   M    M   0        16 220
14 100  70  85   M   0  20 0.00  0.0    0  5.3 13 180   M    M   0        17 180
15  99  70  85   M   0  20 0.00  0.0    0  5.4 12 160   M    M   0        17 160
16  99  73  86   M   0  21 0.00  0.0    0  6.4 13 170   M    M   0        25 170
17  99  72  86   M   0  21 0.00    M    M  7.0 15 210   M    M   0        21 220
18 100  73  87   M   0  22 0.00    M    M  8.3 14 180   M    M   0        21 220
19 100  75  88   M   0  23 0.00    M    M  7.7 12 140   M    M   1        18 170
20 102  73  88   M   0  23 0.00  0.0    0  4.9 10 170   M    M   0        17 210
21 100  73  87   M   0  22 0.00  0.0    0  5.1 10 160   M    M   0        17 170
22  99  79  89   M   0  24 0.00  0.0    0  7.8 10 170   M    M   1        16 190
23 100  72  86   M   0  21 0.00  0.0    0  7.5 13 180   M    M   0        22 200
24  99  70  85   M   0  20 0.00  0.0    0  5.7 10 190   M    M   0        18 190
25 100  72  86   M   0  21 0.00    M    0  5.0  9 140   M    M   0        17 210
26 102  73  88   M   0  23 0.00    M    0  4.7 12 140   M    M   0        16 140
27 100  75  88   M   0  23 0.00    M    0  5.4 12 140   M    M   0 1      21 180
28 100  73  87   M   0  22 0.00    M    0  6.5 12 170   M    M   1        18 170
29 102  72  87   M   0  22 0.00    M    0  4.4 12 230   M    M   0 8      16 230
30 102  73  88   M   0  23 0.00  0.0    0  2.9 10 180   M    M   0         M  M
31 102  73  88   M   0  23 0.00  0.0    0  3.9 13 120   M    M   0 38     20 120
================================================================================
SM 3033 2248         0 636  0.00     0.0 203.0          M       21
================================================================================
AV 97.8 72.5                               6.5 FASTST   M    M   1    MAX(MPH)
                                 MISC ---->    20   M                 29    M
================================================================================
NOTES:
# LAST OF SEVERAL OCCURRENCES

COLUMN 17 PEAK WIND IN M.P.H.

PRELIMINARY LOCAL CLIMATOLOGICAL DATA (WS FORM: F-6) , PAGE 2

                                          STATION:  Llano Municipal Airport
                                          MONTH:    JULY
                                          YEAR:     2015
                                          LATITUDE:   30 47 N
                                          LONGITUDE:  98 40 W

[TEMPERATURE DATA]      [PRECIPITATION DATA]       SYMBOLS USED IN COLUMN 16

AVERAGE MONTHLY: 85.2   TOTAL FOR MONTH:   0.00    1 = FOG OR MIST
DPTR FM NORMAL:     M   DPTR FM NORMAL:       M    2 = FOG REDUCING VISIBILITY
HIGHEST:   102 ON 31,30 GRTST 24HR  0.00 ON 31-31      TO 1/4 MILE OR LESS
LOWEST:     66 ON 11                               3 = THUNDER
                        SNOW, ICE PELLETS, HAIL    4 = ICE PELLETS
                        TOTAL MONTH:   0.0 INCH    5 = HAIL
                        GRTST 24HR     0.0         6 = FREEZING RAIN OR DRIZZLE
                        GRTST DEPTH:   0           7 = DUSTSTORM OR SANDSTORM:
                                                       VSBY 1/2 MILE OR LESS
                                                   8 = SMOKE OR HAZE
[NO. OF DAYS WITH]      [WEATHER - DAYS WITH]      9 = BLOWING SNOW
                                                   X = TORNADO
MAX 32 OR BELOW:   0    0.01 INCH OR MORE:   0
MAX 90 OR ABOVE:  31    0.10 INCH OR MORE:   0
MIN 32 OR BELOW:   0    0.50 INCH OR MORE:   0
MIN  0 OR BELOW:   0    1.00 INCH OR MORE:   0

[HDD (BASE 65) ]
TOTAL THIS MO.     0    CLEAR  (SCALE 0-3)  31
DPTR FM NORMAL     M    PTCLDY (SCALE 4-7)   0
TOTAL FM JUL 1     0    CLOUDY (SCALE 8-10)  0
DPTR FM NORMAL     M

[CDD (BASE 65) ]
TOTAL THIS MO.   636
DPTR FM NORMAL     M    [PRESSURE DATA]
TOTAL FM JAN 1  1572    HIGHEST SLP M ON M
DPTR FM NORMAL     M    LOWEST  SLP M ON M

[REMARKS]
#FINAL-07-15#
