325
CXUS54 KLCH 301110
CF6ARA
PRELIMINARY LOCAL CLIMATOLOGICAL DATA (WS FORM: F-6)

                                          STATION:   NEW IBERIA
                                          MONTH:     MAY
                                          YEAR:      2016
                                          LATITUDE:   30  1 N
                                          LONGITUDE:  91 53 W

  TEMPERATURE IN F:       :PCPN:    SNOW:  WIND      :SUNSHINE: SKY     :PK WND
================================================================================
1   2   3   4   5  6A  6B    7    8   9   10  11  12  13   14  15   16   17  18
                                     12Z  AVG MX 2MIN
DY MAX MIN AVG DEP HDD CDD  WTR  SNW DPTH SPD SPD DIR MIN PSBL S-S WX    SPD DR
================================================================================

 1  77  66  72   0   0   7 1.53  0.0    0  8.2 37 350   M    M   7 13     45 360
 2  81  66  74   1   0   9 0.33  0.0    0  5.4 35 140   M    M   4 13     39 140
 3  77  63  70  -3   0   5 0.00  0.0    0  8.5 15 360   M    M   7        20  30
 4  79  58  69  -4   0   4 0.00  0.0    0  8.5 18 330   M    M   0        24 340
 5  81  60  71  -3   0   6 0.00  0.0    0  8.1 17 360   M    M   0        22 350
 6  80  54  67  -7   0   2 0.00  0.0    0  4.3 14  10   M    M   0        19  10
 7  82  54  68  -6   0   3 0.00  0.0    0  4.2 14 190   M    M   0        18 170
 8  79  57  68  -6   0   3 0.00  0.0    0  7.9 18 160   M    M   3        25 170
 9  81  66  74  -1   0   9    T  0.0    0 12.0 33 160   M    M   3        41 170
10  85  71  78   3   0  13 0.00  0.0    0 11.6 23 170   M    M   3        29 160
11  86  68  77   2   0  12    T  0.0    0  7.8 17 180   M    M   3 12     23 160
12  90  67  79   3   0  14    T  0.0    0  4.6 14 190   M    M   3 13     16 200
13  89  65  77   1   0  12    T  0.0    0  6.8 17  30   M    M   2 13     22  40
14  90  62  76   0   0  11 0.00  0.0    0  3.6 13  30   M    M   0        17  20
15  81  69  75  -1   0  10 0.00  0.0    0  8.1 14  60   M    M   2        17  70
16  81  66  74  -2   0   9 0.71  0.0    0  9.4 20 130   M    M   5 13     25 140
17  87  68  78   1   0  13 0.67  0.0    0  8.1 17 220   M    M   8 13     22 230
18  81  67  74  -3   0   9 0.00  0.0    0  8.0 18  30   M    M   3        22  40
19  85  66  76  -1   0  11 1.29  0.0    0  8.6 33 210   M    M   7 13     58 210
20  86  68  77   0   0  12    T  0.0    0  4.0 12 290   M    M   4        15 260
21  89  69  79   1   0  14 0.00  0.0    0  4.2  9  30   M    M   3         M  M
22  84  70  77  -1   0  12 0.00  0.0    0  6.3 15  70   M    M   1        20  60
23  88  68  78   0   0  13 0.00  0.0    0  6.7 15 120   M    M   1 1      19 140
24  88  68  78   0   0  13 0.00  0.0    0  9.1 15 170   M    M   1        20 190
25  88  74  81   3   0  16 0.00  0.0    0 10.0 18 170   M    M   4 1      24 160
26  88  73  81   3   0  16 0.00  0.0    0 10.1 21 160   M    M   2 1      26 160
27  86  67  77  -2   0  12 0.48  0.0    0 12.2 28 150   M    M   4 13     34 140
28  87  68  78  -1   0  13    T  0.0    0  6.8 24 140   M    M   1        29 140
29  90  69  80   1   0  15 0.00  0.0    0  3.6 13  40   M    M   2 12     15  40
================================================================================
SM 2446 1907         0 298  5.01     0.0 216.7          M       83
================================================================================
AV 84.3 65.8                               7.5 FASTST   M    M   3    MAX(MPH)
                                 MISC ---->  # 37 350               # 58  210
================================================================================
NOTES:
# LAST OF SEVERAL OCCURRENCES

COLUMN 17 PEAK WIND IN M.P.H.

PRELIMINARY LOCAL CLIMATOLOGICAL DATA (WS FORM: F-6) , PAGE 2

                                          STATION:  NEW IBERIA
                                          MONTH:    MAY
                                          YEAR:     2016
                                          LATITUDE:   30  1 N
                                          LONGITUDE:  91 53 W

[TEMPERATURE DATA]      [PRECIPITATION DATA]       SYMBOLS USED IN COLUMN 16

AVERAGE MONTHLY: 75.1   TOTAL FOR MONTH:   5.01    1 = FOG OR MIST
DPTR FM NORMAL:  -1.0   DPTR FM NORMAL:    0.51    2 = FOG REDUCING VISIBILITY
HIGHEST:    90 ON 29,14 GRTST 24HR  2.79 ON 30- 1      TO 1/4 MILE OR LESS
LOWEST:     54 ON  7, 6                            3 = THUNDER
                        SNOW, ICE PELLETS, HAIL    4 = ICE PELLETS
                        TOTAL MONTH:   0.0 INCH    5 = HAIL
                        GRTST 24HR     0.0         6 = FREEZING RAIN OR DRIZZLE
                        GRTST DEPTH:   0           7 = DUSTSTORM OR SANDSTORM:
                                                       VSBY 1/2 MILE OR LESS
                                                   8 = SMOKE OR HAZE
[NO. OF DAYS WITH]      [WEATHER - DAYS WITH]      9 = BLOWING SNOW
                                                   X = TORNADO
MAX 32 OR BELOW:   0    0.01 INCH OR MORE:   6
MAX 90 OR ABOVE:   3    0.10 INCH OR MORE:   6
MIN 32 OR BELOW:   0    0.50 INCH OR MORE:   4
MIN  0 OR BELOW:   0    1.00 INCH OR MORE:   2

[HDD (BASE 65) ]
TOTAL THIS MO.     0    CLEAR  (SCALE 0-3)  18
DPTR FM NORMAL     0    PTCLDY (SCALE 4-7)  11
TOTAL FM JUL 1   997    CLOUDY (SCALE 8-10)  0
DPTR FM NORMAL  -411

[CDD (BASE 65) ]
TOTAL THIS MO.   298
DPTR FM NORMAL   -24    [PRESSURE DATA]
TOTAL FM JAN 1   594    HIGHEST SLP M ON M
DPTR FM NORMAL    52    LOWEST  SLP 29.76 ON  1

[REMARKS]
