000
CXUS54 KHGX 281415
CF6ARM
PRELIMINARY LOCAL CLIMATOLOGICAL DATA (WS FORM: F-6)

                                          STATION:   Wharton
                                          MONTH:     MARCH
                                          YEAR:      2015
                                          LATITUDE:   29 15 N
                                          LONGITUDE:  96  9 W

  TEMPERATURE IN F:       :PCPN:    SNOW:  WIND      :SUNSHINE: SKY     :PK WND
================================================================================
1   2   3   4   5  6A  6B    7    8   9   10  11  12  13   14  15   16   17  18
                                     12Z  AVG MX 2MIN
DY MAX MIN AVG DEP HDD CDD  WTR  SNW DPTH SPD SPD DIR MIN PSBL S-S WX    SPD DR
================================================================================

 1  55  46  51   M  14   0 0.03    M    0  9.5 13 340   M    M  10 1       M  M
 2  55  45  50   M  15   0 0.00  0.0    0  8.7 13 340   M    M  10 1       M  M
 3  77  51  64   M   1   0 0.00  0.0    0 10.3 24 170   M    M   8 12     31 170
 4  79  39  59   M   6   0 0.03  0.0    0 13.6 30 330   M    M   8 1      37 340
 5  46  36  41   M  24   0 0.33  0.0    0 19.8 32 360   M    M   6 1      41 360
 6  53  31  42   M  23   0 0.00  0.0    0  6.9 14  40   M    M   1        17  40
 7  61  43  52   M  13   0 0.00  0.0    0  3.4  9  60   M    M   9         M  M
 8  53  47  50   M  15   0 0.23  0.0    0  5.3 10 340   M    M  10 1       M  M
 9  67  53  60   M   5   0 0.71  0.0    0  8.7 21 170   M    M  10 1      27 150
10  59  52  56   M   9   0 0.00  0.0    0  8.9 13 340   M    M  10         M  M
11  57  52  55   M  10   0 0.01  0.0    0 10.5 15 360   M    M  10 3      21 360
12  59  54  57   M   8   0 0.06  0.0    M  8.6 15 330   M    M  10 13     17 360
13  71  57  64   M   1   0 0.02  0.0    0  6.6 13 310   M    M   6 1      17 310
14  75  54  65   M   0   0 0.00  0.0    0  4.9 15 350   M    M   2 12     18 350
15  64  52  58   M   7   0 0.00  0.0    0  5.7 12 360   M    M   3         M  M
16  72  54  63   M   2   0 0.02  0.0    0  3.8  7  90   M    M   7         M  M
17  80  59  70   M   0   5 0.00  0.0    0  2.6  7 170   M    M   7 12      M  M
18  78  61  70   M   0   5 0.24  0.0    0  5.2 14 290   M    M   7 1      20 290
19  79  63  71   M   0   6 0.01  0.0    0  5.7 15 170   M    M   7 1       M  M
20  79  63  71   M   0   6 0.00  0.0    0  5.6 13 360   M    M   8 1      17 160
21  66  60  63   M   2   0 0.76  0.0    0  6.9 14 350   M    M  10        20  70
22  72  58  65   M   0   0 0.00  0.0    0  5.7 12 340   M    M   6         M  M
23  76  54  65   M   0   0 0.00  0.0    0  4.2  8 150   M    M   0 1       M  M
24  76  55  66   M   0   1 0.00  0.0    0  6.2 12 190   M    M   2 12     16 160
25  77  56  67   M   0   2 0.00  0.0    0  6.1 15 150   M    M   5 12     17 140
26  67  53  60   M   5   0 0.04  0.0    0 13.0 29 320   M    M   5 13     35 320
27  76  43  60   M   5   0 0.00  0.0    0  6.5 18 280   M    M   0        22 280
================================================================================
SM 1829 1391       165  25  2.49     0.0 202.9          M      177
================================================================================
AV 67.7 51.5                               7.5 FASTST   M    M   7    MAX(MPH)
                                 MISC ---->    32   M                 41    M
================================================================================
NOTES:
# LAST OF SEVERAL OCCURRENCES

COLUMN 17 PEAK WIND IN M.P.H.

PRELIMINARY LOCAL CLIMATOLOGICAL DATA (WS FORM: F-6) , PAGE 2

                                          STATION:  Wharton
                                          MONTH:    MARCH
                                          YEAR:     2015
                                          LATITUDE:   29 15 N
                                          LONGITUDE:  96  9 W

[TEMPERATURE DATA]      [PRECIPITATION DATA]       SYMBOLS USED IN COLUMN 16

AVERAGE MONTHLY: 59.6   TOTAL FOR MONTH:   2.49    1 = FOG OR MIST
DPTR FM NORMAL:     M   DPTR FM NORMAL:       M    2 = FOG REDUCING VISIBILITY
HIGHEST:    80 ON 17    GRTST 24HR  0.76 ON 21-21      TO 1/4 MILE OR LESS
LOWEST:     31 ON  6                               3 = THUNDER
                        SNOW, ICE PELLETS, HAIL    4 = ICE PELLETS
                        TOTAL MONTH:   0.0 INCH    5 = HAIL
                        GRTST 24HR     0.0         6 = FREEZING RAIN OR DRIZZLE
                        GRTST DEPTH:   0           7 = DUSTSTORM OR SANDSTORM:
                                                       VSBY 1/2 MILE OR LESS
                                                   8 = SMOKE OR HAZE
[NO. OF DAYS WITH]      [WEATHER - DAYS WITH]      9 = BLOWING SNOW
                                                   X = TORNADO
MAX 32 OR BELOW:   0    0.01 INCH OR MORE:  13
MAX 90 OR ABOVE:   0    0.10 INCH OR MORE:   5
MIN 32 OR BELOW:   1    0.50 INCH OR MORE:   2
MIN  0 OR BELOW:   0    1.00 INCH OR MORE:   0

[HDD (BASE 65) ]
TOTAL THIS MO.   165    CLEAR  (SCALE 0-3)   5
DPTR FM NORMAL     M    PTCLDY (SCALE 4-7)  12
TOTAL FM JUL 1  1486    CLOUDY (SCALE 8-10) 10
DPTR FM NORMAL     M

[CDD (BASE 65) ]
TOTAL THIS MO.    25
DPTR FM NORMAL     M    [PRESSURE DATA]
TOTAL FM JAN 1    30    HIGHEST SLP M ON M
DPTR FM NORMAL     M    LOWEST  SLP M ON M

[REMARKS]
