000
CXUS55 KGJT 291000
CF6ASE
PRELIMINARY LOCAL CLIMATOLOGICAL DATA (WS FORM: F-6)

                                          STATION:   ASPEN CO
                                          MONTH:     APRIL
                                          YEAR:      2016
                                          LATITUDE:   39 13 N
                                          LONGITUDE: 106 52 W

  TEMPERATURE IN F:       :PCPN:    SNOW:  WIND      :SUNSHINE: SKY     :PK WND
================================================================================
1   2   3   4   5  6A  6B    7    8   9   10  11  12  13   14  15   16   17  18
                                     12Z  AVG MX 2MIN
DY MAX MIN AVG DEP HDD CDD  WTR  SNW DPTH SPD SPD DIR MIN PSBL S-S WX    SPD DR
================================================================================

 1  43  14  29  -7  36   0 0.00    M    M  5.9 14 320   M    M   3        18 320
 2  52  20  36   0  29   0 0.00    M    M  6.9 10 320   M    M   0        20 350
 3  58  27  43   7  22   0 0.00    M    M  8.2 18 330   M    M   1        24 330
 4  62  28  45   8  20   0 0.00    M    M  6.1 17 220   M    M   2        23 220
 5  54  22  38   1  27   0 0.05    M    M  8.4 28 320   M    M   5 18     44 330
 6  57  19  38   1  27   0 0.00    M    M  7.4 17 350   M    M   0        22 350
 7  64  27  46   8  19   0 0.00    M    M  6.7 15 330   M    M   0        21 330
 8  68  29  49  11  16   0 0.00    M    M  6.9 24 190   M    M   2        32 200
 9  56  33  45   7  20   0 0.08    M    M  4.4 24 320   M    M   8 3      32 330
10  57  31  44   6  21   0 0.03    M    M  5.4 24 330   M    M   6 18     33 340
11  58  28  43   4  22   0    T    M    M  6.5 17 240   M    M   5        24 230
12  58  32  45   6  20   0 0.01    M    M  5.7 21 350   M    M   6        29 360
13  63  30  47   8  18   0 0.00    M    M  4.8 15 240   M    M   3        22 330
14  61  35  48   9  17   0    T    M    M  7.3 22 260   M    M   6 8      31 250
15  46  31  39  -1  26   0 0.79    M    M  3.8 18 350   M    M  10 1238   23 350
16  36  29  33  -7  32   0 0.09    M    M  4.2 13 280   M    M  10 18     19 290
17  43  26  35  -5  30   0 0.06    M    M  4.8 15 340   M    M   9 18     21 320
18  44  25  35  -5  30   0 0.09    M    M  3.6 16 330   M    M   9 18     21 320
19  43  26  35  -6  30   0 0.02    M    M  2.2 15 340   M    M  10 18     19 330
20  53  32  43   2  22   0 0.10    M    M  5.6 16 340   M    M   7 1      24 350
21  63  30  47   6  18   0 0.00    M    M  7.1 16 140   M    M   0        21 230
22  69  33  51   9  14   0 0.00    M    M  6.9 20 170   M    M   1        28 240
23  63  35  49   7  16   0 0.14    M    M 11.3 28 260   M    M   4 18     44 270
24  54  34  44   2  21   0    T    M    M  5.4 17 340   M    M   8        20 340
25  59  28  44   2  21   0 0.16    M    M  8.3 29 170   M    M   5 1      40 160
26  43  29  36  -7  29   0 0.16    M    M  5.0 17 320   M    M   8 18     28 320
27  47  31  39  -4  26   0 0.03    M    M  4.5 17 300   M    M   8 1      24 290
28  50  30  40  -3  25   0 0.03    M    M  4.6 22 320   M    M   7 138    29 310
================================================================================
SM 1524  794       654   0  1.84    M    167.9          M      143
================================================================================
AV 54.4 28.4                               6.0 FASTST   M    M   5    MAX(MPH)
                                 MISC ---->  # 29 170               # 44  330
================================================================================
NOTES:
# LAST OF SEVERAL OCCURRENCES

COLUMN 17 PEAK WIND IN M.P.H.

PRELIMINARY LOCAL CLIMATOLOGICAL DATA (WS FORM: F-6) , PAGE 2

                                          STATION:  ASPEN CO
                                          MONTH:    APRIL
                                          YEAR:     2016
                                          LATITUDE:   39 13 N
                                          LONGITUDE: 106 52 W

[TEMPERATURE DATA]      [PRECIPITATION DATA]       SYMBOLS USED IN COLUMN 16

AVERAGE MONTHLY: 41.4   TOTAL FOR MONTH:   1.84    1 = FOG OR MIST
DPTR FM NORMAL:   1.9   DPTR FM NORMAL:    0.15    2 = FOG REDUCING VISIBILITY
HIGHEST:    69 ON 22    GRTST 24HR  0.84 ON 15-16      TO 1/4 MILE OR LESS
LOWEST:     14 ON  1                               3 = THUNDER
                        SNOW, ICE PELLETS, HAIL    4 = ICE PELLETS
                        TOTAL MONTH:    M          5 = HAIL
                        GRTST 24HR    M  ON   M    6 = FREEZING RAIN OR DRIZZLE
                        GRTST DEPTH:  M  ON   M    7 = DUSTSTORM OR SANDSTORM:
                                                       VSBY 1/2 MILE OR LESS
                                                   8 = SMOKE OR HAZE
[NO. OF DAYS WITH]      [WEATHER - DAYS WITH]      9 = BLOWING SNOW
                                                   X = TORNADO
MAX 32 OR BELOW:   0    0.01 INCH OR MORE:  15
MAX 90 OR ABOVE:   0    0.10 INCH OR MORE:   5
MIN 32 OR BELOW:  23    0.50 INCH OR MORE:   1
MIN  0 OR BELOW:   0    1.00 INCH OR MORE:   0

[HDD (BASE 65) ]
TOTAL THIS MO.   654    CLEAR  (SCALE 0-3)   9
DPTR FM NORMAL   -58    PTCLDY (SCALE 4-7)  13
TOTAL FM JUL 1  7333    CLOUDY (SCALE 8-10)  6
DPTR FM NORMAL  -754

[CDD (BASE 65) ]
TOTAL THIS MO.     0
DPTR FM NORMAL     0    [PRESSURE DATA]
TOTAL FM JAN 1     0    HIGHEST SLP M ON M
DPTR FM NORMAL     0    LOWEST  SLP 29.38 ON 25

[REMARKS]
