000
CXUS55 KGJT 301000
CF6ASE
PRELIMINARY LOCAL CLIMATOLOGICAL DATA (WS FORM: F-6)

                                          STATION:   ASPEN CO
                                          MONTH:     SEPTEMBER
                                          YEAR:      2014
                                          LATITUDE:   39 13 N
                                          LONGITUDE: 106 52 W

  TEMPERATURE IN F:       :PCPN:    SNOW:  WIND      :SUNSHINE: SKY     :PK WND
================================================================================
1   2   3   4   5  6A  6B    7    8   9   10  11  12  13   14  15   16   17  18
                                     12Z  AVG MX 2MIN
DY MAX MIN AVG DEP HDD CDD  WTR  SNW DPTH SPD SPD DIR MIN PSBL S-S WX    SPD DR
================================================================================

 1  74  39  57  -1   8   0 0.00    M    M  8.6 20 360   M    M   1        26 350
 2  80  42  61   3   4   0 0.00    M    M  7.3 23 350   M    M   2        29 340
 3  81  48  65   7   0   0 0.00    M    M  7.1 21 200   M    M   1        29 250
 4  74  46  60   3   5   0 0.04    M    M  8.9 22 170   M    M   5        29 150
 5  72  41  57   0   8   0    T    M    M  5.3 16 260   M    M   3        22 260
 6  76  43  60   3   5   0 0.00    M    M  6.8 15 330   M    M   2        23 320
 7  72  41  57   1   8   0 0.01    M    M  5.0 25 330   M    M   2 3      39 330
 8  69  47  58   2   7   0 0.03    M    M  3.6 16 340   M    M   7        21 350
 9  60  45  53  -3  12   0 0.40    M    M  5.0 20 330   M    M  10 1      24 340
10  65  41  53  -2  12   0 0.09    M    M  5.4 15 350   M    M   3 1      23 330
11  71  38  55   0  10   0 0.00    M    M  5.8 20 330   M    M   2        27 340
12  67  33  50  -5  15   0 0.00    M    M  6.6 17  10   M    M   0        26 350
13  72  34  53  -1  12   0 0.00    M    M  7.8 17 360   M    M   0        24 350
14  75  41  58   4   7   0 0.00    M    M  6.8 18 350   M    M   2        23 360
15  76  42  59   5   6   0 0.00    M    M  6.7 13 310   M    M   1        18 330
16  78  42  60   7   5   0 0.00    M    M  6.6 17 360   M    M   1        24 360
17  79  44  62   9   3   0 0.00    M    M  6.2 14 310   M    M   0        22 320
18  81  43  62  10   3   0 0.00    M    M  6.5 13 360   M    M   1        18 330
19  80  45  63  11   2   0 0.00    M    M  6.5 17 320   M    M   0        21 330
20  80  45  63  11   2   0 0.01    M    M  8.1 24 130   M    M   2 3      35 130
21  68  52  60   9   5   0 0.13    M    M  5.6 17 140   M    M   6 13     23 120
22  66  48  57   6   8   0 0.17    M    M  3.8 21 330   M    M   8 1      32 320
23  70  46  58   7   7   0 0.00    M    M  7.4 16 350   M    M   6        24 360
24  77  42  60  10   5   0 0.00    M    M  6.5 13 330   M    M   0        17 330
25  79  41  60  10   5   0 0.00    M    M  6.1 15 330   M    M   0        22 320
26  79  43  61  11   4   0    T    M    M  6.7 18 130   M    M   1 3      25 120
27  80  43  62  13   3   0 0.06    M    M  5.8 28 130   M    M   2 3      37 110
28  60  45  53   4  12   0 0.14    M    M  3.9 18 340   M    M   6 138    28 340
29  55  39  47  -1  18   0 0.54    M    M  2.8 14 320   M    M   8 1      20 310
================================================================================
SM 2116 1239       201   0  1.62    M    179.2          M       82
================================================================================
AV 73.0 42.7                               6.2 FASTST   M    M   3    MAX(MPH)
                                 MISC ---->  # 28 130               # 39  330
================================================================================
NOTES:
# LAST OF SEVERAL OCCURRENCES

COLUMN 17 PEAK WIND IN M.P.H.

PRELIMINARY LOCAL CLIMATOLOGICAL DATA (WS FORM: F-6) , PAGE 2

                                          STATION:  ASPEN CO
                                          MONTH:    SEPTEMBER
                                          YEAR:     2014
                                          LATITUDE:   39 13 N
                                          LONGITUDE: 106 52 W

[TEMPERATURE DATA]      [PRECIPITATION DATA]       SYMBOLS USED IN COLUMN 16

AVERAGE MONTHLY: 57.8   TOTAL FOR MONTH:   1.62    1 = FOG OR MIST
DPTR FM NORMAL:   4.4   DPTR FM NORMAL:   -0.14    2 = FOG REDUCING VISIBILITY
HIGHEST:    81 ON 18, 3 GRTST 24HR  0.55 ON 28-29      TO 1/4 MILE OR LESS
LOWEST:     33 ON 12                               3 = THUNDER
                        SNOW, ICE PELLETS, HAIL    4 = ICE PELLETS
                        TOTAL MONTH:    M          5 = HAIL
                        GRTST 24HR    M  ON   M    6 = FREEZING RAIN OR DRIZZLE
                        GRTST DEPTH:  M  ON   M    7 = DUSTSTORM OR SANDSTORM:
                                                       VSBY 1/2 MILE OR LESS
                                                   8 = SMOKE OR HAZE
[NO. OF DAYS WITH]      [WEATHER - DAYS WITH]      9 = BLOWING SNOW
                                                   X = TORNADO
MAX 32 OR BELOW:   0    0.01 INCH OR MORE:  11
MAX 90 OR ABOVE:   0    0.10 INCH OR MORE:   5
MIN 32 OR BELOW:   0    0.50 INCH OR MORE:   1
MIN  0 OR BELOW:   0    1.00 INCH OR MORE:   0

[HDD (BASE 65) ]
TOTAL THIS MO.   201    CLEAR  (SCALE 0-3)  20
DPTR FM NORMAL  -132    PTCLDY (SCALE 4-7)   7
TOTAL FM JUL 1   354    CLOUDY (SCALE 8-10)  2
DPTR FM NORMAL  -175

[CDD (BASE 65) ]
TOTAL THIS MO.     0
DPTR FM NORMAL     0    [PRESSURE DATA]
TOTAL FM JAN 1    56    HIGHEST SLP M ON M
DPTR FM NORMAL    17    LOWEST  SLP 29.61 ON 27

[REMARKS]
