000
CXUS55 KGJT 301000
CF6ASE
PRELIMINARY LOCAL CLIMATOLOGICAL DATA (WS FORM: F-6)

                                          STATION:   ASPEN CO
                                          MONTH:     MARCH
                                          YEAR:      2017
                                          LATITUDE:   39 13 N
                                          LONGITUDE: 106 52 W

  TEMPERATURE IN F:       :PCPN:    SNOW:  WIND      :SUNSHINE: SKY     :PK WND
================================================================================
1   2   3   4   5  6A  6B    7    8   9   10  11  12  13   14  15   16   17  18
                                     12Z  AVG MX 2MIN
DY MAX MIN AVG DEP HDD CDD  WTR  SNW DPTH SPD SPD DIR MIN PSBL S-S WX    SPD DR
================================================================================

 1  30  -2  14 -12  51   0 0.00    M    M  6.9 14 220   M    M   0 8      16 210
 2  38   0  19  -7  46   0 0.00    M    M  5.8 12 220   M    M   0        15 170
 3  47   8  28   1  37   0 0.00    M    M  5.4 10 210   M    M   0        13 210
 4  50  15  33   6  32   0 0.00    M    M  8.2 21 180   M    M   0        25 170
 5  50  25  38  11  27   0    T    M    M 10.2 26 240   M    M   5        38 210
 6  41  12  27  -1  38   0 0.03    M    M 12.5 29 340   M    M   9 12     46 340
 7  39   8  24  -4  41   0 0.00    M    M  5.3 14  40   M    M   2        23 360
 8  50  27  39  11  26   0 0.00    M    M  7.2 21 340   M    M   3        27 300
 9  55  26  41  12  24   0 0.00    M    M  8.0 20 320   M    M   1        27 320
10  57  27  42  13  23   0 0.00    M    M  6.5 17 340   M    M   0        26 330
11  56  28  42  13  23   0 0.00    M    M  5.3 10 210   M    M   2        15 340
12  51  27  39   9  26   0 0.00    M    M  8.2 24 340   M    M   6        32 340
13  51  24  38   8  27   0 0.00    M    M  6.0 15 350   M    M   4        23 360
14  60  26  43  13  22   0 0.00    M    M  8.5 18 330   M    M   0        26  10
15  64  28  46  15  19   0 0.00    M    M  7.0 17 330   M    M   0        27 290
16  63  30  47  16  18   0 0.00    M    M  7.7 20 330   M    M   0        29 350
17  64  31  48  17  17   0 0.00    M    M  6.7 17 320   M    M   1        21 320
18  67  32  50  18  15   0 0.00    M    M  6.2 17 270   M    M   0        22 240
19  64  35  50  18  15   0 0.00    M    M  6.5 16 240   M    M   0        29 320
20  64  35  50  18  15   0 0.00    M    M  6.4 20 270   M    M   3        31 260
21  63  35  49  16  16   0 0.00    M    M  8.3 25 180   M    M   4        30 180
22  60  40  50  17  15   0 0.00    M    M  9.1 25 190   M    M   1        35 180
23  57  32  45  12  20   0 0.22    M    M  7.7 26 330   M    M   8 1      33 200
24  50  31  41   7  24   0 0.10    M    M  7.0 15 320   M    M   7 18     24 350
25  59  26  43   9  22   0 0.01    M    M  6.6 17 360   M    M   3        27 360
26  50  30  40   6  25   0 0.02    M    M  5.4 18 330   M    M   8 1      26 340
27  52  29  41   7  24   0 0.08    M    M  5.0 14 340   M    M   6 1      18 260
28  43  32  38   3  27   0 0.30    M    M  5.4 17 290   M    M   9 128    24 290
29  51  30  41   6  24   0 0.00    M    M  5.9 15 330   M    M   5        22 350
================================================================================
SM 1546  727       739   0  0.76    M    204.9          M       87
================================================================================
AV 53.3 25.1                               7.1 FASTST   M    M   3    MAX(MPH)
                                 MISC ---->  # 29 340               # 46  340
================================================================================
NOTES:
# LAST OF SEVERAL OCCURRENCES

COLUMN 17 PEAK WIND IN M.P.H.

PRELIMINARY LOCAL CLIMATOLOGICAL DATA (WS FORM: F-6) , PAGE 2

                                          STATION:  ASPEN CO
                                          MONTH:    MARCH
                                          YEAR:     2017
                                          LATITUDE:   39 13 N
                                          LONGITUDE: 106 52 W

[TEMPERATURE DATA]      [PRECIPITATION DATA]       SYMBOLS USED IN COLUMN 16

AVERAGE MONTHLY: 39.2   TOTAL FOR MONTH:   0.76    1 = FOG OR MIST
DPTR FM NORMAL:   8.6   DPTR FM NORMAL:   -0.45    2 = FOG REDUCING VISIBILITY
HIGHEST:    67 ON 18    GRTST 24HR  0.30 ON 28-28      TO 1/4 MILE OR LESS
LOWEST:     -2 ON  1                               3 = THUNDER
                        SNOW, ICE PELLETS, HAIL    4 = ICE PELLETS
                        TOTAL MONTH:    M          5 = HAIL
                        GRTST 24HR    M  ON   M    6 = FREEZING RAIN OR DRIZZLE
                        GRTST DEPTH:  M  ON   M    7 = DUSTSTORM OR SANDSTORM:
                                                       VSBY 1/2 MILE OR LESS
                                                   8 = SMOKE OR HAZE
[NO. OF DAYS WITH]      [WEATHER - DAYS WITH]      9 = BLOWING SNOW
                                                   X = TORNADO
MAX 32 OR BELOW:   1    0.01 INCH OR MORE:   7
MAX 90 OR ABOVE:   0    0.10 INCH OR MORE:   3
MIN 32 OR BELOW:  25    0.50 INCH OR MORE:   0
MIN  0 OR BELOW:   2    1.00 INCH OR MORE:   0

[HDD (BASE 65) ]
TOTAL THIS MO.   739    CLEAR  (SCALE 0-3)  17
DPTR FM NORMAL  -258    PTCLDY (SCALE 4-7)   9
TOTAL FM JUL 1  6135    CLOUDY (SCALE 8-10)  3
DPTR FM NORMAL -1181

[CDD (BASE 65) ]
TOTAL THIS MO.     0
DPTR FM NORMAL     0    [PRESSURE DATA]
TOTAL FM JAN 1     0    HIGHEST SLP M ON M
DPTR FM NORMAL     0    LOWEST  SLP 29.29 ON  6

[REMARKS]
