000
CXUS55 KGJT 221000
CF6ASE
PRELIMINARY LOCAL CLIMATOLOGICAL DATA (WS FORM: F-6)

                                          STATION:   ASPEN CO
                                          MONTH:     JUNE
                                          YEAR:      2017
                                          LATITUDE:   39 13 N
                                          LONGITUDE: 106 52 W

  TEMPERATURE IN F:       :PCPN:    SNOW:  WIND      :SUNSHINE: SKY     :PK WND
================================================================================
1   2   3   4   5  6A  6B    7    8   9   10  11  12  13   14  15   16   17  18
                                     12Z  AVG MX 2MIN
DY MAX MIN AVG DEP HDD CDD  WTR  SNW DPTH SPD SPD DIR MIN PSBL S-S WX    SPD DR
================================================================================

 1  73  40  57   4   8   0 0.00    M    M  6.5 30 160   M    M   4 8      37 150
 2  66  43  55   2  10   0 0.02    M    M  6.2 24 330   M    M   5 3      36 320
 3  75  37  56   2   9   0 0.00    M    M  6.2 14 350   M    M   0        20 360
 4  80  39  60   6   5   0 0.00    M    M  6.8 14 320   M    M   1        23  10
 5  77  46  62   8   3   0    T    M    M  7.4 26 170   M    M   3        34 180
 6  76  44  60   5   5   0 0.06    M    M  7.9 25 250   M    M   1 3      39 240
 7  78  39  59   4   6   0 0.02    M    M  6.6 25 280   M    M   2 3      34 280
 8  80  43  62   7   3   0 0.00    M    M  7.0 18 330   M    M   1        24 340
 9  80  44  62   6   3   0 0.00    M    M  7.5 20 180   M    M   0        27 250
10  82  52  67  11   0   2 0.00    M    M  9.3 25 180   M    M   0        33 180
11  81  49  65   9   0   0 0.00    M    M  8.0 18 170   M    M   0        23 210
12  81  40  61   5   4   0 0.00    M    M 11.0 32 180   M    M   0        41 180
13  66  32  49  -8  16   0 0.00    M    M  8.3 24 200   M    M   1        33 200
14  74  34  54  -3  11   0 0.00    M    M  7.4 15 230   M    M   1        25 250
15  79  41  60   3   5   0 0.00    M    M  6.6 16 210   M    M   0 8      22 190
16  83  43  63   5   2   0 0.00    M    M  7.4 20 330   M    M   1        29 320
17  84  46  65   7   0   0 0.00    M    M  8.6 24 240   M    M   2 8      36 280
18  79  46  63   5   2   0 0.00    M    M  8.2 18 330   M    M   0        26 340
19  82  44  63   4   2   0 0.00    M    M  6.9 14 210   M    M   0        19 350
20  88  46  67   8   0   2 0.05    M    M  6.7 15 350   M    M   1 3      21 360
21  87  52  70  11   0   5 0.00    M    M  8.3 28 360   M    M   1 8      43  10
================================================================================
SM 1651  900        94   9  0.15    M    158.8          M       24
================================================================================
AV 78.6 42.9                               7.6 FASTST   M    M   1    MAX(MPH)
                                 MISC ---->  # 32 180               # 43   10
================================================================================
NOTES:
# LAST OF SEVERAL OCCURRENCES

COLUMN 17 PEAK WIND IN M.P.H.

PRELIMINARY LOCAL CLIMATOLOGICAL DATA (WS FORM: F-6) , PAGE 2

                                          STATION:  ASPEN CO
                                          MONTH:    JUNE
                                          YEAR:     2017
                                          LATITUDE:   39 13 N
                                          LONGITUDE: 106 52 W

[TEMPERATURE DATA]      [PRECIPITATION DATA]       SYMBOLS USED IN COLUMN 16

AVERAGE MONTHLY: 60.7   TOTAL FOR MONTH:   0.15    1 = FOG OR MIST
DPTR FM NORMAL:   4.6   DPTR FM NORMAL:   -0.64    2 = FOG REDUCING VISIBILITY
HIGHEST:    88 ON 20    GRTST 24HR  0.06 ON  6- 6      TO 1/4 MILE OR LESS
LOWEST:     32 ON 13                               3 = THUNDER
                        SNOW, ICE PELLETS, HAIL    4 = ICE PELLETS
                        TOTAL MONTH:    M          5 = HAIL
                        GRTST 24HR    M  ON   M    6 = FREEZING RAIN OR DRIZZLE
                        GRTST DEPTH:  M  ON   M    7 = DUSTSTORM OR SANDSTORM:
                                                       VSBY 1/2 MILE OR LESS
                                                   8 = SMOKE OR HAZE
[NO. OF DAYS WITH]      [WEATHER - DAYS WITH]      9 = BLOWING SNOW
                                                   X = TORNADO
MAX 32 OR BELOW:   0    0.01 INCH OR MORE:   4
MAX 90 OR ABOVE:   0    0.10 INCH OR MORE:   0
MIN 32 OR BELOW:   1    0.50 INCH OR MORE:   0
MIN  0 OR BELOW:   0    1.00 INCH OR MORE:   0

[HDD (BASE 65) ]
TOTAL THIS MO.    94    CLEAR  (SCALE 0-3)  19
DPTR FM NORMAL   -94    PTCLDY (SCALE 4-7)   2
TOTAL FM JUL 1  7522    CLOUDY (SCALE 8-10)  0
DPTR FM NORMAL -1311

[CDD (BASE 65) ]
TOTAL THIS MO.     9
DPTR FM NORMAL     9    [PRESSURE DATA]
TOTAL FM JAN 1     9    HIGHEST SLP M ON M
DPTR FM NORMAL     9    LOWEST  SLP 29.47 ON M

[REMARKS]
