000
CXUS56 KPQR 241200
CF6AST
PRELIMINARY LOCAL CLIMATOLOGICAL DATA (WS FORM: F-6)

                                          STATION:   ASTORIA OR
                                          MONTH:     MAY
                                          YEAR:      2015
                                          LATITUDE:   46  9 N
                                          LONGITUDE: 123 53 W

  TEMPERATURE IN F:       :PCPN:    SNOW:  WIND      :SUNSHINE: SKY     :PK WND
================================================================================
1   2   3   4   5  6A  6B    7    8   9   10  11  12  13   14  15   16   17  18
                                     12Z  AVG MX 2MIN
DY MAX MIN AVG DEP HDD CDD  WTR  SNW DPTH SPD SPD DIR MIN PSBL S-S WX    SPD DR
================================================================================

 1  61  45  53   2  12   0 0.00  0.0    0 10.9 21 320   M    M   3        25 310
 2  60  43  52   1  13   0 0.00  0.0    0 10.9 22 320   M    M   2        27 320
 3  63  40  52   1  13   0 0.00  0.0    0  7.8 18 300   M    M   3 1      23 310
 4  59  47  53   2  12   0 0.04    M    0  8.3 22 230   M    M  10 1      28 220
 5  59  46  53   2  12   0 0.25    M    0  8.0 20 250   M    M   5 1      24 260
 6  60  43  52   1  13   0    T    M    0  7.9 22 320   M    M   5 12     27 330
 7  62  43  53   1  12   0 0.00  0.0    0  6.6 20 320   M    M   4        24 310
 8  75  45  60   8   5   0 0.00  0.0    0  6.6 18 310   M    M   3 12     23 280
 9  65  46  56   4   9   0 0.00  0.0    0  5.6 13 250   M    M   5 12     17 260
10  59  47  53   1  12   0    T    M    0  6.1 17 320   M    M   8 18     20 310
11  62  50  56   4   9   0 0.15  0.0    0  7.0 15 290   M    M   9 1      19 330
12  57  50  54   2  11   0 0.71  0.0    0  4.3 10 260   M    M  10 1      14 280
13  57  49  53   0  12   0    T    M    0  5.8 12 230   M    M  10 1      15 220
14  62  41  52  -1  13   0 0.00  0.0    0  8.0 20 320   M    M   4 1      25 320
15  56  50  53   0  12   0    T  0.0    0  6.1 13 310   M    M  10 18     15 320
16  58  50  54   1  11   0 0.03  0.0    0  6.9 13 280   M    M  10 1      20 310
17  60  48  54   1  11   0 0.00  0.0    0  4.6 10 310   M    M   9        13 280
18  60  47  54   1  11   0 0.00  0.0    0  4.9 14 300   M    M  10        17 300
19  57  52  55   1  10   0    T  0.0    0  6.4 10 340   M    M  10 1      14 270
20  63  52  58   4   7   0    T  0.0    0  8.3 15 290   M    M   9 1      19 290
21  59  52  56   2   9   0    T  0.0    0  6.1 13 260   M    M  10 1      15 290
22  58  52  55   1  10   0 0.02  0.0    0  6.8 12 230   M    M  10 18     14 240
23  60  51  56   2   9   0 0.01  0.0    0  6.3 14 330   M    M  10 1      22 340
================================================================================
SM 1392 1089       248   0  1.21     0.0 160.2          M      169
================================================================================
AV 60.5 47.3                               7.0 FASTST   M    M   7    MAX(MPH)
                                 MISC ---->  # 22 320               # 28  220
================================================================================
NOTES:
# LAST OF SEVERAL OCCURRENCES

COLUMN 17 PEAK WIND IN M.P.H.

PRELIMINARY LOCAL CLIMATOLOGICAL DATA (WS FORM: F-6) , PAGE 2

                                          STATION:  ASTORIA OR
                                          MONTH:    MAY
                                          YEAR:     2015
                                          LATITUDE:   46  9 N
                                          LONGITUDE: 123 53 W

[TEMPERATURE DATA]      [PRECIPITATION DATA]       SYMBOLS USED IN COLUMN 16

AVERAGE MONTHLY: 53.9   TOTAL FOR MONTH:   1.21    1 = FOG OR MIST
DPTR FM NORMAL:   1.5   DPTR FM NORMAL:   -1.31    2 = FOG REDUCING VISIBILITY
HIGHEST:    75 ON  8    GRTST 24HR  0.84 ON 11-12      TO 1/4 MILE OR LESS
LOWEST:     40 ON  3                               3 = THUNDER
                        SNOW, ICE PELLETS, HAIL    4 = ICE PELLETS
                        TOTAL MONTH:   0.0 INCH    5 = HAIL
                        GRTST 24HR     0.0         6 = FREEZING RAIN OR DRIZZLE
                        GRTST DEPTH:   0           7 = DUSTSTORM OR SANDSTORM:
                                                       VSBY 1/2 MILE OR LESS
                                                   8 = SMOKE OR HAZE
[NO. OF DAYS WITH]      [WEATHER - DAYS WITH]      9 = BLOWING SNOW
                                                   X = TORNADO
MAX 32 OR BELOW:   0    0.01 INCH OR MORE:   7
MAX 90 OR ABOVE:   0    0.10 INCH OR MORE:   3
MIN 32 OR BELOW:   0    0.50 INCH OR MORE:   1
MIN  0 OR BELOW:   0    1.00 INCH OR MORE:   0

[HDD (BASE 65) ]
TOTAL THIS MO.   248    CLEAR  (SCALE 0-3)   3
DPTR FM NORMAL   -41    PTCLDY (SCALE 4-7)   7
TOTAL FM JUL 1  3718    CLOUDY (SCALE 8-10) 13
DPTR FM NORMAL  -980

[CDD (BASE 65) ]
TOTAL THIS MO.     0
DPTR FM NORMAL     0    [PRESSURE DATA]
TOTAL FM JAN 1     2    HIGHEST SLP M ON M
DPTR FM NORMAL     2    LOWEST  SLP 29.77 ON 14

[REMARKS]
