000
CXUS52 KFFC 251110
CF6ATL
PRELIMINARY LOCAL CLIMATOLOGICAL DATA (WS FORM: F-6)

                                          STATION:   ATLANTA
                                          MONTH:     JULY
                                          YEAR:      2017
                                          LATITUDE:   33 39 N
                                          LONGITUDE:  84 26 W

  TEMPERATURE IN F:       :PCPN:    SNOW:  WIND      :SUNSHINE: SKY     :PK WND
================================================================================
1   2   3   4   5  6A  6B    7    8   9   10  11  12  13   14  15   16   17  18
                                     12Z  AVG MX 2MIN
DY MAX MIN AVG DEP HDD CDD  WTR  SNW DPTH SPD SPD DIR MIN PSBL S-S WX    SPD DR
================================================================================

 1  86  71  79  -1   0  14 0.01  0.0    0  7.6 20 320   M    M   7 3      23 330
 2  89  70  80   0   0  15 0.55  0.0    0  6.3 20  80   M    M   7 13     21 280
 3  88  71  80   0   0  15 0.11  0.0    0  6.8 16 290   M    M   6 1      22 310
 4  90  71  81   1   0  16 0.63  0.0    0  5.9 25 340   M    M   3 138    32 300
 5  92  72  82   2   0  17 0.00  0.0    0  5.3 25 340   M    M   4 1      32 330
 6  91  73  82   2   0  17 0.00  0.0    0  6.3 23 310   M    M   6 3      28 310
 7  91  72  82   2   0  17 0.14  0.0    0  8.8 22 260   M    M   5 13     30 250
 8  90  71  81   1   0  16 0.04  0.0    0  7.3 22 290   M    M   5 3      26 310
 9  90  71  81   1   0  16 0.00  0.0    0  5.7 18  70   M    M   5 3      21  70
10  91  71  81   1   0  16 0.00  0.0    0  4.3 13 230   M    M   5 3      17 250
11  89  73  81   1   0  16    T  0.0    0  5.4 21  20   M    M   5 3      25  20
12  90  72  81   1   0  16 0.00  0.0    0  4.6 12 170   M    M   4        16 160
13  91  74  83   3   0  18 0.00  0.0    0  2.7 12 170   M    M   4 3      14 160
14  92  75  84   4   0  19 0.30  0.0    0  6.8 24  10   M    M   4 3      32  20
15  90  73  82   2   0  17 0.00  0.0    0  4.8 25 340   M    M   7        30 340
16  84  72  78  -2   0  13 0.37  0.0    0  4.7 14 260   M    M   8 13     16 300
17  88  68  78  -2   0  13 0.38  0.0    0  5.4 36  40   M    M   7 13     45  30
18  91  70  81   1   0  16 0.03  0.0    0  3.9 16 290   M    M   4        18 280
19  93  74  84   4   0  19 0.00  0.0    0  5.8 14 330   M    M   3        19 310
20  93  73  83   3   0  18 0.00  0.0    0  8.3 18 330   M    M   3        24 360
21  94  76  85   5   0  20 0.00  0.0    0  5.6 18 170   M    M   4        24 170
22  93  74  84   4   0  19    T  0.0    0  5.7 24 330   M    M   4 3      29 330
23  92  75  84   4   0  19    T  0.0    0  6.9 15 280   M    M   4 3      20 270
24  91  74  83   3   0  18    T  0.0    0  6.6 24 360   M    M   7 3      30 360
================================================================================
SM 2169 1736         0 400  2.56     0.0 141.5          M      121
================================================================================
AV 90.4 72.3                               5.9 FASTST   M    M   5    MAX(MPH)
                                 MISC ---->  # 36  40               # 45   30
================================================================================
NOTES:
# LAST OF SEVERAL OCCURRENCES

COLUMN 17 PEAK WIND IN M.P.H.

PRELIMINARY LOCAL CLIMATOLOGICAL DATA (WS FORM: F-6) , PAGE 2

                                          STATION:  ATLANTA
                                          MONTH:    JULY
                                          YEAR:     2017
                                          LATITUDE:   33 39 N
                                          LONGITUDE:  84 26 W

[TEMPERATURE DATA]      [PRECIPITATION DATA]       SYMBOLS USED IN COLUMN 16

AVERAGE MONTHLY: 81.4   TOTAL FOR MONTH:   2.56    1 = FOG OR MIST
DPTR FM NORMAL:   1.4   DPTR FM NORMAL:   -1.66    2 = FOG REDUCING VISIBILITY
HIGHEST:    94 ON 21    GRTST 24HR  0.63 ON  4- 4      TO 1/4 MILE OR LESS
LOWEST:     68 ON 17                               3 = THUNDER
                        SNOW, ICE PELLETS, HAIL    4 = ICE PELLETS
                        TOTAL MONTH:   0.0 INCH    5 = HAIL
                        GRTST 24HR     0.0         6 = FREEZING RAIN OR DRIZZLE
                        GRTST DEPTH:   0           7 = DUSTSTORM OR SANDSTORM:
                                                       VSBY 1/2 MILE OR LESS
                                                   8 = SMOKE OR HAZE
[NO. OF DAYS WITH]      [WEATHER - DAYS WITH]      9 = BLOWING SNOW
                                                   X = TORNADO
MAX 32 OR BELOW:   0    0.01 INCH OR MORE:  10
MAX 90 OR ABOVE:  18    0.10 INCH OR MORE:   7
MIN 32 OR BELOW:   0    0.50 INCH OR MORE:   2
MIN  0 OR BELOW:   0    1.00 INCH OR MORE:   0

[HDD (BASE 65) ]
TOTAL THIS MO.     0    CLEAR  (SCALE 0-3)   2
DPTR FM NORMAL     0    PTCLDY (SCALE 4-7)  22
TOTAL FM JUL 1     0    CLOUDY (SCALE 8-10)  0
DPTR FM NORMAL     0

[CDD (BASE 65) ]
TOTAL THIS MO.   400
DPTR FM NORMAL    40    [PRESSURE DATA]
TOTAL FM JAN 1  1164    HIGHEST SLP M ON M
DPTR FM NORMAL   183    LOWEST  SLP 29.82 ON 23

[REMARKS]
