486
CXUS51 KGYX 250900
CF6AUG
PRELIMINARY LOCAL CLIMATOLOGICAL DATA (WS FORM: F-6)

                                          STATION:   AUGUSTA
                                          MONTH:     MAY
                                          YEAR:      2016
                                          LATITUDE:   44 18 N
                                          LONGITUDE:  69 48 W

  TEMPERATURE IN F:       :PCPN:    SNOW:  WIND      :SUNSHINE: SKY     :PK WND
================================================================================
1   2   3   4   5  6A  6B    7    8   9   10  11  12  13   14  15   16   17  18
                                     12Z  AVG MX 2MIN
DY MAX MIN AVG DEP HDD CDD  WTR  SNW DPTH SPD SPD DIR MIN PSBL S-S WX    SPD DR
================================================================================

 1  58  35  47  -3  18   0    T  0.0    0  5.0 14 170   M    M   5        23 200
 2  44  38  41  -9  24   0 0.92  0.0    0  8.0 16  50   M    M   9 1      20  30
 3  52  40  46  -5  19   0 0.00  0.0    0  4.0 13 350   M    M  10        14 350
 4  54  42  48  -3  17   0 0.16  0.0    0  5.1 12  40   M    M  10 1      15  40
 5  47  42  45  -7  20   0 0.06  0.0    0 13.2 17  20   M    M  10 1      27  30
 6  67  45  56   4   9   0 0.01  0.0    0  8.3 22  20   M    M   5        28 360
 7  55  44  50  -2  15   0    T    M    0  4.3 10 150   M    M   9 1      13 100
 8  53  39  46  -6  19   0 0.10  0.0    0  8.1 20 290   M    M  10 12     31 300
 9  51  34  43 -10  22   0 0.00  0.0    0 10.8 22 290   M    M   4        35 300
10  70  42  56   3   9   0 0.00  0.0    0  8.0 17 330   M    M   0        25 290
11  71  45  58   5   7   0 0.00  0.0    0  9.3 23 350   M    M   0        28 300
12  77  43  60   6   5   0 0.00  0.0    0  6.1 15 170   M    M   0 8      20 160
13  70  46  58   4   7   0 0.06  0.0    0  7.0 15 160   M    M   5 12     24 180
14  76  53  65  11   0   0 0.04  0.0    0  5.9 15 200   M    M   2 1      23 200
15  57  42  50  -5  15   0 0.04    M    0  9.9 20 300   M    M   9 1      30 300
16  47  38  43 -12  22   0 0.00  0.0    0 13.4 25 300   M    M  10        39 300
17  66  42  54  -1  11   0 0.00  0.0    0  9.9 20 310   M    M   4        28 320
18  67  42  55  -1  10   0    T    M    0  5.3 16 150   M    M   2        22 140
19  68  44  56   0   9   0    T  0.0    0  3.3 13 190   M    M   6        20 180
20  75  49  62   6   3   0 0.00  0.0    0  4.0  9 330   M    M   4        16 320
21  78  48  63   7   2   0 0.00  0.0    0  5.4 16 190   M    M   0        26 210
22  71  52  62   5   3   0 0.00  0.0    0  5.5 14 150   M    M   1        17 160
23  80  48  64   7   1   0 0.00  0.0    0  7.6 17 140   M    M   2        24  40
24  65  53  59   2   6   0 0.01  0.0    0  5.8 13 160   M    M   9 1      17  80
================================================================================
SM 1519 1046       273   0  1.40     0.0 173.2          M      126
================================================================================
AV 63.3 43.6                               7.2 FASTST   M    M   5    MAX(MPH)
                                 MISC ---->  # 25 300               # 39  300
================================================================================
NOTES:
# LAST OF SEVERAL OCCURRENCES

COLUMN 17 PEAK WIND IN M.P.H.

PRELIMINARY LOCAL CLIMATOLOGICAL DATA (WS FORM: F-6) , PAGE 2

                                          STATION:  AUGUSTA
                                          MONTH:    MAY
                                          YEAR:     2016
                                          LATITUDE:   44 18 N
                                          LONGITUDE:  69 48 W

[TEMPERATURE DATA]      [PRECIPITATION DATA]       SYMBOLS USED IN COLUMN 16

AVERAGE MONTHLY: 53.4   TOTAL FOR MONTH:   1.40    1 = FOG OR MIST
DPTR FM NORMAL:  -0.4   DPTR FM NORMAL:   -1.46    2 = FOG REDUCING VISIBILITY
HIGHEST:    80 ON 23    GRTST 24HR  0.92 ON  2- 2      TO 1/4 MILE OR LESS
LOWEST:     34 ON  9                               3 = THUNDER
                        SNOW, ICE PELLETS, HAIL    4 = ICE PELLETS
                        TOTAL MONTH:   0.0 INCH    5 = HAIL
                        GRTST 24HR     0.0         6 = FREEZING RAIN OR DRIZZLE
                        GRTST DEPTH:   0           7 = DUSTSTORM OR SANDSTORM:
                                                       VSBY 1/2 MILE OR LESS
                                                   8 = SMOKE OR HAZE
[NO. OF DAYS WITH]      [WEATHER - DAYS WITH]      9 = BLOWING SNOW
                                                   X = TORNADO
MAX 32 OR BELOW:   0    0.01 INCH OR MORE:   9
MAX 90 OR ABOVE:   0    0.10 INCH OR MORE:   3
MIN 32 OR BELOW:   0    0.50 INCH OR MORE:   1
MIN  0 OR BELOW:   0    1.00 INCH OR MORE:   0

[HDD (BASE 65) ]
TOTAL THIS MO.   273    CLEAR  (SCALE 0-3)   8
DPTR FM NORMAL     1    PTCLDY (SCALE 4-7)   7
TOTAL FM JUL 1  6574    CLOUDY (SCALE 8-10)  9
DPTR FM NORMAL  -702

[CDD (BASE 65) ]
TOTAL THIS MO.     0
DPTR FM NORMAL     0    [PRESSURE DATA]
TOTAL FM JAN 1     0    HIGHEST SLP M ON M
DPTR FM NORMAL     0    LOWEST  SLP 29.42 ON 15

[REMARKS]
