000
CXUS51 KGYX 261100
CF6AUG
PRELIMINARY LOCAL CLIMATOLOGICAL DATA (WS FORM: F-6)

                                          STATION:   AUGUSTA
                                          MONTH:     NOVEMBER
                                          YEAR:      2014
                                          LATITUDE:   44 18 N
                                          LONGITUDE:  69 48 W

  TEMPERATURE IN F:       :PCPN:    SNOW:  WIND      :SUNSHINE: SKY     :PK WND
================================================================================
1   2   3   4   5  6A  6B    7    8   9   10  11  12  13   14  15   16   17  18
                                     12Z  AVG MX 2MIN
DY MAX MIN AVG DEP HDD CDD  WTR  SNW DPTH SPD SPD DIR MIN PSBL S-S WX    SPD DR
================================================================================

 1  41  35  38  -5  27   0 0.18    M    M 13.8 22  20   M    M  10 1      28  10
 2  36  32  34  -9  31   0 0.09    M    M 23.4 39 330   M    M   9 12     51 350
 3  46  30  38  -4  27   0 0.00  0.0    M 11.7 23 300   M    M   3        35 310
 4  47  32  40  -2  25   0 0.00  0.0    M  4.7 14 280   M    M   7        20 280
 5  59  38  49   7  16   0    T  0.0    M  5.0 12 260   M    M   3 12     16 260
 6  47  34  41   0  24   0 0.07  0.0    M  3.5 15  50   M    M   6 1      21  50
 7  41  35  38  -3  27   0 0.08  0.0    M 15.1 26 340   M    M  10 1      33 320
 8  41  30  36  -5  29   0 0.00  0.0    M  6.8 21 300   M    M   3        28 310
 9  51  34  43   3  22   0 0.00  0.0    M  4.3  9 340   M    M   7        14 250
10  51  29  40   0  25   0 0.00  0.0    M  2.5 10 200   M    M   1        16 190
11  57  32  45   5  20   0 0.00  0.0    0  6.4 16 180   M    M   7 12     25 160
12  54  39  47   8  18   0 0.00  0.0    0  6.1 15 320   M    M   8 12     22 320
13  45  32  39   0  26   0 0.03    M    0  5.3 14 310   M    M   3 1      20 320
14  38  28  33  -6  32   0 0.16    M    0  6.1 17 330   M    M   7 1      23 310
15  34  24  29  -9  36   0 0.00  0.0    M  6.3 15 290   M    M   1        23 280
16  38  22  30  -8  35   0 0.00  0.0    M  5.3 15 210   M    M   5        23 200
17  36  31  34  -4  31   0 0.41    M    0  4.5 14  20   M    M  10 12     17  20
18  37  23  30  -7  35   0 0.02    M    M  8.7 21 280   M    M   7 12     30 270
19  34  22  28  -9  37   0 0.00  0.0    M  8.0 20 290   M    M   1        28 280
20  39  23  31  -5  34   0 0.00  0.0    0  6.4 18 250   M    M   6        28 260
21  30  19  25 -11  40   0 0.00  0.0    0 11.1 23 310   M    M   1        33 300
22  35  18  27  -9  38   0 0.00  0.0    0  6.0 12 210   M    M   4        19 200
23  53  33  43   8  22   0 0.00  0.0    0  3.0  9 260   M    M   5 1      13 290
24  58  39  49  14  16   0 0.61    M    0 11.3 24 190   M    M  10 12     36 190
25  60  42  51  17  14   0 0.00  0.0    0  8.2 16 230   M    M   0 1      24 210
================================================================================
SM 1108  756       687   0  1.65     0.0 193.5          M      134
================================================================================
AV 44.3 30.2                               7.7 FASTST   M    M   5    MAX(MPH)
                                 MISC ---->  # 39 330               # 51  350
================================================================================
NOTES:
# LAST OF SEVERAL OCCURRENCES

COLUMN 17 PEAK WIND IN M.P.H.

PRELIMINARY LOCAL CLIMATOLOGICAL DATA (WS FORM: F-6) , PAGE 2

                                          STATION:  AUGUSTA
                                          MONTH:    NOVEMBER
                                          YEAR:     2014
                                          LATITUDE:   44 18 N
                                          LONGITUDE:  69 48 W

[TEMPERATURE DATA]      [PRECIPITATION DATA]       SYMBOLS USED IN COLUMN 16

AVERAGE MONTHLY: 37.3   TOTAL FOR MONTH:   1.65    1 = FOG OR MIST
DPTR FM NORMAL:  -1.6   DPTR FM NORMAL:   -2.05    2 = FOG REDUCING VISIBILITY
HIGHEST:    60 ON 25    GRTST 24HR  0.61 ON 24-24      TO 1/4 MILE OR LESS
LOWEST:     18 ON 22                               3 = THUNDER
                        SNOW, ICE PELLETS, HAIL    4 = ICE PELLETS
                        TOTAL MONTH:   0.0 INCH    5 = HAIL
                        GRTST 24HR     0.0         6 = FREEZING RAIN OR DRIZZLE
                        GRTST DEPTH:   0           7 = DUSTSTORM OR SANDSTORM:
                                                       VSBY 1/2 MILE OR LESS
                                                   8 = SMOKE OR HAZE
[NO. OF DAYS WITH]      [WEATHER - DAYS WITH]      9 = BLOWING SNOW
                                                   X = TORNADO
MAX 32 OR BELOW:   1    0.01 INCH OR MORE:   9
MAX 90 OR ABOVE:   0    0.10 INCH OR MORE:   4
MIN 32 OR BELOW:  16    0.50 INCH OR MORE:   1
MIN  0 OR BELOW:   0    1.00 INCH OR MORE:   0

[HDD (BASE 65) ]
TOTAL THIS MO.   687    CLEAR  (SCALE 0-3)   9
DPTR FM NORMAL    33    PTCLDY (SCALE 4-7)  10
TOTAL FM JUL 1  1301    CLOUDY (SCALE 8-10)  6
DPTR FM NORMAL   -88

[CDD (BASE 65) ]
TOTAL THIS MO.     0
DPTR FM NORMAL     0    [PRESSURE DATA]
TOTAL FM JAN 1   371    HIGHEST SLP M ON M
DPTR FM NORMAL   -17    LOWEST  SLP 29.36 ON 18

[REMARKS]
